MONTHLY CLIMATOLOGICAL SUMMARY for APR. 2024
NAME: Boaz Nechemia's Vantage Pro CITY: Jerusalem STATE: Israel
ELEV: 745 m LAT: 31� 46' 09" N LONG: 35� 12' 07" E
TEMPERATURE (�C), RAIN (mm), WIND SPEED (km/hr)
HEAT COOL AVG
MEAN DEG DEG WIND DOM
DAY TEMP HIGH TIME LOW TIME DAYS DAYS RAIN SPEED HIGH TIME DIR
------------------------------------------------------------------------------------
1 22.2 26.6 18:10 17.1 7:30 0.0 0.2 0.0 2.6 30.6 12:30 SE
2 23.4 27.8 14:20 20.5 23:30 0.0 0.5 0.0 3.5 25.7 17:30 ESE
3 21.2 27.4 14:10 17.1 8:00 0.0 0.3 0.0 3.9 24.1 15:10 NW
4 20.3 26.7 12:50 14.2 6:30 0.0 0.1 0.0 3.2 22.5 15:30 N
5 18.9 25.0 14:30 13.9 7:10 0.0 0.0 0.0 7.2 24.1 14:10 WNW
6 14.8 19.8 14:30 11.9 7:10 0.9 0.0 0.0 10.8 35.4 20:20 NW
7 15.1 19.9 15:10 11.8 5:10 0.8 0.0 0.0 8.2 27.4 14:50 WNW
8 15.7 21.5 16:20 11.9 5:50 0.5 0.0 0.0 6.8 30.6 17:40 WSW
9 14.6 17.9 12:00 11.8 20:50 0.8 0.0 0.0 10.6 45.1 17:00 WNW
10 13.1 15.3 16:10 11.2 7:00 1.5 0.0 3.6 12.2 38.6 3:30 WNW
11 15.0 20.2 15:00 9.9 3:50 1.2 0.0 0.0 6.3 24.1 16:30 NW
12 16.4 21.9 15:00 11.1 6:50 0.7 0.0 0.0 5.1 25.7 18:10 NNW
13 16.3 22.3 14:40 12.8 4:40 0.4 0.0 0.0 8.2 27.4 15:10 NNW
14 16.1 21.2 14:00 13.3 5:50 0.4 0.0 0.0 9.2 30.6 14:00 NW
15 16.6 21.8 14:40 13.0 4:30 0.4 0.0 0.0 9.0 32.2 16:20 NNW
16 20.2 26.2 14:10 13.3 1:40 0.0 0.0 0.0 3.9 24.1 17:00 ESE
17 23.5 30.9 17:00 16.6 2:50 0.0 1.3 0.0 4.5 27.4 12:30 ESE
18 20.3 24.4 14:20 15.2 23:10 0.0 0.0 0.0 10.5 40.2 9:40 WNW
19 17.3 23.6 14:40 13.6 6:20 0.1 0.0 0.0 6.1 22.5 8:40 WNW
20 16.8 25.9 12:50 10.6 6:50 0.7 0.0 0.0 3.4 25.7 13:20 N
21
22
23
24
25
26
27
28
29
30
-------------------------------------------------------------------------------------
17.9 30.9 17 9.9 11 8.4 2.4 3.6 6.8 45.1 9 NW
Max >= 32.0: 0
Max <= 0.0: 0
Min <= 0.0: 0
Min <= -18.0: 0
Max Rain: 3.61 ON 10/04/24
Days of Rain: 1 (> .2 mm) 1 (> 2 mm) 0 (> 20 mm)
Heat Base: 14.5 Cool Base: 25.0 Method: Integration