Jerusalem Weather Station   Height 775 m   Sun 4:44 20/10/19
About














feels like 16.2
16.7
°
C
16.7
°
C  at hill
18.1
 Hi 00:00
16.7
 Lo 04:24
14 min: 0.0C
24 hrs hour half hour
0.9
0.2
0.1
16.7
°
C  at valley
18.3
 Hi 00:00
16.7
 Lo 04:42
14 min:
0.1
C
24 hrs hour half hour
1.1
0.5
0.2
12.3
°
C  at road
15.8
 Hi 00:01
12.3
 Lo 04:30
24 hrs hour half hour
3
1.4
0.5
93 Hi 02:24     90 Lo 00:00
14 min: 0%
24 hrs hour half hour
0
0
0
16.0 Hi 00:19     15.1 Lo 04:24
24 hrs hour half hour
0.7
0.2
0.1
1,015.9 Hi 00:00   1,014.9 Lo 03:48
24 hrs half hour quarter hour
0.2
0.1
0.0
14.4 Hi 00:02
10 min Average: 0 km/hr
hour half hour quarter hour
0
0
0
0.0 Hi 00:00
hour half hour quarter hour
0
0
0
 Hi 00:00
0 sunshine hours till now
Rise: 06:46   Set: 18:02
24 hrs half hour quarter hour
0
0
0
 Rise:
 Set:
0.0 Hi 00:00
24 hrs half hour quarter hour
0
0
0
dust
20
±2 µg/m3 (PM10)

12
±2 µg/m3 (PM2.5)
PM10 - above 130 not healthy. Above 300 sport activity is not recommended
PM2.5 - above 38 not healthy. Above 100 sport activity is not recommended
PM2.5 is more dangerous
24 hrs 24 hrs half hour
6
3
1
You had better open the window
inside: 23.3
outside: 16.7
Assuming idealistic inside temperature of: 22
How do you feel now with the current temp?
what is your favorite season?


                   MONTHLY CLIMATOLOGICAL SUMMARY for OCT. 2019

NAME: Boaz Nechemia's Vantage Pro   CITY: Jerusalem   STATE: Israel 
ELEV:   745 m  LAT:  31 46' 09" N  LONG:  35 12' 07" E

                   TEMPERATURE (C), RAIN  (mm), WIND SPEED (km/hr)

                                      HEAT  COOL        AVG
    MEAN                              DEG   DEG         WIND                 DOM
DAY TEMP  HIGH   TIME   LOW    TIME   DAYS  DAYS  RAIN  SPEED HIGH   TIME    DIR
------------------------------------------------------------------------------------
 1  22.2  28.6   13:40  19.1    4:30   0.0   0.5   0.0   6.8  29.0   16:30    NW
 2  21.9  28.5   15:00  18.5    6:50   0.0   0.5   0.0   6.9  27.4   23:20    NW
 3  21.6  27.7   15:10  16.7    7:10   0.0   0.4   0.0   6.9  25.7    0:10    NW
 4  21.7  28.1   12:00  15.4    7:20   0.0   0.6   0.0   2.4  17.7   12:10    NW
 5  21.8  29.6   12:20  15.7    6:30   0.0   0.8   1.0   3.5  20.9   18:40    NW
 6  21.8  28.3   12:50  15.7    1:10   0.0   0.6   0.0   7.9  30.6   15:20    NW
 7  21.2  27.4   17:00  16.6    6:40   0.0   0.3   0.0   3.2  29.0    0:30    NW
 8  22.7  30.1   14:10  17.4    5:00   0.0   1.1   0.0   4.0  20.9   13:40   NNW
 9  22.9  30.0   12:50  17.3    5:30   0.0   1.2   0.0   4.7  24.1   14:20     N
10  23.1  30.3   14:40  17.7    7:10   0.0   1.3   0.0   4.2  24.1   16:50    NW
11  22.4  29.6   12:10  17.5    7:00   0.0   0.9   0.0   5.1  24.1   13:40    NW
12  21.2  27.1   14:30  17.8    5:50   0.0   0.2   0.2   7.1  29.0   17:00    NW
13  23.8  32.9   16:30  17.6    6:50   0.0   1.5   0.0   2.9  27.4   11:40    SE
14  26.9  33.3   16:10  21.3    5:30   0.0   2.7   0.0   3.5  24.1   13:00   ESE
15  26.6  30.8   13:50  23.9    7:20   0.0   1.7   0.0   6.3  41.8   14:50   ESE
16  24.8  29.2   12:50  21.1   00:00   0.0   1.0   0.0   4.8  40.2    3:20    SE
17  22.3  27.3   15:00  19.0    4:30   0.0   0.3   0.0   4.3  25.7   16:50    NW
18  20.9  26.6   14:10  17.3    7:10   0.0   0.1   0.0   5.8  27.4   17:30     N
19  20.3  25.3   14:10  17.5    7:00   0.0   0.0   0.0   8.0  29.0   14:30   NNW
20  17.7  18.3    0:10  16.8    4:40   0.0   0.0   0.0   1.9  12.9    0:10   NNW
21
22
23
24
25
26
27
28
29
30
31
-------------------------------------------------------------------------------------
    22.4  33.3    14    15.4     4     0.0  15.7   1.2   5.0  41.8    15      NW

Max >=  32.0:  2
Max <=   0.0:  0
Min <=   0.0:  0
Min <= -18.0:  0
Max Rain: 0.99 ON 05/10/19
Days of Rain: 2 (> .2 mm) 0 (> 2 mm) 0 (> 20 mm)
Heat Base:  14.5  Cool Base:  25.0  Method: Integration
Email:
Password:
Icon:
 
 
 
 
 
 
 
 
 
 
 
 
 
 
 
 
 
 
 
 
 
 
 
Display name:
Nice name:
Get alarms by Email
Pesonal Cold Meter(?)The cold meter will be displayed based on your votes only



   Remember me

Reset password ››
Email: