תחנת מזג-אוויר עדכנית בי-ם   גובה 775 מ'   ב 0:17 25/03/19
אודות













מרגיש כמו 8.2
8.7°c
80%
8.7°c  בהר
9.7
 גבוה 00:00
8.7
 נמוך 00:13
17 דק':
0.3
°c
24 שעות hour half hour
4
1.2
1.2
9.0°c  בעמק
10.3
 גבוה 00:00
9.0
 נמוך 00:15
17 דק':
0.5
°c
24 שעות hour half hour
3.8
1.4
1.4
6.4°c  בכביש
10.1
 גבוה 00:00
5.5
 נמוך 00:08
24 שעות hour half hour
5.2
5
4.9
92 גבוה 00:00     91 נמוך 00:00
17 דק':
1%
24 שעות hour half hour
2
0
0
7.8 גבוה 00:00     6.7 נמוך 00:13
24 שעות hour half hour
3.7
1.5
1.5
997.4 גבוה 00:16   997.2 נמוך 00:06
24 שעות half hour quarter hour
0.0
0.1
0.1
16.2 גבוה 00:06
10 דק' ממוצע: 5 קמש
hour half hour quarter hour
0
2
6
 גבוה 00:00
24 שעות half hour quarter hour
0
0
0
0.0 גבוה 00:00
24 שעות half hour quarter hour
0
0
0
אבק
28±7 µg/m3 (PM10)
15±2 µg/m3 (PM2.5)
PM10 - מעל 130 לא בריא. מעל 300 לא מומלץ לעשות פעילות גופנית
PM2.5 - מעל 38 לא בריא. מעל 100 לא מומלץ לעשות פעילות גופנית
PM2.5 מסוכן יותר
24 שעות 24 שעות half hour
29
3
3
כדאי לסגור חלון
בפנים: 20.2
בחוץ: 8.7
המטרה של הדף הזה היא למזג את הבית כך שייתקרב כמה שיותר לתחושה הנוחה ביותר לנו.
זה כמובן אינדיבידואלי, לכן צריך לעשות כמה הנחות. ההנחה היא שהטמפרטורה האידיאלית בבית היא: 22
איך ההרגשה עכשיו עם הטמפרטורה הנוכחית?
מהי העונה החביבה עליך?
  • מדד הקור
  • העונה הכי טובה


                   MONTHLY CLIMATOLOGICAL SUMMARY for MAR. 2019

NAME: Boaz Nechemia's Vantage Pro   CITY: Jerusalem   STATE: Israel 
ELEV:   745 m  LAT:  31 46' 09" N  LONG:  35 12' 07" E

                   TEMPERATURE (C), RAIN  (mm), WIND SPEED (km/hr)

                                      HEAT  COOL        AVG
    MEAN                              DEG   DEG         WIND                 DOM
DAY TEMP  HIGH   TIME   LOW    TIME   DAYS  DAYS  RAIN  SPEED HIGH   TIME    DIR
------------------------------------------------------------------------------------
 1   7.2  10.3   12:50   4.7    0:40   7.3   0.0   3.8  14.3  46.7    0:10   WNW
 2   8.0  10.4   16:40   5.8   00:00   6.5   0.0   6.0   9.7  35.4   13:20   WNW
 3   9.4  13.8   15:20   4.8    5:00   5.1   0.0   0.2   6.0  35.4   12:40   WNW
 4  10.2  13.2   15:00   7.2    0:10   4.3   0.0   0.0   7.1  37.0    9:20   WSW
 5   9.5  13.1   11:10   7.3   23:20   5.0   0.0   1.0   1.9  19.3   11:10   ESE
 6  10.9  15.6   13:20   7.6    0:10   3.7   0.0   0.0   6.3  22.5   14:20     N
 7  10.1  13.5   12:40   7.9    4:30   4.4   0.0   0.0  11.3  38.6   16:40    NW
 8  11.1  15.4   14:00   6.9   00:00   3.5   0.0   0.0   9.2  30.6   11:10   NNW
 9  11.3  20.2   15:10   5.7    3:00   3.8   0.0   0.0   2.7  19.3   16:10    SE
10  11.4  17.4   11:50   6.8    5:30   3.4   0.0   0.0   6.9  30.6   15:50    NW
11  11.7  16.7   16:20   8.3    3:40   3.0   0.0   0.0   3.2  20.9    0:30   WNW
12  14.4  21.4   13:30   7.9    5:00   1.8   0.0   0.2   1.9  16.1   12:50   ESE
13  16.1  22.3   15:20   8.4   23:50   1.1   0.0   0.6  11.6  54.7   20:30    NW
14   9.1  10.5   21:00   6.8    7:10   5.5   0.0  27.0  18.0  61.2   14:20   WNW
15  11.7  15.9   15:00   8.9   23:50   2.9   0.0   0.2   8.7  37.0    0:10   WNW
16   9.1  11.3    1:30   7.1   20:00   5.4   0.0  13.8  17.4  64.4   15:40   WNW
17   9.6  12.7   15:00   7.5    0:10   4.9   0.0   3.4  14.2  48.3    2:40   WNW
18  12.8  18.9   13:20   7.3    5:30   2.8   0.0   0.0   3.1  17.7    0:20     N
19  15.3  21.7   14:10   9.3    5:20   1.4   0.0   0.0   2.9  20.9   14:20     N
20  15.2  21.2   13:40   9.8    6:10   1.2   0.0   0.0   3.1  20.9   14:00   NNW
21  14.6  20.3   13:10  10.8    5:30   1.4   0.0   0.0   4.7  24.1   14:40     N
22  13.5  20.1   14:20   9.2    6:00   1.9   0.0   0.0   4.5  24.1   16:20    NW
23  13.9  18.3   14:00   9.9    5:50   1.3   0.0   0.0   1.9  22.5   14:40    SE
24  12.9  15.6   12:50  10.3   00:00   1.7   0.0   2.2   9.0  41.8   19:20   WNW
25   9.3  10.3    0:10   9.3    0:10   0.0   0.0   1.6   6.4  14.5    0:10   WSW
26
27
28
29
30
31
-------------------------------------------------------------------------------------
    11.5  22.3    13     4.7     1    83.3   0.0  60.0   7.4  64.4    16     WNW

Max >=  32.0:  0
Max <=   0.0:  0
Min <=   0.0:  0
Min <= -18.0:  0
Max Rain: 27.00 ON 14/03/19
Days of Rain: 12 (> .2 mm) 6 (> 2 mm) 1 (> 20 mm)
Heat Base:  14.5  Cool Base:  25.0  Method: Integration
אימייל:
סיסמה:
אייקון:
 
 
 
 
 
 
 
 
 
 
 
 
 
 
 
 
 
 
 
 
 
 
 
שם לתצוגה:
שם רשמי:
קבלו התראות באימייל
מדד קור מותאם אישית(?)מדד הקור יוצג בהתאם להצבעות שלך בלבד



   זכור אותי

שכחתי סיסמה ››
אימייל: