תחנת מזג-אוויר עדכנית בי-ם   גובה 775 מ'   ש 7:06 22/09/18
אודות













מרגיש כמו 17.8 צל/שמש 17.7
18.2°c
18.2°c  בהר
19.4
 גבוה 00:00
18.0
 נמוך 03:48
16 דק':
0.2°c
24 שעות hour half hour
0.1
0.0
0.1
18.0°c  בעמק
19.5
 גבוה 00:13
17.9
 נמוך 04:08
16 דק':
0.1°c
24 שעות hour half hour
0.5
0.1
0.1
14.6°c  בכביש
16.4
 גבוה 01:00
13.0
 נמוך 06:23
24 שעות hour half hour
1.5
0.9
1.3
94 גבוה 04:38     88 נמוך 00:00
16 דק': 0%
24 שעות hour half hour
2
0
0
17.0 גבוה 00:31     16.3 נמוך 01:20
24 שעות hour half hour
0.2
0.1
0.2
1,011.8 גבוה 07:04   1,011.1 נמוך 03:11
24 שעות half hour quarter hour
0.3
0.3
0.1
14.4 גבוה 00:58
10 דק' ממוצע: 1.4 קמש
hour half hour quarter hour
0
1.8
0
25 גבוה 07:03
24 שעות half hour quarter hour
5
16
6
0.0 גבוה 00:00
24 שעות half hour quarter hour
0
0
0
אבק
17±1 µg/m3 (PM10)
16±5 µg/m3 (PM2.5)
PM10 - מעל 130 לא בריא. מעל 300 לא מומלץ לעשות פעילות גופנית
PM2.5 - מעל 38 לא בריא. מעל 100 לא מומלץ לעשות פעילות גופנית
PM2.5 מסוכן יותר
24 שעות 24 שעות half hour
9
0
17
כדאי לפתוח חלון
בפנים: 25.8
בחוץ: 18.2
המטרה של הדף הזה היא למזג את הבית כך שייתקרב כמה שיותר לתחושה הנוחה ביותר לנו.
זה כמובן אינדיבידואלי, לכן צריך לעשות כמה הנחות. ההנחה היא שהטמפרטורה האידיאלית בבית היא: 22
איך ההרגשה עכשיו עם הטמפרטורה הנוכחית?
מהי העונה החביבה עליך?
  • מדד הקור
  • העונה הכי טובה


                   MONTHLY CLIMATOLOGICAL SUMMARY for SEP. 2018

NAME: Boaz Nechemia's Vantage Pro   CITY: Jerusalem   STATE: Israel 
ELEV:   745 m  LAT:  31 46' 09" N  LONG:  35 12' 07" E

                   TEMPERATURE (C), RAIN  (mm), WIND SPEED (km/hr)

                                      HEAT  COOL        AVG
    MEAN                              DEG   DEG         WIND                 DOM
DAY TEMP  HIGH   TIME   LOW    TIME   DAYS  DAYS  RAIN  SPEED HIGH   TIME    DIR
------------------------------------------------------------------------------------
 1  21.9  22.3   22:40  21.6   00:00   0.0   0.0   0.0   7.6  20.9   23:10   WNW
 2  24.6  32.4   14:50  20.6    6:00   0.0   0.9   0.0   7.1  25.7   17:30    NW
 3  25.7  29.4   18:00  24.3   00:00   0.0   0.2   0.0   5.8  16.1   18:00     N
 4  27.3  33.8   14:20  22.3    4:40   0.0   3.1   0.0   6.3  25.7   14:10   NNW
 5  26.1  31.8   14:10  20.9   00:00   0.0   2.0   0.0   8.7  33.8   20:20    NW
 6  22.8  28.2   14:20  20.0    2:50   0.0   0.4   0.0  10.1  37.0   13:00    NW
 7  22.3  26.8   13:00  19.5    2:50   0.0   0.2   0.0  10.1  33.8   19:20   WNW
 8  21.9  25.5   16:40  19.3    6:10   0.0   0.0   0.8   9.3  37.0   18:50    NW
 9  21.9  26.8   14:40  18.2    6:30   0.0   0.2   0.0   8.2  37.0   22:30    NW
10  22.5  27.6   15:20  19.5    3:30   0.0   0.4   0.0   8.5  27.4   16:30    NW
11  23.4  29.8   15:20  17.6    7:00   0.0   1.1   0.0   4.8  27.4   16:10   NNW
12  24.8  32.8   14:30  19.2    6:50   0.0   1.8   0.0   4.3  24.1   15:40   NNW
13  24.3  30.1   14:10  20.7   23:50   0.0   1.1   0.0   7.4  30.6   16:50   NNW
14  22.2  26.8   14:30  19.7    7:10   0.0   0.2   0.0  10.9  29.0   12:20    NW
15  22.1  27.9   15:00  18.3    6:40   0.0   0.4   0.0   8.5  27.4   18:20   NNW
16  22.2  28.9   15:00  18.4    6:10   0.0   0.6   0.0   7.6  30.6   17:20   NNW
17  22.8  29.5   15:10  19.1    6:20   0.0   0.7   0.0   7.2  25.7   17:30     N
18  22.7  29.3   14:30  18.8    4:00   0.0   0.8   0.2   7.1  27.4   15:30    NW
19  22.8  28.1   15:20  19.3    6:10   0.0   0.6   0.2   7.4  27.4   13:10    NW
20  22.6  28.7   14:30  18.4    6:40   0.0   0.7   0.4   7.4  25.7   15:50   NNW
21  22.2  28.7   15:10  17.5    3:30   0.0   0.6   0.0   6.4  25.7   16:10   NNW
22  18.4  19.5    0:20  17.9    4:10   0.0   0.0   0.2   3.2  12.9    1:00    NW
23
24
25
26
27
28
29
30
-------------------------------------------------------------------------------------
    23.1  33.8     4    17.5    21     0.0  16.0   1.8   7.5  37.0     6      NW

Max >=  32.0:  3
Max <=   0.0:  0
Min <=   0.0:  0
Min <= -18.0:  0
Max Rain: 0.79 ON 08/09/18
Days of Rain: 5 (> .2 mm) 0 (> 2 mm) 0 (> 20 mm)
Heat Base:  14.5  Cool Base:  25.0  Method: Integration
אימייל:
סיסמה:
אייקון:
 
 
 
 
 
 
 
 
 
 
 
 
 
 
 
 
 
 
 
 
 
 
 
שם לתצוגה:
שם רשמי:
קבלו התראות באימייל
מדד קור מותאם אישית(?)מדד הקור יוצג בהתאם להצבעות שלך בלבד



   זכור אותי

שכחתי סיסמה ››
אימייל: