תחנת מזג-אוויר עדכנית בי-ם   גובה 775 מ'   ד 18:23 30/09/20
אודות
















מרגיש כמו 27.0 בַּצֵּל/שמש 25.7
25.7
°
C
25.7
°
C  בהר
31.3
 גבוה 11:08
22.3
 נמוך 06:15
13 דק':
0.4
24 שע' hour half hour
0.1
2
1.2
26.6
°
C  בעמק
32.3
 גבוה 11:44
22.6
 נמוך 06:13
13 דק':
0.5
24 שע' hour half hour
0.4
2.3
1.4
26.3
°
C  בכביש
53.7
 גבוה 13:45
17.6
 נמוך 06:07
24 שע' hour half hour
0.4
7.5
2.6
69
 גבוה
 18:22     
30
 נמוך
 11:03
13 דק':
3%
24 שע' hour half hour
6
16
10
19.6
 גבוה
 18:10     
8.9
 נמוך
 00:00
24 שע' hour half hour
1.9
2.1
1.1
1,010.1
 גבוה
 00:48   
1,008.0
 נמוך
 15:36
24 שע' half hour quarter hour
0.0
0.1
0.0
30.6
 גבוה
 15:16
10 דק' ממוצע: 10 קמש
hour half hour quarter hour
6
3
6
0.0
 גבוה
 00:00
גשם היום מחצות: 0.0  
סה'כ עונתי: 664.2 מ''מ
hour half hour quarter hour
0
0
0
805
 גבוה
 12:52
8 שעות שמש עד עכשיו
זריחה: 06:33   שקיעה: 18:25
24 שע' half hour quarter hour
0
48
9
 זריחה:
 שקיעה:
6.7
 גבוה
 12:11
24 שע' half hour quarter hour
0
0
0
אבק
    • לא בריא
    • לא לעשות ספורט
    • אבק גדול
    • 115 µg/m3
    • +130
    • +300
    • אבק קטן
    • 18 µg/m3
    • +38
    • +100
  • הקטן יותר מסוכן
24 שע' 24 שע' half hour
34
24
115
כדאי לפתוח חלון
בפנים: 29.7
בחוץ: 25.7
המטרה של הדף הזה היא למזג את הבית כך שייתקרב כמה שיותר לתחושה הנוחה ביותר לנו.
זה כמובן אינדיבידואלי, לכן צריך לעשות כמה הנחות. ההנחה היא שהטמפרטורה האידיאלית בבית היא: 22
איך ההרגשה עכשיו עם הטמפרטורה הנוכחית בַּצֵּל?
מהי העונה החביבה עליך?


                   MONTHLY CLIMATOLOGICAL SUMMARY for SEP. 2020

NAME: Boaz Nechemia's Vantage Pro   CITY: Jerusalem   STATE: Israel 
ELEV:   745 m  LAT:  31 46' 09" N  LONG:  35 12' 07" E

                   TEMPERATURE (C), RAIN  (mm), WIND SPEED (km/hr)

                                      HEAT  COOL        AVG
    MEAN                              DEG   DEG         WIND                 DOM
DAY TEMP  HIGH   TIME   LOW    TIME   DAYS  DAYS  RAIN  SPEED HIGH   TIME    DIR
------------------------------------------------------------------------------------
 1  26.2  32.6   14:20  22.4   22:50   0.0   1.9   0.0   6.3  27.4   15:00    NW
 2  26.4  33.0   15:50  21.2    7:00   0.0   2.4   0.0   6.6  27.4   19:30    NW
 3  30.3  41.6   16:30  22.2    6:10   0.0   5.9   0.0   3.4  22.5   13:20    SE
 4  34.4  41.7   15:20  28.2    6:50   0.0   9.5   0.0   3.5  22.5   16:40   NNE
 5  31.1  39.1   12:50  24.8    7:00   0.0   6.1   0.0   5.1  29.0   18:10   NNW
 6  29.1  36.6   13:40  23.1    6:50   0.0   4.3   0.0   4.5  24.1   15:00    NW
 7  29.2  37.4   13:40  23.6    6:40   0.0   4.3   0.0   3.9  22.5   15:40     N
 8  27.2  35.1   16:00  22.1    6:20   0.0   3.0   0.0   5.0  20.9   13:00    NW
 9  27.2  34.8   13:20  21.1    7:50   0.0   3.1   0.0   5.0  22.5   16:10    NW
10  28.1  36.6   14:30  23.1    6:30   0.0   3.6   0.0   3.9  22.5   15:50    NW
11  27.5  33.8   14:00  23.5    6:30   0.0   2.8   0.0   6.1  25.7   16:00    NW
12  27.6  32.3   14:20  23.9    5:50   0.0   2.7   0.0   7.7  30.6   17:00   NNW
13  25.9  31.8   14:40  21.8    6:20   0.0   1.8   0.0   8.7  30.6   17:30   NNW
14  25.6  31.5   14:20  20.8    6:20   0.0   1.8   0.0   6.9  25.7   18:20     N
15  25.9  33.7   15:10  20.7    5:30   0.0   2.3   0.0   6.3  22.5   16:30     N
16  26.5  35.0   15:20  21.0    4:10   0.0   2.8   0.0   4.2  19.3   16:10    NW
17  27.1  34.1   15:40  21.6    5:50   0.0   2.9   0.0   4.0  20.9   16:20     N
18  28.3  33.2   15:30  23.4    0:10   0.0   3.4   0.0   8.7  29.0   13:50     N
19  28.1  34.2   14:20  23.4    5:00   0.0   3.3   0.0   4.3  29.0   16:10     N
20  27.6  33.8   14:10  22.9   23:00   0.0   2.9   0.0   5.8  24.1   16:20     N
21  24.9  30.8   14:30  20.1    8:00   0.0   1.6   0.0   6.6  22.5    3:40     N
22  23.7  29.9   14:20  19.6    6:50   0.0   1.0   0.0   7.1  24.1   18:30     N
23  23.1  28.7   14:10  20.0    5:00   0.0   0.6   0.0   9.0  25.7   17:10    NW
24  22.4  27.6   13:50  19.6    5:40   0.0   0.4   0.0   7.4  29.0   15:00    NW
25  21.9  27.1   14:50  17.9    6:10   0.0   0.3   0.0   8.4  30.6   14:40    NW
26  22.6  27.9   14:20  19.5   00:00   0.0   0.4   0.0   7.7  27.4   16:30   WNW
27  24.3  32.2   16:20  17.4    6:00   0.0   1.7   0.0   2.7  20.9   11:00    SE
28  27.3  33.8   12:00  21.9    6:10   0.0   3.1   0.0   7.1  35.4   15:00     N
29  27.0  34.1   14:30  21.7    7:10   0.0   2.7   0.0   5.6  25.7    0:50     N
30  27.5  32.3   11:50  22.6    6:20   0.0   2.2   0.0   6.1  29.0   15:20     N
-------------------------------------------------------------------------------------
    26.8  41.7     4    17.4    27     0.0  84.6   0.0   5.9  35.4    28       N

Max >=  32.0: 22
Max <=   0.0:  0
Min <=   0.0:  0
Min <= -18.0:  0
Max Rain: 0.00 ON 01/09/20
Days of Rain: 0 (> .2 mm) 0 (> 2 mm) 0 (> 20 mm)
Heat Base:  14.5  Cool Base:  25.0  Method: Integration
אימייל:
סיסמה:
אייקון:
 
 
 
 
 
 
 
 
 
 
 
 
 
 
 
 
 
 
 
 
 
 
 
שם לתצוגה:
שם רשמי:
קבלו התראות באימייל
מדד קור מותאם אישית(?)מדד הקור יוצג בהתאם להצבעות שלך בלבד



   זכור אותי

שכחתי סיסמה ››
אימייל: