Jerusalem Weather Station   Height 775 m   Sun 18:56 21/01/18
About












12.4°c  at hill
7.2
 Hi 00:00
7.2
 Lo 00:00
16 min:
12.4°c
24 hrs hour half hour
12.4
12.4
12.4
12.4°c  at valley
15.3
 Hi 12:34
6.5
 Lo 06:26
16 min:
0.2°c
24 hrs hour half hour
3.2
0.7
0.7
6.7°c  on the road
21.4
 Hi 12:25
2.9
 Lo 05:29
24 hrs hour half hour
0.7
0.8
0.1
88 Hi 00:00     43 Lo 13:26
16 min:
1%
24 hrs hour half hour
33
3
4
6.2 Hi 05     1.6 Lo 13:26
16 min:
1
24 hrs hour half hour
0.1
4.1
4.4
1,021.6 Hi 00:18   1,016.0 Lo 17:51
24 hrs half hour quarter hour
0.0
0.2
0.1
13.0 Hi 11:49
10 min Average: 0.6 knots
hour half hour quarter hour
3.5
2.7
1.7
0.0 Hi 00:00
hour half hour quarter hour
0
0
0
671 Hi 11:30
24 hrs half hour quarter hour
0
0
0
2.9 Hi 11:28
24 hrs half hour quarter hour
0
0
0
dust
58±16 µg/m3 (PM10)
19±5 µg/m3 (PM2.5)
PM10 - above 130 not healthy. Above 300 sport activity is not recommended
PM2.5 - above 38 not healthy. Above 100 sport activity is not recommended
PM2.5 is more dangerous
How do you feel now with the current temp?
what is your favorite season?
  • Cold meter
  • Best season


                   MONTHLY CLIMATOLOGICAL SUMMARY for JAN. 2018

NAME: Boaz Nechemia's Vantage Pro   CITY: Jerusalem   STATE: Israel 
ELEV:   745 m  LAT:  31 46' 09" N  LONG:  35 12' 07" E

                   TEMPERATURE (C), RAIN  (mm), WIND SPEED (kt)

                                      HEAT  COOL        AVG
    MEAN                              DEG   DEG         WIND                 DOM
DAY TEMP  HIGH   TIME   LOW    TIME   DAYS  DAYS  RAIN  SPEED HIGH   TIME    DIR
------------------------------------------------------------------------------------
 1   8.7  10.3   21:50   6.9    7:00   5.8   0.0  15.4   7.9  29.6    2:50     W
 2   9.8  10.6   19:30   9.1   11:50   4.7   0.0   2.8   7.0  22.6    0:20     W
 3  11.3  16.4   14:10   8.2    5:20   3.3   0.0   0.2   1.3  13.9    0:20   WNW
 4  10.1  11.6   14:40   8.4    0:20   4.5   0.0   0.0   6.3  24.3   13:20   WSW
 5   9.4  10.5   12:00   8.1    5:20   5.1   0.0  59.8  13.1  43.5   13:00     W
 6  10.7  12.4   11:50   8.9   23:30   3.9   0.0   7.2   4.6  30.4    1:40    NW
 7   9.9  13.7   14:20   7.2    3:50   4.5   0.0   0.4   0.6   9.6   11:30    SE
 8  10.5  15.3   15:50   6.6   23:40   4.1   0.0   0.0   0.6   9.6    8:40   ESE
 9  10.6  16.1   14:10   5.8    4:20   4.1   0.0   0.0   1.7  10.4   14:20    NW
10  10.5  13.6   14:10   7.2    7:10   4.0   0.0   0.0   1.0   9.6    9:20    SE
11  14.1  20.9   13:50   8.3    6:30   1.9   0.0   0.0   1.8  15.7   14:50    SE
12  12.6  16.4   13:20   9.4   23:10   2.1   0.0   0.0   2.7  11.3    2:10     W
13  12.4  17.2   13:50   8.1    6:50   2.6   0.0   0.0   1.7  13.0   22:40    SE
14  10.6  12.9   12:30   9.3   21:50   3.9   0.0  14.6   9.2  31.3   19:10     W
15  10.4  13.1   13:20   8.8    3:10   4.1   0.0   4.6   5.5  19.1    1:10   WNW
16  10.9  15.2   15:00   7.8    7:00   3.6   0.0   0.2   2.6  13.0    1:20    NW
17   9.6  10.4   13:40   8.6    7:00   5.0   0.0   4.4   3.9  17.4   11:00     W
18  10.8  13.6   15:50   6.7   00:00   3.7   0.0  12.4  10.0  40.0   21:20   WSW
19   7.1   9.6   13:20   4.6    4:20   7.5   0.0  27.2  11.0  40.9    5:20   WNW
20   9.2  12.8   16:00   7.3    3:00   5.3   0.0   0.0   2.3  14.8    2:30     W
21  10.8  15.3   12:40   6.5    6:30   2.9   0.0   0.0   1.0  13.0   12:00    SE
22
23
24
25
26
27
28
29
30
31
-------------------------------------------------------------------------------------
    10.5  20.9    11     4.6    19    86.3   0.0 149.2   4.6  43.5     5       W

Max >=  32.0:  0
Max <=   0.0:  0
Min <=   0.0:  0
Min <= -18.0:  0
Max Rain: 59.79 ON 05/01/18
Days of Rain: 12 (> .2 mm) 9 (> 2 mm) 2 (> 20 mm)
Heat Base:  14.5  Cool Base:  25.0  Method: Integration
Email:
Password:
Icon:
 
 
 
 
 
 
 
 
 
 
 
 
 
 
 
 
 
 
 
 
 
 
 
Display name:
Nice name:
Get alarms by Email
Pesonal Cold Meter(?)The cold meter wii be displayed based on your votes only



   Remember me

Reset password ››
Email: