תחנת מזג-אוויר עדכנית בי-ם   גובה 775 מ'   ה 10:37 21/02/19
אודות













מרגיש כמו 15.2 בצל/שמש 10.0
10.5°c
10.5°c  בהר
10.7
 גבוה 10:28
6.5
 נמוך 01:23
17 דק':
0.1
°c
24 שעות hour half hour
0.6
0.5
0.1
11.6°c  בעמק
12.1
 גבוה 10:07
6.6
 נמוך 00:56
17 דק':
0.1
°c
24 שעות hour half hour
0.2
0.4
0.5
12.9°c  בכביש
18.9
 גבוה 09:19
5.9
 נמוך 01:01
24 שעות hour half hour
1
3.7
2.9
94 גבוה 02:59     67 נמוך 10:11
17 דק':
1%
24 שעות hour half hour
3
5
1
5.4 גבוה 01:06     3.3 נמוך 05:48
24 שעות hour half hour
1
0.1
0.1
1,015.8 גבוה 00:42   1,014.8 נמוך 03:16
24 שעות half hour quarter hour
0.0
0.3
0.2
16.2 גבוה 09:29
10 דק' ממוצע: 6 קמש
hour half hour quarter hour
1
0
6
744 גבוה 10:02
24 שעות half hour quarter hour
95
399
339
3.7 גבוה 10:37
24 שעות half hour quarter hour
1.5
1.3
0.9
אבק
17±7 µg/m3 (PM10)
11±5 µg/m3 (PM2.5)
PM10 - מעל 130 לא בריא. מעל 300 לא מומלץ לעשות פעילות גופנית
PM2.5 - מעל 38 לא בריא. מעל 100 לא מומלץ לעשות פעילות גופנית
PM2.5 מסוכן יותר
24 שעות 24 שעות half hour
22
8
36
כדאי לסגור חלון
בפנים: 17.9
בחוץ: 10.5
המטרה של הדף הזה היא למזג את הבית כך שייתקרב כמה שיותר לתחושה הנוחה ביותר לנו.
זה כמובן אינדיבידואלי, לכן צריך לעשות כמה הנחות. ההנחה היא שהטמפרטורה האידיאלית בבית היא: 22
איך ההרגשה עכשיו עם הטמפרטורה הנוכחית?
מהי העונה החביבה עליך?
  • מדד הקור
  • העונה הכי טובה


                   MONTHLY CLIMATOLOGICAL SUMMARY for FEB. 2019

NAME: Boaz Nechemia's Vantage Pro   CITY: Jerusalem   STATE: Israel 
ELEV:   745 m  LAT:  31 46' 09" N  LONG:  35 12' 07" E

                   TEMPERATURE (C), RAIN  (mm), WIND SPEED (km/hr)

                                      HEAT  COOL        AVG
    MEAN                              DEG   DEG         WIND                 DOM
DAY TEMP  HIGH   TIME   LOW    TIME   DAYS  DAYS  RAIN  SPEED HIGH   TIME    DIR
------------------------------------------------------------------------------------
 1  10.3  15.1   13:10   5.2    6:50   4.3   0.0   0.0   4.5  20.9   12:20    NW
 2  10.6  16.3   14:30   6.8    1:00   4.1   0.0   0.0   3.7  17.7   12:50     N
 3  12.1  17.2   15:20   6.3    2:30   2.9   0.0   0.0   3.5  20.9   21:30   ESE
 4  14.1  18.3   15:00  10.4    7:00   1.3   0.0   0.0   7.2  30.6   16:50   ESE
 5  14.4  18.3   15:30  10.2    6:40   1.2   0.0   0.2   9.5  40.2   12:20   ESE
 6  14.3  17.6   13:30  12.3    6:40   0.6   0.0   2.4   6.4  33.8   16:10   ESE
 7  12.2  14.2   15:10   9.8   23:40   2.3   0.0  18.8   3.7  30.6    0:10   WNW
 8  10.4  13.7   12:30   8.1    6:50   4.1   0.0   2.0   8.4  40.2   00:00   WNW
 9   9.1  12.1   13:40   7.8    6:40   5.4   0.0   3.4  11.6  37.0    2:10   WNW
10   8.7  11.8   11:50   7.3   20:20   5.8   0.0   9.4   9.8  35.4   18:50   WNW
11   8.7  12.4   13:50   6.4    1:10   5.8   0.0   7.8   7.2  25.7   10:30   WNW
12   9.8  13.8   14:40   5.9    6:40   4.7   0.0   0.4   3.1  20.9   10:40   ESE
13  12.1  17.0   15:50   8.4    6:00   2.8   0.0   0.0   3.5  24.1   11:50    SE
14  10.4  13.3   10:20   7.3   00:00   4.1   0.0   0.0  12.7  49.9   20:50   WNW
15   8.4  11.2   14:40   5.8    6:30   6.1   0.0   0.0  15.1  57.9    9:50     W
16   8.4  10.3   12:10   7.4    8:20   6.1   0.0   1.6  13.4  48.3    4:00     W
17   9.2  12.9   11:30   6.0    6:50   5.3   0.0   0.0   6.3  27.4   12:10   WNW
18   7.1   9.1   13:20   5.2    4:20   7.4   0.0   0.6   6.4  32.2    2:20    NW
19   8.4  11.4   12:20   5.5    1:10   6.1   0.0   0.2   6.3  24.1   15:00    NW
20   9.8  12.9   11:50   7.1   00:00   4.7   0.0   0.6   2.6  19.3   15:40   NNW
21   7.9  12.1   10:20   6.6    1:00   2.9   0.0   0.2   1.3  17.7   10:10   NNW
22
23
24
25
26
27
28
-------------------------------------------------------------------------------------
    10.3  18.3     4     5.2     1    87.9   0.0  47.6   7.0  57.9    15     WNW

Max >=  32.0:  0
Max <=   0.0:  0
Min <=   0.0:  0
Min <= -18.0:  0
Max Rain: 18.80 ON 07/02/19
Days of Rain: 13 (> .2 mm) 6 (> 2 mm) 0 (> 20 mm)
Heat Base:  14.5  Cool Base:  25.0  Method: Integration
אימייל:
סיסמה:
אייקון:
 
 
 
 
 
 
 
 
 
 
 
 
 
 
 
 
 
 
 
 
 
 
 
שם לתצוגה:
שם רשמי:
קבלו התראות באימייל
מדד קור מותאם אישית(?)מדד הקור יוצג בהתאם להצבעות שלך בלבד



   זכור אותי

שכחתי סיסמה ››
אימייל: