תחנת מזג-אוויר עדכנית בי-ם   גובה 775 מ'   ב 19:07 17/02/20
אודות














מרגיש כמו 10.2
10.7
°
C
10.7
°
C  בהר
14.7
 גבוה 12:57
6.7
 נמוך 07:00
17 דק': 0.0C
24 שע' hour half hour
0.7
0.6
0.1
11.3
°
C  בעמק
15.0
 גבוה 12:45
7.2
 נמוך 06:54
17 דק':
0.1
C
24 שע' hour half hour
0.7
0.9
0.4
7.8
°
C  בכביש
36.0
 גבוה 12:46
2.9
 נמוך 06:17
24 שע' hour half hour
1.9
1.9
1
97
 גבוה
 07:23     
65
 נמוך
 12:47
17 דק':
1%
24 שע' hour half hour
10
4
1
9.1
 גבוה
 09:26     
5.3
 נמוך
 07:00
24 שע' hour half hour
0.5
0.1
0.3
1,013.4
 גבוה
 08:07   
1,011.8
 נמוך
 01:51
24 שע' half hour quarter hour
0.1
0.1
0.1
14.4
 גבוה
 10:12
10 דק' ממוצע: 0 קמש
hour half hour quarter hour
0
0
0
0.2
 גבוה
 05:15
גשם היום מחצות: 0.2  
סה'כ עונתי: 448.6 מ''מ
hour half hour quarter hour
0
0
0
849
 גבוה
 12:49
4.6 שעות שמש עד עכשיו
זריחה: 06:20   שקיעה: 17:27
24 שע' half hour quarter hour
0
0
0
 זריחה:
 שקיעה:
4.0
 גבוה
 11:20
24 שע' half hour quarter hour
0
0
0
אבק
20 µg/m3
מעל 130 לא בריא.
מעל 300 לא מומלץ לעשות פעילות גופנית
41 µg/m3
מעל 38 לא בריא.
מעל 100 לא מומלץ לעשות פעילות גופנית
24 שע' 24 שע' half hour
1
0
20
כדאי לסגור חלון
בפנים: 19.4
בחוץ: 10.7
המטרה של הדף הזה היא למזג את הבית כך שייתקרב כמה שיותר לתחושה הנוחה ביותר לנו.
זה כמובן אינדיבידואלי, לכן צריך לעשות כמה הנחות. ההנחה היא שהטמפרטורה האידיאלית בבית היא: 22
איך ההרגשה עכשיו עם הטמפרטורה הנוכחית?
מהי העונה החביבה עליך?


                   MONTHLY CLIMATOLOGICAL SUMMARY for FEB. 2020

NAME: Boaz Nechemia's Vantage Pro   CITY: Jerusalem   STATE: Israel 
ELEV:   745 m  LAT:  31 46' 09" N  LONG:  35 12' 07" E

                   TEMPERATURE (C), RAIN  (mm), WIND SPEED (km/hr)

                                      HEAT  COOL        AVG
    MEAN                              DEG   DEG         WIND                 DOM
DAY TEMP  HIGH   TIME   LOW    TIME   DAYS  DAYS  RAIN  SPEED HIGH   TIME    DIR
------------------------------------------------------------------------------------
 1   8.8  11.0   14:00   7.1    6:20   5.6   0.0   3.2  13.4  38.6   13:40   WNW
 2  10.1  12.8   15:00   8.3   23:30   4.4   0.0   4.6   3.4  32.2    0:50   WSW
 3  11.0  15.8   12:10   7.3    7:00   3.6   0.0   0.0   4.5  22.5   13:00   ESE
 4  10.2  12.6   11:40   8.1    2:10   4.3   0.0   0.2   6.1  19.3   12:50    NW
 5  11.4  17.3   14:20   6.8    6:40   3.4   0.0   0.2   1.4  17.7   15:10    SE
 6  13.8  18.8   14:40   9.6    1:20   1.7   0.0   0.0   6.6  33.8   11:00     S
 7   9.2  11.7    0:10   6.1   13:50   5.3   0.0   6.6  15.1  49.9   23:50     W
 8   6.3   7.9    0:10   5.1   20:20   8.2   0.0  30.2  22.7  69.2   13:40   WNW
 9   4.6   5.8    5:20   3.4   23:20   9.9   0.0   5.4  10.5  46.7    3:40     N
10   3.9   5.9   15:10   2.4    4:20  10.5   0.0   0.6   5.6  24.1   15:10    NW
11   6.7   9.8   11:40   3.7    6:30   7.8   0.0   1.4   6.4  32.2   21:40   WSW
12  10.8  15.1   13:40   8.2    4:40   3.8   0.0   0.4   9.3  35.4    7:20   WSW
13  11.8  16.5   15:00   7.5    2:40   3.0   0.0   0.0   5.1  29.0   15:50   WNW
14   8.9   9.2    0:10   8.8    1:10   0.4   0.0   0.0   0.3   4.8    0:20     E
15
16
17
18
19
20
21
22
23
24
25
26
27
28
29
-------------------------------------------------------------------------------------
     9.1  18.8     6     2.4    10    71.9   0.0  52.8   7.9  69.2     8     WNW

Max >=  32.0:  0
Max <=   0.0:  0
Min <=   0.0:  0
Min <= -18.0:  0
Max Rain: 30.20 ON 08/02/20
Days of Rain: 10 (> .2 mm) 5 (> 2 mm) 1 (> 20 mm)
Heat Base:  14.5  Cool Base:  25.0  Method: Integration
אימייל:
סיסמה:
אייקון:
 
 
 
 
 
 
 
 
 
 
 
 
 
 
 
 
 
 
 
 
 
 
 
שם לתצוגה:
שם רשמי:
קבלו התראות באימייל
מדד קור מותאם אישית(?)מדד הקור יוצג בהתאם להצבעות שלך בלבד



   זכור אותי

שכחתי סיסמה ››
אימייל: