תחנת מזג-אוויר עדכנית בי-ם   גובה 775 מ'   ב 14:31 29/05/17
אודות









31.4°c 31.4 בעמק
31.8
 גבוה 14:20
17.7
 נמוך 05:23
11 דק':
 0.3°c
24 שעות hour half hour
 5.3
 1.4
 0.8
31.4°c 31.4 בעמק
31.8
 גבוה 14:20
17.1
 נמוך 05:23
11 דק':
 0.2°c
24 שעות hour half hour
 4.3
 1.3
 0.8
49 גבוה 01:00     20 נמוך 14:19
11 דק': 0%
24 שעות hour half hour
 9
 1
0
1,011.1 גבוה 00:03   1,008.8 נמוך 14:16
24 שעות half hour quarter hour
 0.6
 0.4
0.0
10.4 גבוה 09:50
10 דק' ממוצע: 3.1 קשר
hour half hour quarter hour
 1.7
 2.6
 1.7
956 גבוה 12:30
24 שעות half hour quarter hour
 22
 56
 34
7.5 גבוה 12:30
24 שעות half hour quarter hour
 0.3
 0.9
 0.2
אבק
25±0 µg/m3 (PM10)
14±6 µg/m3 (PM2.5)
PM10 - מעל 130 לא בריא. מעל 300 לא מומלץ לעשות פעילות גופנית
PM2.5 - מעל 38 לא בריא. מעל 100 לא מומלץ לעשות פעילות גופנית
PM2.5 מסוכן יותר
איך ההרגשה עכשיו עם הטמפרטורה הנוכחית?
מהי העונה החביבה עליך?
  • מדד הקור
  • העונה הכי טובה


                   MONTHLY CLIMATOLOGICAL SUMMARY for MAY. 2017

NAME: Boaz Nechemia's Vantage Pro   CITY: Jerusalem   STATE: Israel 
ELEV:   745 m  LAT:  31 46' 09" N  LONG:  35 12' 07" E

                   TEMPERATURE (C), RAIN  (mm), WIND SPEED (kt)

                                      HEAT  COOL        AVG
    MEAN                              DEG   DEG         WIND                 DOM
DAY TEMP  HIGH   TIME   LOW    TIME   DAYS  DAYS  RAIN  SPEED HIGH   TIME    DIR
------------------------------------------------------------------------------------
 1  21.3  27.6   14:10  15.3    5:30   0.0   0.3   0.0   3.1  18.3   15:40    NW
 2  19.4  24.5   12:40  15.4   00:00   0.0   0.0   0.0   4.6  19.1   15:50    NW
 3  17.1  23.4   15:10  12.8    5:50   0.2   0.0   0.0   3.4  14.8   15:20    NW
 4  17.2  22.7   14:00  12.8    5:10   0.4   0.0   0.2   4.3  14.8   18:30    NW
 5  18.2  22.8   14:30  13.4    5:50   0.1   0.0   0.0   3.7  13.9   14:30    NW
 6  18.1  23.3   13:40  12.4    6:10   0.2   0.0   0.0   3.0  14.8   17:20    NW
 7  19.6  25.3   13:40  12.9    5:20   0.0   0.0   0.0   4.5  19.1   18:00    NW
 8  22.6  30.8   16:10  13.8    4:40   0.1   1.3   0.0   0.9  10.4   17:30   ESE
 9  27.6  34.8   17:00  20.3    3:30   0.0   3.5   0.0   2.4  14.8   10:40   ESE
10  27.8  32.8   14:30  22.6    4:30   0.0   3.2   0.0   4.9  19.1   13:00    NW
11  21.2  26.6   14:10  14.8   23:30   0.0   0.1   0.0   5.7  20.9   17:00    NW
12  19.2  25.8   14:10  13.6    3:30   0.1   0.0   0.0   4.2  15.7   14:30   NNW
13  23.3  30.4   14:20  17.5    4:30   0.0   1.1   0.0   4.0  14.8    0:40   NNW
14  26.2  32.9   12:50  19.2    6:00   0.0   2.5   0.0   3.1  12.2   15:40    NW
15  25.1  30.0   12:30  19.1   23:40   0.0   1.4   0.0   7.0  22.6   15:20   WNW
16  22.1  29.1   13:30  16.4    6:00   0.0   0.6   0.0   2.6  15.7   15:00    NW
17  22.7  29.2   13:00  17.2    6:20   0.0   0.7   0.0   3.3  16.5   17:30   NNW
18  24.6  30.4   14:30  18.6    6:20   0.0   1.4   0.0   2.1  19.1   12:40    NW
19  20.9  24.7    0:10  15.6   00:00   0.0   0.0   0.0   6.3  24.3   15:30    NW
20  16.7  20.3   15:20  13.7   23:20   0.1   0.0   0.0   7.4  27.8   16:20     W
21  16.6  21.9   15:20  13.1    3:40   0.3   0.0   0.0   6.5  18.3    8:50   WNW
22  21.2  27.8   14:50  12.8    5:00   0.3   0.4   0.0   1.0  11.3   14:50    SE
23  18.2  24.2    1:10  14.6   23:30   0.0   0.0   0.0   8.7  24.3   13:00   WNW
24  18.0  24.1   14:40  13.9    6:00   0.1   0.0   0.0   4.0  15.7    0:10    NW
25  19.6  26.9   14:40  13.7    4:20   0.0   0.1   0.0   3.1  15.7   15:50   NNW
26  18.9  23.6   14:20  13.9    6:20   0.1   0.0   0.0   4.8  18.3   16:50    NW
27  23.9  31.2   15:30  15.9    1:30   0.0   1.5   0.0   1.9  18.3   15:20    SE
28  22.6  27.4   14:20  17.3    6:40   0.0   0.4   0.0   6.5  20.0   15:20    NW
29  22.4  31.8   14:30  17.1    5:30   0.0   0.6   0.0   1.4  11.3   13:10    SE
30
31
-------------------------------------------------------------------------------------
    21.1  34.8     9    12.4     6     2.0  19.4   0.2   4.1  27.8    20      NW

Max >=  32.0:  3
Max <=   0.0:  0
Min <=   0.0:  0
Min <= -18.0:  0
Max Rain: 0.20 ON 04/05/17
Days of Rain: 1 (> .2 mm) 0 (> 2 mm) 0 (> 20 mm)
Heat Base:  14.5  Cool Base:  25.0  Method: Integration
אימייל:
סיסמה:
אייקון:
 
 
 
 
 
 
 
 
 
 
 
 
 
 
 
 
 
 
 
 
 
 
 
שם לתצוגה:
שם רשמי:
קבלו התראות באימייל
מדד קור מותאם אישית(?)מדד הקור יוצג בהתאם להצבעות שלך בלבד



   זכור אותי

שכחתי סיסמה ››
אימייל: