תחנת מזג-אוויר עדכנית בי-ם   גובה 775 מ'   ו 17:45 14/12/18
אודות













מרגיש כמו 12.3
12.8°c
12.8°c  בהר
15.8
 גבוה 13:39
7.2
 נמוך 00:31
15 דק':
0.1°c
24 שעות hour half hour
2.3
0.8
0.3
13.5°c  בעמק
15.6
 גבוה 15:28
6.4
 נמוך 02:36
15 דק': 0.0°c
24 שעות hour half hour
2.2
0.7
0.2
8.6°c  בכביש
10.9
 גבוה 08:31
4.9
 נמוך 03:53
24 שעות hour half hour
2.0
0.6
0.0
88 גבוה 00:00     52 נמוך 12:35
15 דק': 0%
24 שעות hour half hour
16
1
0
6.8 גבוה 10:50     1.8 נמוך 02:29
24 שעות hour half hour
1.3
0.5
0.1
1,021.3 גבוה 08:32   1,019.1 נמוך 15:04
24 שעות half hour quarter hour
0.3
0.2
0.2
17.6 גבוה 13:18
10 דק' ממוצע: 0 קמש
hour half hour quarter hour
4
2
2
608 גבוה 11:37
24 שעות half hour quarter hour
0
0
0
3.1 גבוה 11:04
24 שעות half hour quarter hour
0
0
0
אבק
26±1 µg/m3 (PM10)
18±5 µg/m3 (PM2.5)
PM10 - מעל 130 לא בריא. מעל 300 לא מומלץ לעשות פעילות גופנית
PM2.5 - מעל 38 לא בריא. מעל 100 לא מומלץ לעשות פעילות גופנית
PM2.5 מסוכן יותר
24 שעות 24 שעות half hour
7
7
4
כדאי לסגור חלון
בפנים: 21.3
בחוץ: 12.8
המטרה של הדף הזה היא למזג את הבית כך שייתקרב כמה שיותר לתחושה הנוחה ביותר לנו.
זה כמובן אינדיבידואלי, לכן צריך לעשות כמה הנחות. ההנחה היא שהטמפרטורה האידיאלית בבית היא: 22
איך ההרגשה עכשיו עם הטמפרטורה הנוכחית?
מהי העונה החביבה עליך?
  • מדד הקור
  • העונה הכי טובה


                   MONTHLY CLIMATOLOGICAL SUMMARY for DEC. 2018

NAME: Boaz Nechemia's Vantage Pro   CITY: Jerusalem   STATE: Israel 
ELEV:   745 m  LAT:  31 46' 09" N  LONG:  35 12' 07" E

                   TEMPERATURE (C), RAIN  (mm), WIND SPEED (km/hr)

                                      HEAT  COOL        AVG
    MEAN                              DEG   DEG         WIND                 DOM
DAY TEMP  HIGH   TIME   LOW    TIME   DAYS  DAYS  RAIN  SPEED HIGH   TIME    DIR
------------------------------------------------------------------------------------
 1  12.9  16.1   14:20  10.9    6:30   1.7   0.0   0.0   8.0  30.6   11:20   WSW
 2  14.0  16.7   15:20  11.1    3:20   0.9   0.0   0.0   4.3  27.4   11:00    SE
 3  14.9  18.2   14:20  13.1    6:10   0.4   0.0   0.0   4.2  24.1    8:40   ESE
 4  13.3  16.4   12:10  10.6   21:50   1.4   0.0   0.0   6.8  33.8   10:30     W
 5  13.3  16.4   13:50  11.4    3:30   1.4   0.0   0.0   8.7  41.8    9:00   WSW
 6  10.9  12.6    0:20   9.7   13:10   3.5   0.0  22.2  12.9  67.6   22:50   WSW
 7   9.8  11.2   13:00   8.2    2:00   4.7   0.0  23.4  20.0  57.9    0:40   WSW
 8  10.6  14.1   14:50   9.1    7:30   4.0   0.0  20.6  12.2  40.2    0:10   WSW
 9  11.6  15.3   10:10   8.8   00:00   2.9   0.0   0.2   1.9  17.7   11:20   WNW
10  12.1  16.0   14:40   8.6    1:30   2.6   0.0   0.4   5.1  22.5   14:10   WSW
11  12.9  15.7   13:40  11.2    5:10   1.7   0.0   0.0  10.6  40.2    9:40     W
12  12.9  15.3   13:50  10.5   21:20   1.6   0.0   2.2  14.0  43.5   21:10     W
13  11.1  13.4   15:00   8.0   00:00   3.4   0.0   0.2   7.1  32.2   13:50    NW
14  11.2  15.6   15:30   6.4    2:40   2.6   0.0   0.0   2.3  20.9   13:20   ESE
15
16
17
18
19
20
21
22
23
24
25
26
27
28
29
30
31
-------------------------------------------------------------------------------------
    12.3  18.2     3     6.4    14    32.8   0.0  69.2   8.4  67.6     6       W

Max >=  32.0:  0
Max <=   0.0:  0
Min <=   0.0:  0
Min <= -18.0:  0
Max Rain: 23.39 ON 07/12/18
Days of Rain: 7 (> .2 mm) 4 (> 2 mm) 3 (> 20 mm)
Heat Base:  14.5  Cool Base:  25.0  Method: Integration
אימייל:
סיסמה:
אייקון:
 
 
 
 
 
 
 
 
 
 
 
 
 
 
 
 
 
 
 
 
 
 
 
שם לתצוגה:
שם רשמי:
קבלו התראות באימייל
מדד קור מותאם אישית(?)מדד הקור יוצג בהתאם להצבעות שלך בלבד



   זכור אותי

שכחתי סיסמה ››
אימייל: