תחנת מזג-אוויר עדכנית בי-ם   גובה 775 מ'   א 9:46 29/03/20
אודות














מרגיש כמו 16.5 בצל/שמש 11.0
11.5
°
C
11.5
°
C  בהר
11.5
 גבוה 09:46
9.1
 נמוך 03:04
16 דק':
0.3
24 שע' hour half hour
1.2
1.2
0.7
12.3
°
C  בעמק
12.3
 גבוה 09:44
9.5
 נמוך 06:42
16 דק':
0.2
24 שע' hour half hour
1.3
1.2
0.6
18.7
°
C  בכביש
18.7
 גבוה 09:46
8.2
 נמוך 05:41
24 שע' hour half hour
0.0
7.3
6.2
93
 גבוה
 04:04     
81
 נמוך
 09:39
16 דק':
1%
24 שע' hour half hour
6
6
3
8.1
 גבוה
 00:00     
7.2
 נמוך
 05:40
24 שע' hour half hour
2.4
0.3
0.2
1,011.9
 גבוה
 00:12   
1,010.2
 נמוך
 05:01
24 שע' half hour quarter hour
0.3
0.0
0.0
32.0
 גבוה
 09:06
10 דק' ממוצע: 10 קמש
hour half hour quarter hour
10
4
17
0.0
 גבוה
 00:00
גשם היום מחצות: 0.0  
סה'כ עונתי: 628.0 מ''מ
hour half hour quarter hour
0
0
0
605
 גבוה
 09:45
1.4 שעות שמש עד עכשיו
זריחה: 06:31   שקיעה: 18:57
24 שע' half hour quarter hour
318
101
28
 זריחה:
 שקיעה:
2.8
 גבוה
 09:43
24 שע' half hour quarter hour
0.8
0.7
0.3
אבק
24 µg/m3
מעל 130 לא בריא.
מעל 300 לא מומלץ לעשות פעילות גופנית
7 µg/m3
מעל 38 לא בריא.
מעל 100 לא מומלץ לעשות פעילות גופנית
24 שע' 24 שע' half hour
18
4
0
כדאי לסגור חלון
בפנים: 19.8
בחוץ: 11.5
המטרה של הדף הזה היא למזג את הבית כך שייתקרב כמה שיותר לתחושה הנוחה ביותר לנו.
זה כמובן אינדיבידואלי, לכן צריך לעשות כמה הנחות. ההנחה היא שהטמפרטורה האידיאלית בבית היא: 22
איך ההרגשה עכשיו עם הטמפרטורה הנוכחית?
מהי העונה החביבה עליך?


                   MONTHLY CLIMATOLOGICAL SUMMARY for MAR. 2020

NAME: Boaz Nechemia's Vantage Pro   CITY: Jerusalem   STATE: Israel 
ELEV:   745 m  LAT:  31 46' 09" N  LONG:  35 12' 07" E

                   TEMPERATURE (C), RAIN  (mm), WIND SPEED (km/hr)

                                      HEAT  COOL        AVG
    MEAN                              DEG   DEG         WIND                 DOM
DAY TEMP  HIGH   TIME   LOW    TIME   DAYS  DAYS  RAIN  SPEED HIGH   TIME    DIR
------------------------------------------------------------------------------------
 1   9.7  13.2   13:40   7.2    1:40   4.9   0.0   8.2  17.4  59.5    5:00   WNW
 2  10.2  13.6   15:50   7.7   23:50   4.3   0.0   0.0   5.6  24.1   11:40    NW
 3  12.4  19.5   16:30   6.2    5:50   3.0   0.0   0.0   1.9  16.1    9:10   ESE
 4  17.2  24.5   16:30  12.9    5:00   0.3   0.0   0.0   3.7  24.1   14:40   ESE
 5  17.5  24.4   14:50  12.3    2:20   0.5   0.0   0.0   2.9  27.4   14:00    SE
 6  11.0  14.8    6:50   7.3   13:20   3.5   0.0  22.0   9.8  56.3   12:40   WNW
 7  11.1  14.8   16:00   8.8   00:00   3.4   0.0   0.2  11.3  43.5    5:30    NW
 8  14.8  20.7   16:40   7.8    4:40   1.9   0.0   0.0   4.5  24.1   10:10   ESE
 9  18.9  23.8   16:40  15.2    6:20   0.0   0.0   0.0   5.0  29.0   00:00   ESE
10  14.5  19.9   13:20  11.3    5:30   1.2   0.0   0.0   5.6  32.2    0:20    NW
11  18.0  23.4   14:40  10.0    3:10   1.0   0.0   0.0   3.2  20.9   22:20    SE
12  19.7  24.1   10:20  15.6   18:00   0.0   0.0   3.8  10.0  49.9   17:00    SE
13  11.8  16.0    0:10  10.1   22:20   2.7   0.0  20.6   9.3  46.7   21:00     S
14  11.4  12.6   12:40  10.5    4:20   3.0   0.0  16.4  16.9  62.8    4:00    NW
15  13.4  18.0   13:40   9.6    6:10   1.6   0.0   0.2   1.8  12.9   11:40    SE
16  15.1  20.3   12:40  11.2    3:40   1.0   0.0   0.2   4.5  20.9   16:00   WNW
17  10.7  15.6   12:00   7.3   21:00   3.8   0.0  12.8  15.0  54.7   19:40     W
18   8.4  10.0   14:20   6.9    7:10   6.1   0.0  13.4  19.8  64.4    0:10   WNW
19   8.8  12.0   13:50   5.8   00:00   5.7   0.0   2.6  19.6  56.3   13:50     W
20   6.3   7.9    9:50   4.9   23:20   8.2   0.0   8.6  12.7  45.1    1:50   WSW
21   6.5   9.1   11:30   3.9    5:50   8.0   0.0   6.2   9.8  41.8    2:10    NW
22   9.4  13.7   14:30   6.3    4:00   5.0   0.0   0.4   4.8  20.9   11:50    NW
23  14.1  20.7   15:10   6.6    4:50   2.4   0.0   0.0   3.4  25.7    9:50    SE
24  15.4  18.9   12:50  10.9   00:00   0.7   0.0   0.0   9.8  40.2   14:10   WNW
25  12.8  17.6   15:10   9.8   00:00   2.3   0.0   0.0   5.8  27.4    1:00    NW
26  14.7  19.9   15:30   8.0    3:50   1.6   0.0   0.0   3.5  27.4   12:00    SE
27  18.0  23.4   16:50  13.8    5:50   0.0   0.0   0.8   5.8  27.4    2:20    SE
28  12.8  15.1   13:40  10.3   00:00   1.7   0.0   0.0  12.9  35.4    3:30    NW
29  10.1  12.2    9:40   9.5    6:50   1.8   0.0   0.0  10.3  30.6    9:10     W
30
31
-------------------------------------------------------------------------------------
    12.9  24.5     4     3.9    21    79.7   0.0 116.4   8.5  64.4    18     WNW

Max >=  32.0:  0
Max <=   0.0:  0
Min <=   0.0:  0
Min <= -18.0:  0
Max Rain: 22.00 ON 06/03/20
Days of Rain: 15 (> .2 mm) 10 (> 2 mm) 2 (> 20 mm)
Heat Base:  14.5  Cool Base:  25.0  Method: Integration
אימייל:
סיסמה:
אייקון:
 
 
 
 
 
 
 
 
 
 
 
 
 
 
 
 
 
 
 
 
 
 
 
שם לתצוגה:
שם רשמי:
קבלו התראות באימייל
מדד קור מותאם אישית(?)מדד הקור יוצג בהתאם להצבעות שלך בלבד



   זכור אותי

שכחתי סיסמה ››
אימייל: