תחנת מזג-אוויר עדכנית בי-ם   גובה 775 מ'   א 0:46 26/02/17
אודות









13.6°c 12.7 בעמק
13.8
 גבוה 00:00
13.6
 נמוך 00:45
16 דק':
 0.3°c
24 שעות hour half hour
 0.3
 0.3
 0.3
13.6°c 12.7 בעמק
13.7
 גבוה 00:00
12.7
 נמוך 00:45
16 דק':
 0.4°c
24 שעות hour half hour
 0.2
 1.1
 0.9
28 גבוה 00:43     24 נמוך 00:00
16 דק':
 3%
24 שעות hour half hour
 11
 4
 4
1,020.2 גבוה 00:00   1,020.0 נמוך 00:40
24 שעות half hour quarter hour
 0.2
 0.1
 0.1
4.3 גבוה 00:07
10 דק' ממוצע: 0.0 קשר
hour half hour quarter hour
0
 0.9
 0.9
 גבוה 00:00
24 שעות half hour quarter hour
0
0
0
0.0 גבוה 00:00
24 שעות half hour quarter hour
0
0
0
אבק
28±0 µg/m3 (PM10)
16±9 µg/m3 (PM2.5)
PM10 - מעל 130 לא בריא. מעל 300 לא מומלץ לעשות פעילות גופנית
PM2.5 - מעל 38 לא בריא. מעל 100 לא מומלץ לעשות פעילות גופנית
PM2.5 מסוכן יותר
איך ההרגשה עכשיו עם הטמפרטורה הנוכחית?


                   MONTHLY CLIMATOLOGICAL SUMMARY for FEB. 2017

NAME: Boaz Nechemia's Vantage Pro   CITY: Jerusalem   STATE: Israel 
ELEV:   745 m  LAT:  31 46' 09" N  LONG:  35 12' 07" E

                   TEMPERATURE (C), RAIN  (mm), WIND SPEED (kt)

                                      HEAT  COOL        AVG
    MEAN                              DEG   DEG         WIND                 DOM
DAY TEMP  HIGH   TIME   LOW    TIME   DAYS  DAYS  RAIN  SPEED HIGH   TIME    DIR
------------------------------------------------------------------------------------
 1   5.6   8.0   14:00   3.6    6:50   8.9   0.0   2.2   6.7  21.7   12:40   NNW
 2   6.2  10.1   14:00   3.7    1:30   8.3   0.0   0.0   4.7  16.5    2:50   NNW
 3   6.7  11.7   13:40   2.3    5:20   7.8   0.0   0.0   0.4   7.0   13:40    SE
 4   9.4  12.8   12:50   4.9    2:10   5.1   0.0   0.0   2.0  13.0   10:40   ESE
 5  10.7  16.6   14:30   5.9    6:30   3.9   0.0   0.0   2.2  12.2   22:20   NNW
 6  10.7  15.0   12:40   7.1    3:20   3.8   0.0   0.0   1.2  10.4    5:50   ESE
 7  13.4  17.8   15:40   9.2    3:30   1.8   0.0   0.0   3.3  16.5   14:20   ESE
 8  12.0  16.9   14:10   9.9    7:00   2.6   0.0   0.0   1.5  13.0   11:20   ESE
 9  10.6  13.9   14:30   7.3    4:50   3.9   0.0   0.2   0.9  10.4   14:40    NW
10  11.4  15.4   16:00   7.9    6:20   3.2   0.0   0.0   1.2  13.0   10:20   ESE
11  11.1  15.9   12:10   7.6    6:50   3.5   0.0   0.0   2.7  14.8   15:00   WNW
12   8.9  10.3   15:40   7.2    7:40   5.5   0.0   3.4   4.6  14.8   10:30   WNW
13   8.0  10.2   15:20   6.3    6:00   6.5   0.0   7.6   4.6  20.0    5:40   WNW
14   6.3   7.2   13:50   5.3   14:10   8.2   0.0  12.0   6.9  22.6   14:00     W
15   5.6   8.1   13:40   4.2   22:20   8.9   0.0  11.6   6.2  24.3    5:00   WNW
16   4.6   5.4   15:40   3.5    6:20  10.0   0.0  18.0   4.9  25.2    6:00     W
17   5.6   9.1   14:00   2.2    7:00   9.0   0.0   0.0   2.5  17.4   16:20    NW
18   6.7  10.1   15:30   2.4    6:30   7.8   0.0   0.0   1.7  13.9   20:50   ESE
19   9.4  13.4   16:00   5.6    6:30   5.1   0.0   0.0   2.3  13.9   12:50   ESE
20  10.4  16.4   15:30   6.6   00:00   4.2   0.0   0.0   1.6  10.4   16:10   ESE
21   9.7  14.8   13:40   6.0    5:30   4.8   0.0   0.0   2.3  11.3   13:10    NW
22   9.2  14.6   12:00   5.3    6:40   4.2   0.0   0.0   2.4  14.8   13:50    NW
23  10.7  15.0   14:20   7.8   23:50   2.2   0.0   0.0   3.5  13.0   16:20   NNW
24  12.7  18.2   14:30   6.3    6:30   2.7   0.0   0.2   0.8  11.3   13:20   ESE
25  15.1  19.3   15:20  11.2    5:10   0.8   0.0   0.0   1.7  15.7   11:50   ESE
26  13.2  13.7    0:10  12.9    0:40   0.0   0.0   0.0   1.1   5.2    0:20   ESE
27
28
-------------------------------------------------------------------------------------
     9.4  19.3    25     2.2    17   132.7   0.0  55.2   2.8  25.2    16     ESE

Max >=  32.0:  0
Max <=   0.0:  0
Min <=   0.0:  0
Min <= -18.0:  0
Max Rain: 18.01 ON 16/02/17
Days of Rain: 8 (> .2 mm) 6 (> 2 mm) 0 (> 20 mm)
Heat Base:  14.5  Cool Base:  25.0  Method: Integration
אימייל:
סיסמה:
אייקון:
 
 
 
 
 
 
 
 
 
 
 
 
 
 
 
 
 
 
 
 
 
 
 
שם לתצוגה:
שם רשמי:
קבלו התראות באימייל



   זכור אותי

שכחתי סיסמה ››
אימייל: