Jerusalem Weather Station   Height 775 m   Sun 4:51 20/10/19
About














feels like 16.2
16.7
°
C
16.7
°
C  at hill
18.1
 Hi 00:00
16.7
 Lo 04:24
11 min: 0.0C
24 hrs hour half hour
0.9
0.2
0.1
16.7
°
C  at valley
18.3
 Hi 00:00
16.7
 Lo 04:42
11 min:
0.1
C
24 hrs hour half hour
1.1
0.4
0.2
13.0
°
C  at road
15.8
 Hi 00:01
12.3
 Lo 04:30
24 hrs hour half hour
2.3
0.3
0.3
94 Hi 04:45     90 Lo 00:00
11 min:
1%
24 hrs hour half hour
1
1
1
16.0 Hi 00:19     15.1 Lo 04:24
24 hrs hour half hour
0.8
0.2
0.1
1,015.9 Hi 00:00   1,014.9 Lo 03:48
24 hrs half hour quarter hour
0.4
0.1
0.1
14.4 Hi 00:02
10 min Average: 0 km/hr
hour half hour quarter hour
0
0
0
0.0 Hi 00:00
hour half hour quarter hour
0
0
0
 Hi 00:00
0 sunshine hours till now
Rise: 06:46   Set: 18:02
24 hrs half hour quarter hour
0
0
0
 Rise:
 Set:
0.0 Hi 00:00
24 hrs half hour quarter hour
0
0
0
dust
20
±2 µg/m3 (PM10)

12
±2 µg/m3 (PM2.5)
PM10 - above 130 not healthy. Above 300 sport activity is not recommended
PM2.5 - above 38 not healthy. Above 100 sport activity is not recommended
PM2.5 is more dangerous
24 hrs 24 hrs half hour
6
3
0
You had better open the window
inside: 23.2
outside: 16.7
Assuming idealistic inside temperature of: 22
How do you feel now with the current temp?
what is your favorite season?


                            ANNUAL CLIMATOLOGICAL SUMMARY

NAME: Boaz Nechemia's Vantage Pro  CITY: Jerusalem   STATE: Israel  
ELEV:   745 m  LAT:  31 46' 09" N  LONG:  35 12' 07" E

               TEMPERATURE (C), HEAT BASE 14.5, COOL BASE 25.0
                          DEP.  HEAT  COOL                                          
        MEAN  MEAN        FROM  DEG   DEG                        MAX  MAX  MIN  MIN 
 YR MO  MAX   MIN   MEAN  NORM  DAYS  DAYS  HI  DATE  LOW  DATE  >=32 <=0  <=0  <=-18 
------------------------------------------------------------------------------------
 19  1  13.5   6.1   9.8  -0.0   151     0  20.2  24   1.6   16    0    0    0    0
 19  2  14.1   7.3  10.4  -0.1   121     0  21.1  25   4.4   28    0    0    0    0
 19  3  15.8   7.8  11.4  -1.7   110     0  22.3  13   4.7    1    0    0    0    0
 19  4  20.2  10.8  15.1  -1.7    54     2  29.7  29   6.3   23    0    0    0    0
 19  5  29.8  16.9  23.2   2.2     7    56  38.8  24   9.6   11   12    0    0    0
 19  6  30.0  19.6  24.4   1.1     0    43  34.7   5  16.7    9    8    0    0    0
 19  7  30.7  19.8  24.8  -0.3     0    50  36.1  17  17.7    4    7    0    0    0
 19  8  30.9  20.4  24.9  -0.1     0    50  34.7  16  18.6    9    8    0    0    0
 19  9  29.4  18.9  23.2  -0.4     0    27  34.4  18  15.8   25    4    0    0    0
 19 10  28.4  18.0  22.4   1.3     0    16  33.3  14  15.4    4    2    0    0    0
 19 11
 19 12
------------------------------------------------------------------------------------
        24.2  14.5  18.9   0.0   443   244  38.8 MAY   1.6  JAN   41    0    0    0

                                PRECIPITATION (mm)

               DEP.   MAX        DAYS OF RAIN 
               FROM   OBS.          OVER
 YR MO  TOTAL  NORM   DAY  DATE  .2   2   20
---------------------------------------------
 19  1  92.7  -39.3  24.0    9   12    6    2
 19  2 177.4   46.4  82.8   28   18    9    3
 19  3 111.6   36.6  27.0   14   15    9    3
 19  4  13.2   -5.8   6.0   21    4    2    0
 19  5   0.0   -6.5   0.0    1    0    0    0
 19  6   0.2    0.2   0.2   22    1    0    0
 19  7   0.0    0.0   0.0    1    0    0    0
 19  8   0.2    0.2   0.2    9    1    0    0
 19  9   0.4   -0.2   0.2    3    2    0    0
 19 10   1.2  -12.8   1.0    5    2    0    0
 19 11
 19 12
---------------------------------------------
       396.8  18.7  82.8  FEB   55   26    8

                                WIND SPEED (km/hr)
                          DOM
 YR MO   AVG.  HI   DATE  DIR
---------------------------------
 19  1   8.5  70.8    8     W
 19  2   7.9  72.4   28   WNW
 19  3   8.0  64.4   16   WNW
 19  4   7.4  61.2   21   WNW
 19  5   6.9  46.7    3    NW
 19  6   8.7  46.7   28    NW
 19  7   8.7  57.9   17    NW
 19  8   8.7  41.8    9    NW
 19  9   7.2  38.6    7    NW
 19 10   5.0  41.8   15    NW
 19 11
 19 12
---------------------------------
         7.8  72.4  FEB   NW
Email:
Password:
Icon:
 
 
 
 
 
 
 
 
 
 
 
 
 
 
 
 
 
 
 
 
 
 
 
Display name:
Nice name:
Get alarms by Email
Pesonal Cold Meter(?)The cold meter will be displayed based on your votes only



   Remember me

Reset password ››
Email: