Jerusalem Weather Station   Height 775 m   Sun 3:05 21/10/18
About













feels like 16.6
17.1°c
17.1°c  at hill
17.7
 Hi 00:00
17.1
 Lo 03:00
15 min:
0.1°c
24 hrs hour half hour
1.0
0.1
0.2
17.4°c  at valley
17.7
 Hi 02:18
17.4
 Lo 00:16
15 min:
0.2°c
24 hrs hour half hour
0.4
0.0
0.3
13.6°c  at road
14.4
 Hi 02:43
12.8
 Lo 00:17
24 hrs hour half hour
0.8
0.5
0.2
92 Hi 02:41     88 Lo 00:00
15 min: 0%
24 hrs hour half hour
2
2
1
15.6 Hi 02:56     14.5 Lo 00:46
24 hrs hour half hour
0.1
0.3
0
1,010.5 Hi 00:00   1,009.8 Lo 02:41
24 hrs half hour quarter hour
0.1
0.0
0.0
16.2 Hi 02:31
10 min Average: 5.0 km/hr
hour half hour quarter hour
11.2
4.7
0
0.0 Hi 00:00
hour half hour quarter hour
0
0
0
 Hi 00:00
24 hrs half hour quarter hour
0
0
0
0.0 Hi 00:00
24 hrs half hour quarter hour
0
0
0
dust
54±11 µg/m3 (PM10)
13±5 µg/m3 (PM2.5)
PM10 - above 130 not healthy. Above 300 sport activity is not recommended
PM2.5 - above 38 not healthy. Above 100 sport activity is not recommended
PM2.5 is more dangerous
24 hrs 24 hrs half hour
112
7
7
You had better open the window
inside: 23.9
outside: 17.1
Assuming idealistic inside temperature of: 22
How do you feel now with the current temp?
what is your favorite season?
  • Cold meter
  • Best season


                            ANNUAL CLIMATOLOGICAL SUMMARY

NAME: Boaz Nechemia's Vantage Pro  CITY: Jerusalem   STATE: Israel  
ELEV:   745 m  LAT:  31 46' 09" N  LONG:  35 12' 07" E

               TEMPERATURE (C), HEAT BASE 14.5, COOL BASE 25.0
                          DEP.  HEAT  COOL                                          
        MEAN  MEAN        FROM  DEG   DEG                        MAX  MAX  MIN  MIN 
 YR MO  MAX   MIN   MEAN  NORM  DAYS  DAYS  HI  DATE  LOW  DATE  >=32 <=0  <=0  <=-18 
------------------------------------------------------------------------------------
 18  1  13.2   7.3  10.0   0.2   142     0  20.9  11   3.4   26    0    0    0    0
 18  2  18.3   9.9  13.7   3.2    57     0  24.3  10   5.6    1    0    0    0    0
 18  3  22.2  11.3  16.3   3.2    35     4  31.3  23   7.9   12    0    0    0    0
 18  4  23.5  13.1  17.9   1.1    17     4  31.9  18   9.8   10    0    0    0    0
 18  5  28.1  18.0  22.9   1.9     1    39  36.2  19  11.9   15    6    0    0    0
 18  6  28.8  18.3  23.2  -0.1     0    31  36.6  16  15.7    2    3    0    0    0
 18  7  30.5  19.8  24.6  -0.5     0    47  36.8  25  17.3    1    5    0    0    0
 18  8  29.7  20.0  24.0  -1.0     0    32  33.6  24  18.9   20    2    0    0    0
 18  9  29.6  19.4  23.5  -0.1     0    30  35.1  30  16.8   23    7    0    0    0
 18 10  26.3  17.9  21.2   0.1     0     6  32.8   3  15.9   13    1    0    0    0
 18 11
 18 12
------------------------------------------------------------------------------------
        25.0  15.4  19.7   0.8   252   192  36.8 JUL   3.4  JAN   24    0    0    0

                                PRECIPITATION (mm)

               DEP.   MAX        DAYS OF RAIN 
               FROM   OBS.          OVER
 YR MO  TOTAL  NORM   DAY  DATE  .2   2   20
---------------------------------------------
 18  1 183.4   51.4  59.8    5   19   12    2
 18  2  66.0  -65.0  26.0   17   11    7    1
 18  3   8.8  -66.2   4.0   30    3    2    0
 18  4  64.2   45.2  20.2   26    6    4    1
 18  5   1.8   -4.7   1.2   12    2    0    0
 18  6   0.4    0.4   0.4   13    1    0    0
 18  7   0.0    0.0   0.0    1    0    0    0
 18  8   0.0    0.0   0.0    1    0    0    0
 18  9   2.2    1.6   0.8    8    6    0    0
 18 10   0.0  -14.0   0.0    1    0    0    0
 18 11
 18 12
---------------------------------------------
       326.8 -51.3  59.8  JAN   48   25    4

                                WIND SPEED (km/hr)
                          DOM
 YR MO   AVG.  HI   DATE  DIR
---------------------------------
 18  1   7.5  80.5    5     W
 18  2   4.0  62.8   13     W
 18  3   2.0  74.0    4    NW
 18  4   6.8  49.9   21    NW
 18  5   7.8  61.2    6    NW
 18  6   9.1  46.7   11    NW
 18  7   9.7  43.5   13    NW
 18  8   9.6  48.3   13    NW
 18  9   6.8  37.0    6    NW
 18 10   6.2  29.0    8   NNW
 18 11
 18 12
---------------------------------
         7.0  80.5  JAN   NW
Email:
Password:
Icon:
 
 
 
 
 
 
 
 
 
 
 
 
 
 
 
 
 
 
 
 
 
 
 
Display name:
Nice name:
Get alarms by Email
Pesonal Cold Meter(?)The cold meter will be displayed based on your votes only



   Remember me

Reset password ››
Email: