תחנת מזג-אוויר עדכנית בי-ם   גובה 775 מ'   ש 2:08 30/05/20
אודות
















מרגיש כמו 12.6
12.6
°
C
12.6
°
C  בהר
13.2
 גבוה 00:00
12.6
 נמוך 02:03
18 דק':
0.1
24 שע' hour half hour
1.2
0.2
0.1
13.3
°
C  בעמק
14.1
 גבוה 00:05
13.3
 נמוך 01:55
18 דק': 0.0
24 שע' hour half hour
1
0.6
0.2
11.1
°
C  בכביש
12.8
 גבוה 00:25
10.9
 נמוך 02:07
24 שע' hour half hour
1.9
0.5
0.0
85
 גבוה
 01:22     
83
 נמוך
 00:00
18 דק': 0%
24 שע' hour half hour
4
1
0
10.6
 גבוה
 00:10     
10.0
 נמוך
 02:03
24 שע' hour half hour
1.5
0.2
0.2
1,014.2
 גבוה
 00:00   
1,013.4
 נמוך
 02:04
24 שע' half hour quarter hour
0.4
0.4
0.2
19.4
 גבוה
 00:05
10 דק' ממוצע: 7 קמש
hour half hour quarter hour
3
3
1
0.0
 גבוה
 00:00
גשם היום מחצות: 0.0  
סה'כ עונתי: 660.8 מ''מ
hour half hour quarter hour
0
0
0
 גבוה
 00:00
0 שעות שמש עד עכשיו
זריחה: 05:35   שקיעה: 19:39
24 שע' half hour quarter hour
0
0
0
 זריחה:
 שקיעה:
0.0
 גבוה
 00:00
24 שע' half hour quarter hour
0
0
0
אבק
    • לא בריא
    • לא לעשות ספורט
    • אבק גדול
    • 16 µg/m3
    • +130
    • +300
    • אבק קטן
    • 5 µg/m3
    • +38
    • +100
  • הקטן יותר מסוכן
24 שע' 24 שע' half hour
3
0
0
כדאי לפתוח חלון
בפנים: 22.7
בחוץ: 12.6
המטרה של הדף הזה היא למזג את הבית כך שייתקרב כמה שיותר לתחושה הנוחה ביותר לנו.
זה כמובן אינדיבידואלי, לכן צריך לעשות כמה הנחות. ההנחה היא שהטמפרטורה האידיאלית בבית היא: 22
הליכה וריצה
איך ההרגשה עכשיו עם הטמפרטורה הנוכחית?
מהי העונה החביבה עליך?


                   MONTHLY CLIMATOLOGICAL SUMMARY for MAY. 2020

NAME: Boaz Nechemia's Vantage Pro   CITY: Jerusalem   STATE: Israel 
ELEV:   745 m  LAT:  31 46' 09" N  LONG:  35 12' 07" E

                   TEMPERATURE (C), RAIN  (mm), WIND SPEED (km/hr)

                                      HEAT  COOL        AVG
    MEAN                              DEG   DEG         WIND                 DOM
DAY TEMP  HIGH   TIME   LOW    TIME   DAYS  DAYS  RAIN  SPEED HIGH   TIME    DIR
------------------------------------------------------------------------------------
 1  17.4  23.7   14:30  11.3    6:10   0.5   0.0   0.0   7.9  41.8   15:10   WNW
 2  16.5  20.8   13:30  13.0    6:10   0.2   0.0   0.0   9.3  38.6   14:20     W
 3  18.1  25.1   15:30  11.6    6:20   0.4   0.0   0.0   8.0  29.0   16:40    NW
 4  19.2  24.7   14:50  13.3    5:50   0.1   0.0   0.0   6.9  29.0   13:50    NW
 5  15.6  22.5   10:00  11.6   19:30   0.7   0.0   4.8   9.7  45.1   18:00   WNW
 6  14.1  18.7   15:00  11.4    1:30   1.3   0.0   4.4  14.3  46.7    2:40   WNW
 7  17.8  25.3   15:00  11.2    6:30   0.8   0.0   0.0   3.2  17.7   15:30     N
 8  21.9  30.3   15:00  14.9    3:20   0.0   1.1   0.0   4.3  32.2   15:10    SE
 9  17.1  20.5   14:30  14.6   22:10   0.0   0.0   0.0  12.6  45.1   14:00   WNW
10  16.6  22.3   14:40  12.8    6:00   0.3   0.0   0.0   6.4  27.4   18:30    NW
11  19.2  26.4   14:20  11.8    5:20   0.5   0.1   0.0   4.2  24.1   16:50     N
12  23.4  31.8   15:10  15.6    5:50   0.0   1.4   0.0   3.4  20.9   10:00    SE
13  25.8  33.1   14:00  19.3    6:00   0.0   2.3   0.0   2.6  20.9   14:40     N
14  28.3  34.7   14:50  23.5    1:50   0.0   3.5   0.0   2.9  20.9   11:20   NNE
15  30.2  35.2   14:50  24.4    0:10   0.0   5.2   0.0   3.9  25.7   10:00   ESE
16  31.0  36.8   16:50  26.1    5:20   0.0   6.0   0.0   4.7  27.4   10:00   ESE
17  32.0  36.9   16:40  27.4    6:40   0.0   7.0   0.0   4.8  30.6   12:40   ESE
18  32.1  37.0   16:10  27.3    6:00   0.0   7.1   0.0   4.0  25.7   11:20   NNE
19  32.2  37.1   16:10  27.4    5:40   0.0   7.1   0.0   5.3  29.0    9:50   ESE
20  32.0  37.3   14:40  27.7    6:00   0.0   7.0   0.0   5.0  30.6   16:50   ESE
21  30.3  36.0   12:50  23.7    5:10   0.0   5.4   0.0   6.0  32.2   14:50     N
22  24.6  31.2   11:20  17.1   23:20   0.0   1.3   0.0  10.8  38.6   14:50    NW
23  18.3  22.6   13:50  15.1   23:50   0.0   0.0   0.0  14.5  45.1   21:40   WNW
24  15.3  18.4   14:40  13.2   00:00   0.3   0.0   0.4  19.8  59.5   17:00   WNW
25  16.6  21.8   15:40  12.9    3:50   0.4   0.0   0.0   9.2  30.6   14:40     W
26  20.3  29.9   16:10  12.3    6:00   0.4   0.6   0.0   3.7  24.1   18:20   ESE
27  19.8  25.2   14:20  15.2   00:00   0.0   0.0   0.0   7.9  37.0   17:10    NW
28  17.6  22.0   15:30  14.6   23:50   0.0   0.0   0.0  11.7  33.8   18:20    NW
29  16.4  20.3   15:00  13.7    5:10   0.1   0.0   0.0  12.6  33.8   13:40    NW
30  13.8  14.1    0:10  13.3    2:00   0.1   0.0   0.0   5.8  17.7    0:10   NNW
31
-------------------------------------------------------------------------------------
    21.8  37.3    20    11.2     7     6.0  55.2   9.6   7.5  59.5    24     WNW

Max >=  32.0:  9
Max <=   0.0:  0
Min <=   0.0:  0
Min <= -18.0:  0
Max Rain: 4.80 ON 05/05/20
Days of Rain: 3 (> .2 mm) 2 (> 2 mm) 0 (> 20 mm)
Heat Base:  14.5  Cool Base:  25.0  Method: Integration
אימייל:
סיסמה:
אייקון:
 
 
 
 
 
 
 
 
 
 
 
 
 
 
 
 
 
 
 
 
 
 
 
שם לתצוגה:
שם רשמי:
קבלו התראות באימייל
מדד קור מותאם אישית(?)מדד הקור יוצג בהתאם להצבעות שלך בלבד



   זכור אותי

שכחתי סיסמה ››
אימייל: