תחנת מזג-אוויר עדכנית בי-ם   גובה 775 מ'   ה 12:55 22/08/19
אודות














מרגיש כמו 36.2 בצל/שמש 28.8
29.6
°
C
29.6
°
C  בהר
29.7
 גבוה 12:22
19.8
 נמוך 01:56
15 דק':
0.1
C
24 שע' hour half hour
2.8
1
0.1
30.6
°
C  בעמק
30.6
 גבוה 12:52
19.1
 נמוך 04:37
15 דק':
0.4
C
24 שע' hour half hour
2.4
1.3
0.5
51.7
°
C  בכביש
53.7
 גבוה 12:49
14.2
 נמוך 05:38
24 שע' hour half hour
0.4
5
0.6
83 גבוה 01:17     39 נמוך 12:10
15 דק': 0%
24 שע' hour half hour
10
0
1
16.8 גבוה 01:27     11.6 נמוך 04:44
24 שע' hour half hour
1.7
1.3
0.1
1,010.2 גבוה 00:00   1,008.6 נמוך 03:45
24 שע' half hour quarter hour
0.3
0.1
0.0
25.9 גבוה 12:51
10 דק' ממוצע: 8 קמש
hour half hour quarter hour
5
12
0
928 גבוה 12:45
4.4 שעות שמש עד עכשיו
זריחה: 06:08   שקיעה: 19:16
24 שע' half hour quarter hour
10
5
5
 זריחה:
 שקיעה:
8.7 גבוה 12:45
24 שע' half hour quarter hour
0.1
0.1
0.1
אבק
45
±4 µg/m3 (PM10)

23
±14 µg/m3 (PM2.5)
PM10 - מעל 130 לא בריא. מעל 300 לא מומלץ לעשות פעילות גופנית
PM2.5 - מעל 38 לא בריא. מעל 100 לא מומלץ לעשות פעילות גופנית
24 שע' 24 שע' half hour
8
41
0
כדאי לסגור חלון
בפנים: 27.0
בחוץ: 29.6
המטרה של הדף הזה היא למזג את הבית כך שייתקרב כמה שיותר לתחושה הנוחה ביותר לנו.
זה כמובן אינדיבידואלי, לכן צריך לעשות כמה הנחות. ההנחה היא שהטמפרטורה האידיאלית בבית היא: 22
איך ההרגשה עכשיו עם הטמפרטורה הנוכחית?
מהי העונה החביבה עליך?


                   MONTHLY CLIMATOLOGICAL SUMMARY for AUG. 2019

NAME: Boaz Nechemia's Vantage Pro   CITY: Jerusalem   STATE: Israel 
ELEV:   745 m  LAT:  31 46' 09" N  LONG:  35 12' 07" E

                   TEMPERATURE (C), RAIN  (mm), WIND SPEED (km/hr)

                                      HEAT  COOL        AVG
    MEAN                              DEG   DEG         WIND                 DOM
DAY TEMP  HIGH   TIME   LOW    TIME   DAYS  DAYS  RAIN  SPEED HIGH   TIME    DIR
------------------------------------------------------------------------------------
 1  25.9  32.6   14:10  20.7   00:00   0.0   2.1   0.0   8.2  33.8   18:00    NW
 2  23.4  29.2   14:10  19.8    2:30   0.0   0.9   0.0  11.1  37.0   17:40    NW
 3  23.6  29.2   15:00  19.4    6:10   0.0   0.9   0.0   9.0  32.2   17:30    NW
 4  25.0  31.4   14:10  19.9    6:20   0.0   1.6   0.0   9.3  30.6   15:40   WNW
 5  25.2  31.5   15:10  20.7    3:10   0.0   1.7   0.0   8.0  30.6   14:20    NW
 6  23.8  29.9   14:20  20.0    6:20   0.0   1.0   0.0  11.3  35.4   19:00   WNW
 7  23.1  28.2   14:50  19.7    5:00   0.0   0.6   0.0   9.2  30.6   18:20    NW
 8  23.7  29.4   13:30  18.8    1:20   0.0   1.0   0.0   8.9  33.8   14:40    NW
 9  23.3  29.2   14:30  18.6    5:40   0.0   0.9   0.2  11.1  41.8   18:20    NW
10  23.4  29.1   14:00  19.8    5:40   0.0   0.9   0.0  10.3  32.2   15:40   WNW
11  25.1  30.9   13:50  20.2    5:20   0.0   1.7   0.0  10.1  33.8   16:40    NW
12  26.4  31.7   13:50  21.9    6:40   0.0   2.2   0.0   9.8  35.4   16:10    NW
13  27.8  32.6   14:20  22.9    7:00   0.0   3.1   0.0   9.3  38.6   15:00   NNW
14  26.1  31.4   14:10  21.2   00:00   0.0   2.1   0.0  10.3  35.4   18:00    NW
15  25.9  31.3   16:10  19.4    6:20   0.0   2.5   0.0   6.6  30.6   12:10   WNW
16  28.1  34.7   13:20  22.7    6:10   0.0   3.5   0.0   8.2  35.4   13:50    NW
17  24.3  29.7   14:20  20.4    5:20   0.0   1.0   0.0  10.3  37.0   15:40    NW
18  23.6  29.1   13:50  20.6    2:30   0.0   0.7   0.0  10.0  32.2   18:10    NW
19  23.3  30.7   15:50  19.1    6:20   0.0   0.9   0.0   7.9  30.6   15:00   WNW
20  23.5  28.8   14:00  19.2    6:10   0.0   0.9   0.0   8.7  27.4   15:40   WNW
21  23.9  29.4   14:20  20.1    6:20   0.0   1.1   0.0   7.7  25.7   17:40   NNW
22  22.9  30.3   12:50  19.1    4:40   0.0   0.5   0.0   4.5  22.5   12:00     N
23
24
25
26
27
28
29
30
31
-------------------------------------------------------------------------------------
    24.6  34.7    16    18.6     9     0.0  31.9   0.2   9.1  41.8     9      NW

Max >=  32.0:  3
Max <=   0.0:  0
Min <=   0.0:  0
Min <= -18.0:  0
Max Rain: 0.20 ON 09/08/19
Days of Rain: 1 (> .2 mm) 0 (> 2 mm) 0 (> 20 mm)
Heat Base:  14.5  Cool Base:  25.0  Method: Integration
אימייל:
סיסמה:
אייקון:
 
 
 
 
 
 
 
 
 
 
 
 
 
 
 
 
 
 
 
 
 
 
 
שם לתצוגה:
שם רשמי:
קבלו התראות באימייל
מדד קור מותאם אישית(?)מדד הקור יוצג בהתאם להצבעות שלך בלבד



   זכור אותי

שכחתי סיסמה ››
אימייל: