Jerusalem Weather Station   Height 775 m   Thu 2:46 19/10/17
About











18.8°c  at valley
20.0
 Hi 00:00
18.4
 Lo 01:49
16 min:
0.3°c
24 hrs hour half hour
0.5
0.1
0.2
22.8°c  at hill
20.0
 Hi 01:24
18.4
 Lo 00:09
16 min:
1.7°c
24 hrs hour half hour
3.9
1.7
2.2
42 Hi 01:39     37 Lo 00:00
16 min: 0%
24 hrs hour half hour
1
2
1
5.5 Hi 00:39     4.7 Lo 02:09
16 min:
0
24 hrs hour half hour
0.8
0.6
0.2
1,013.9 Hi 00:00   1,013.7 Lo 02:45
24 hrs half hour quarter hour
0.1
0.1
0.0
2.6 Hi 01:02
10 min Average: 1.3 knots
hour half hour quarter hour
1.7
1.7
0.8
0.0 Hi 00:00
hour half hour quarter hour
0
0
0
 Hi 00:00
24 hrs half hour quarter hour
0
0
0
0.0 Hi 00:00
24 hrs half hour quarter hour
0
0
0
dust
0±0 µg/m3 (PM10)
9±10 µg/m3 (PM2.5)
PM10 - above 130 not healthy. Above 300 sport activity is not recommended
PM2.5 - above 38 not healthy. Above 100 sport activity is not recommended
PM2.5 is more dangerous
How do you feel now with the current temp?
what is your favorite season?
  • Cold meter
  • Best season


                   MONTHLY CLIMATOLOGICAL SUMMARY for OCT. 2017

NAME: Boaz Nechemia's Vantage Pro   CITY: Jerusalem   STATE: Israel 
ELEV:   745 m  LAT:  31 46' 09" N  LONG:  35 12' 07" E

                   TEMPERATURE (C), RAIN  (mm), WIND SPEED (kt)

                                      HEAT  COOL        AVG
    MEAN                              DEG   DEG         WIND                 DOM
DAY TEMP  HIGH   TIME   LOW    TIME   DAYS  DAYS  RAIN  SPEED HIGH   TIME    DIR
------------------------------------------------------------------------------------
 1  22.0  28.5   15:10  16.2    6:50   0.0   0.5   0.0   1.1  13.0   15:20    NW
 2  24.7  32.1   16:00  19.2    3:20   0.0   1.7   0.0   1.8  11.3   13:10    SE
 3  21.4  26.3   13:40  17.7   00:00   0.0   0.1   0.0   5.1  18.3   16:50    NW
 4  20.2  26.7   14:40  16.8    5:10   0.0   0.1   0.0   3.7  14.8   16:50    NW
 5  19.8  24.8   13:00  16.3    7:00   0.0   0.0   0.0   3.3  14.8   15:30    NW
 6  19.6  24.5   14:40  16.1    6:30   0.0   0.0   0.0   3.0  13.9   16:50    NW
 7  20.6  26.9   17:00  15.1    6:50   0.0   0.1   0.0   0.5  10.4   13:00    SE
 8  21.3  25.0   10:50  18.4    6:50   0.0   0.0   0.0   5.0  20.0   13:30     W
 9  18.4  20.5   15:50  17.2    2:30   0.0   0.0   3.6   4.3  19.1   11:10   WNW
10  18.1  22.3   15:50  15.5    7:10   0.0   0.0   0.0   4.3  14.8   15:50    NW
11  18.5  24.8   15:40  14.3    7:00   0.0   0.0   0.0   2.6  13.0   15:00    NW
12  18.4  24.4   15:30  14.2    6:30   0.0   0.0   0.0   2.9  15.7   18:00    NW
13  18.7  24.1   14:50  15.1    7:20   0.0   0.0   0.0   2.7  14.8   16:10    NW
14  18.6  22.8   13:50  16.0    7:00   0.0   0.0   0.0   4.3  16.5   13:20    NW
15  18.2  23.8   14:30  14.0    5:10   0.0   0.0   0.0   3.3  13.9   17:20   NNW
16  17.7  21.7   13:20  14.8    7:20   0.0   0.0   0.0   2.7  16.5   16:30    NW
17  20.1  26.1   15:10  15.2    2:00   0.0   0.0   0.0   1.7  13.9   17:10   NNE
18  21.8  27.1   15:00  16.8    3:50   0.0   0.2   0.0   0.3   7.8    9:20    SE
19  19.2  20.0    0:10  18.4    2:00   0.0   0.0   0.0   0.3   2.6    1:10   ESE
20
21
22
23
24
25
26
27
28
29
30
31
-------------------------------------------------------------------------------------
    19.8  32.1     2    14.0    15     0.0   2.8   3.6   2.8  20.0     8      NW

Max >=  32.0:  1
Max <=   0.0:  0
Min <=   0.0:  0
Min <= -18.0:  0
Max Rain: 3.61 ON 09/10/17
Days of Rain: 1 (> .2 mm) 1 (> 2 mm) 0 (> 20 mm)
Heat Base:  14.5  Cool Base:  25.0  Method: Integration
Email:
Password:
Icon:
 
 
 
 
 
 
 
 
 
 
 
 
 
 
 
 
 
 
 
 
 
 
 
Display name:
Nice name:
Get alarms by Email
Pesonal Cold Meter(?)The cold meter wii be displayed based on your votes only



   Remember me

Reset password ››
Email: