Jerusalem Weather Station   Height 775 m   Sun 17:36 17/12/17
About











16.7°c  at hill
20.2
 Hi 13:26
11.6
 Lo 05:46
16 min: 0.0°c
24 hrs hour half hour
2.3
1.1
0.5
16.4°c  at valley
20.1
 Hi 13:26
10.5
 Lo 05:46
16 min:
0.4°c
24 hrs hour half hour
2.1
1.7
0.9
75 Hi 01:45     31 Lo 14:05
16 min:
2%
24 hrs hour half hour
17
5
3
8.1 Hi 06     2.0 Lo 14:18
16 min:
2
24 hrs hour half hour
4.6
1.3
1.4
1,021.3 Hi 07:33   1,018.3 Lo 12:49
24 hrs half hour quarter hour
0.3
0.1
0.1
9.5 Hi 13:29
10 min Average: 0.0 knots
hour half hour quarter hour
0
0
0
0.0 Hi 00:00
hour half hour quarter hour
0
0
0
543 Hi 12:10
24 hrs half hour quarter hour
0
0
0
2.3 Hi 11:07
24 hrs half hour quarter hour
0
0
0
dust
51±7 µg/m3 (PM10)
22±8 µg/m3 (PM2.5)
PM10 - above 130 not healthy. Above 300 sport activity is not recommended
PM2.5 - above 38 not healthy. Above 100 sport activity is not recommended
PM2.5 is more dangerous
How do you feel now with the current temp?
what is your favorite season?
  • Cold meter
  • Best season


                   MONTHLY CLIMATOLOGICAL SUMMARY for DEC. 2017

NAME: Boaz Nechemia's Vantage Pro   CITY: Jerusalem   STATE: Israel 
ELEV:   745 m  LAT:  31 46' 09" N  LONG:  35 12' 07" E

                   TEMPERATURE (C), RAIN  (mm), WIND SPEED (kt)

                                      HEAT  COOL        AVG
    MEAN                              DEG   DEG         WIND                 DOM
DAY TEMP  HIGH   TIME   LOW    TIME   DAYS  DAYS  RAIN  SPEED HIGH   TIME    DIR
------------------------------------------------------------------------------------
 1  14.4  18.6   15:00   9.9    3:40   1.3   0.0   0.0   1.3  12.2   19:20    SE
 2  15.2  19.9   15:10  10.8    2:20   0.9   0.0   0.0   1.7  14.8   11:10   ESE
 3  16.9  21.6   14:40  12.5    3:00   0.4   0.0   0.0   1.7  12.2    9:40   ESE
 4  18.5  23.2   14:50  14.7    3:20   0.0   0.0   0.0   2.1  12.2   10:00   ESE
 5  15.6  19.1    9:20  13.4    5:20   0.2   0.0   0.0   3.9  16.5   23:20   WNW
 6  10.4  13.9    0:20   7.0   00:00   4.1   0.0  21.4   9.0  29.6   21:30   WNW
 7   8.5  11.9   13:20   6.6    4:00   6.0   0.0   1.8   4.8  23.5    1:00    NW
 8   8.9  12.2   14:20   5.3    6:30   5.6   0.0   0.0   0.3   8.7   14:40   ESE
 9  10.8  14.8   15:10   6.4    6:40   3.7   0.0   0.0   1.0  10.4   12:10   ESE
10  12.7  19.7   13:50   7.7    6:40   2.7   0.0   0.0   0.7   9.6   16:50   ESE
11  14.1  19.9   14:30   8.5    5:20   1.8   0.0   0.0   1.0  10.4   15:00    SE
12  16.9  21.1   15:10  13.2    3:40   0.2   0.0   0.0   1.7  11.3   12:30    SE
13  14.1  16.8   12:50  12.2   23:00   0.7   0.0   0.0   5.0  20.9   15:50   WNW
14  13.2  16.6   13:50  11.6    4:50   1.5   0.0   0.0   5.7  17.4    1:10   WNW
15  12.9  17.3   12:20  10.2   00:00   1.9   0.0   0.0   1.6  12.2   14:40   NNW
16  12.5  16.9   15:10   8.9    6:30   2.3   0.0   0.0   0.6  14.8   13:10    SE
17  14.8  20.1   13:30  10.5    5:50   1.2   0.0   0.0   0.5   9.6   13:40    SE
18
19
20
21
22
23
24
25
26
27
28
29
30
31
-------------------------------------------------------------------------------------
    13.6  23.2     4     5.3     8    34.5   0.0  23.2   2.5  29.6     6      SE

Max >=  32.0:  0
Max <=   0.0:  0
Min <=   0.0:  0
Min <= -18.0:  0
Max Rain: 21.41 ON 06/12/17
Days of Rain: 2 (> .2 mm) 1 (> 2 mm) 1 (> 20 mm)
Heat Base:  14.5  Cool Base:  25.0  Method: Integration
Email:
Password:
Icon:
 
 
 
 
 
 
 
 
 
 
 
 
 
 
 
 
 
 
 
 
 
 
 
Display name:
Nice name:
Get alarms by Email
Pesonal Cold Meter(?)The cold meter wii be displayed based on your votes only



   Remember me

Reset password ››
Email: