Jerusalem Weather Station   Height 775 m   Thu 21:43 27/07/17
About










75°F
75°F  mountain
92
 Hi 13:37
75
 Lo 05:49
13 min: 0.0°F
24 hrs hour half hour
 7.0
 1.0
 1.0
76°F  valley
94
 Hi 13:37
76
 Lo 05:49
13 min: 0.0°F
24 hrs hour half hour
 5.0
 1.0
0.0
86 Hi 21:30     20 Lo 08:52
13 min:
 1%
24 hrs hour half hour
 43
 3
 1
1,005.6 Hi 21:37   1,003.0 Lo 17:27
24 hrs half hour quarter hour
 0.6
 0.3
 0.1
17.4 Hi 17:19
10 min Average: 8.3 knots
hour half hour quarter hour
 3.5
 3.5
 3.5
0.0 Hi 00:00
hour half hour quarter hour
0
0
0
889 Hi 12:49
24 hrs half hour quarter hour
0
0
0
6.3 Hi 12:41
24 hrs half hour quarter hour
0
0
0
dust
24±0 µg/m3 (PM10)
23±2 µg/m3 (PM2.5)
PM10 - above 130 not healthy. Above 300 sport activity is not recommended
PM2.5 - above 38 not healthy. Above 100 sport activity is not recommended
PM2.5 is more dangerous
How do you feel now with the current temp?
what is your favorite season?
  • Cold meter
  • Best season


                   MONTHLY CLIMATOLOGICAL SUMMARY for JUL. 2017

NAME: Boaz Nechemia's Vantage Pro   CITY: Jerusalem   STATE: Israel 
ELEV:   745 m  LAT:  31 46' 09" N  LONG:  35 12' 07" E

                   TEMPERATURE (C), RAIN  (mm), WIND SPEED (kt)

                                      HEAT  COOL        AVG
    MEAN                              DEG   DEG         WIND                 DOM
DAY TEMP  HIGH   TIME   LOW    TIME   DAYS  DAYS  RAIN  SPEED HIGH   TIME    DIR
------------------------------------------------------------------------------------
 1  27.6  35.1   14:50  20.7    3:50   0.0   3.6   0.0   2.4  15.7   16:00    NW
 2  30.3  35.8   11:00  23.0    5:50   0.0   5.5   0.0   2.9  13.0   13:20    NW
 3  31.5  37.2   14:20  25.0    6:00   0.0   6.5   0.0   3.8  17.4   14:40    NW
 4  30.4  35.9   14:10  24.4   22:30   0.0   5.4   0.0   5.0  16.5   16:20    NW
 5  25.6  32.4   15:00  20.7    5:40   0.0   2.0   0.0   4.8  15.7   14:00    NW
 6  23.2  28.7   13:40  19.9    5:40   0.0   0.6   0.0   6.3  20.0   15:50   WNW
 7  23.1  28.3   13:50  19.9    5:40   0.0   0.6   0.0   6.4  18.3   17:50    NW
 8  24.4  30.7   14:30  19.3    4:30   0.0   1.5   0.2   3.9  17.4   17:30   NNW
 9  26.0  32.8   15:00  19.9    7:00   0.0   2.3   0.0   3.7  14.8   17:10    NW
10  27.7  34.2   14:50  20.8    4:20   0.0   3.4   0.0   3.9  14.8   16:30   NNW
11  28.4  34.7   14:00  23.3   00:00   0.0   3.5   0.0   5.0  16.5   18:30   NNW
12  27.0  33.3   14:20  22.0    1:50   0.0   2.7   0.0   3.7  15.7   16:50    NW
13  27.2  33.1   13:30  22.3    5:00   0.0   2.8   0.0   4.2  17.4   16:10    NW
14  29.1  34.8   14:20  23.9    6:50   0.0   4.1   0.0   3.6  14.8   16:00    NW
15  27.9  34.7   13:50  21.3    5:10   0.0   3.5   0.0   2.6  15.7   15:00    NW
16  28.9  35.3   15:00  21.5    3:50   0.0   4.7   0.0   2.6  17.4   15:00    NW
17  29.4  35.3   11:50  24.3    6:40   0.0   4.4   0.0   3.6  15.7   17:30    NW
18  26.3  32.6   14:20  21.3    6:20   0.0   2.4   0.0   4.3  16.5   15:30    NW
19  26.4  30.7   14:40  21.3    3:10   0.0   1.9   0.0   6.0  19.1   18:20   NNW
20  24.5  30.7   14:40  20.3    5:20   0.0   1.3   0.0   4.9  14.8   15:30    NW
21  24.8  32.4   14:30  20.3    5:50   0.0   1.8   0.0   4.6  14.8   17:40    NW
22  25.0  31.9   14:10  20.8    7:00   0.0   1.6   0.0   4.6  16.5   14:30    NW
23  24.9  32.4   15:20  19.7    5:20   0.0   1.9   0.0   4.1  13.9    1:50   WNW
24  25.7  33.9   15:10  20.1    6:10   0.0   2.3   0.0   3.4  13.9   16:20   NNW
25  27.5  34.2   15:00  21.2    3:20   0.0   3.4   0.0   2.4  13.9   16:00   NNW
26  29.1  35.8   14:00  23.9    2:10   0.0   4.1   0.0   3.3  14.8   18:40   NNW
27  28.9  34.6   13:40  24.3   21:40   0.0   3.5   0.0   5.0  17.4   17:30    NW
28
29
30
31
-------------------------------------------------------------------------------------
    27.1  37.2     3    19.3     8     0.0  81.5   0.2   4.1  20.0     6      NW

Max >=  32.0: 21
Max <=   0.0:  0
Min <=   0.0:  0
Min <= -18.0:  0
Max Rain: 0.20 ON 08/07/17
Days of Rain: 1 (> .2 mm) 0 (> 2 mm) 0 (> 20 mm)
Heat Base:  14.5  Cool Base:  25.0  Method: Integration
Email:
Password:
Icon:
 
 
 
 
 
 
 
 
 
 
 
 
 
 
 
 
 
 
 
 
 
 
 
Display name:
Nice name:
Get alarms by Email
Pesonal Cold Meter(?)The cold meter wii be displayed based on your votes only



   Remember me

Reset password ››
Email: