Jerusalem Weather Station   Height 775 m   Fri 1:51 24/11/17
About











49°F
49°F  at hill
49
 Hi 00:34
49
 Lo 01:47
11 min: 0.0°F
24 hrs hour half hour
1.0
0.0
0.0
49°F  at valley
50
 Hi 00:34
49
 Lo 01:47
11 min: 0.0°F
24 hrs hour half hour
0.0
1.0
0.0
93 Hi 00:00     93 Lo 00:00
11 min: 0%
24 hrs hour half hour
0
0
0
9.0 Hi 00:34     8.2 Lo 01:49
11 min:
0
24 hrs hour half hour
38.7
39.7
38.7
1,019.4 Hi 00:46   1,019.2 Lo 01:34
24 hrs half hour quarter hour
0.0
0.1
0.2
0.0 Hi 00:00
10 min Average: 0.0 knots
hour half hour quarter hour
0
0
0
0.0 Hi 00:00
hour half hour quarter hour
0
0
0
 Hi 00:00
24 hrs half hour quarter hour
0
0
0
0.0 Hi 00:00
24 hrs half hour quarter hour
0
0
0
dust
19±8 µg/m3 (PM10)
13±6 µg/m3 (PM2.5)
PM10 - above 130 not healthy. Above 300 sport activity is not recommended
PM2.5 - above 38 not healthy. Above 100 sport activity is not recommended
PM2.5 is more dangerous
How do you feel now with the current temp?
what is your favorite season?
  • Cold meter
  • Best season


                   MONTHLY CLIMATOLOGICAL SUMMARY for NOV. 2017

NAME: Boaz Nechemia's Vantage Pro   CITY: Jerusalem   STATE: Israel 
ELEV:   745 m  LAT:  31 46' 09" N  LONG:  35 12' 07" E

                   TEMPERATURE (C), RAIN  (mm), WIND SPEED (kt)

                                      HEAT  COOL        AVG
    MEAN                              DEG   DEG         WIND                 DOM
DAY TEMP  HIGH   TIME   LOW    TIME   DAYS  DAYS  RAIN  SPEED HIGH   TIME    DIR
------------------------------------------------------------------------------------
 1  17.2  21.4   14:00  14.7   23:50   0.0   0.0   0.0   3.5  13.9   17:50   NNW
 2  15.9  20.3   13:20  13.8   23:10   0.1   0.0   0.0   2.6  13.0   14:30    NW
 3  15.6  20.1   14:20  12.2    6:20   0.4   0.0   0.0   2.3  12.2   15:00   WNW
 4  16.0  20.8   12:10  11.9    6:10   0.4   0.0   0.0   1.3   9.6   12:10   NNW
 5  15.8  21.5   11:20  12.1    6:10   0.6   0.0   0.0   3.0  16.5   14:40    NW
 6  15.8  20.3   14:40  13.3   00:00   0.2   0.0   0.0   2.4  11.3   18:00    NW
 7  16.5  23.0   14:30  11.8    6:10   0.6   0.0   0.0   2.6  13.0   15:30   NNW
 8  17.1  21.7   12:10  15.1    6:10   0.0   0.0   0.0   5.6  15.7   21:00   NNW
 9  15.9  19.8   12:00  12.9   23:50   0.2   0.0   0.0   4.2  14.8    0:30   NNW
10  15.1  20.3   14:40  10.4    6:10   1.0   0.0   0.0   2.1  11.3   14:10   NNW
11  15.7  21.4   11:50  11.3    6:30   0.6   0.0   0.2   0.7   9.6   13:30   ESE
12  18.8  23.0   14:00  13.4    3:40   0.1   0.0   0.0   1.7  11.3    8:30   ESE
13  19.6  24.1   14:50  15.4   23:40   0.0   0.0   0.0   1.6  11.3   10:40    SE
14  17.6  23.6   13:50  13.4    6:10   0.1   0.0   0.0   1.6  10.4   13:30    NW
15  16.8  23.3   13:10  11.8    6:20   0.7   0.0   0.0   0.4   7.0   16:20    SE
16  18.1  24.3   14:10  11.8    0:10   0.4   0.0   0.0   0.5   8.7   11:10   ESE
17  19.7  25.8   15:30  15.4    5:00   0.0   0.0   0.0   0.3   8.7    9:20   ESE
18  19.9  24.9   14:20  15.2    5:30   0.0   0.0   0.0   0.4   8.7   23:50    SE
19  17.2  21.2   13:40  14.1   23:50   0.0   0.0   0.0   3.5  13.0   13:40   WNW
20  15.1  19.9   12:40  12.6    6:10   0.6   0.0   0.2   3.0  17.4   15:40     W
21  12.3  13.8    1:30  10.8   23:50   2.1   0.0   6.6   8.1  23.5   13:20   WNW
22  10.7  12.2   13:10   9.5   21:20   3.8   0.0   9.6   6.9  23.5    5:00   WNW
23  10.7  14.2   12:20   8.7    6:30   3.8   0.0   2.8   2.2  13.9   12:20    NW
24   9.8  10.1    0:40   9.3    1:50   0.4   0.0   0.0   0.0   0.0     ---   ---
25
26
27
28
29
30
-------------------------------------------------------------------------------------
    16.0  25.8    17     8.7    23    16.2   0.0  19.4   2.5  23.5    21     NNW

Max >=  32.0:  0
Max <=   0.0:  0
Min <=   0.0:  0
Min <= -18.0:  0
Max Rain: 9.60 ON 22/11/17
Days of Rain: 5 (> .2 mm) 3 (> 2 mm) 0 (> 20 mm)
Heat Base:  14.5  Cool Base:  25.0  Method: Integration
Email:
Password:
Icon:
 
 
 
 
 
 
 
 
 
 
 
 
 
 
 
 
 
 
 
 
 
 
 
Display name:
Nice name:
Get alarms by Email
Pesonal Cold Meter(?)The cold meter wii be displayed based on your votes only



   Remember me

Reset password ››
Email: