Jerusalem Weather Station   Height 775 m   Thu 9:19 21/06/18
About












feels like 82 sun | 73 shade
shade
71°F
71°F  at hill
71
 Hi 09:16
63
 Lo 04:49
19 min: 0.0°F
24 hrs hour half hour
5.0
3.0
1.0
73°F  at valley
73
 Hi 09:18
64
 Lo 04:58
19 min:
1.0°F
24 hrs hour half hour
5.0
3.0
1.0
117°F  at road
117
 Hi 09:19
63
 Lo 05:00
24 hrs hour half hour
3.0
20.0
12.0
91 Hi 06:31     69 Lo 09:15
19 min:
3%
24 hrs hour half hour
27
8
4
17.7 Hi 31     15.8 Lo 04:58
19 min: 3
24 hrs hour half hour
9
0
1
1,014.3 Hi 09:13   1,012.2 Lo 04:09
24 hrs half hour quarter hour
0.3
0.2
0.1
9.5 Hi 00:00
10 min Average: 3.1 knots
hour half hour quarter hour
1
0
0
0.0 Hi 00:00
hour half hour quarter hour
0
0
0
564 Hi 09:16
24 hrs half hour quarter hour
4
39
4
3.1 Hi 09:15
24 hrs half hour quarter hour
0.1
0.8
0.2
dust
17±2 µg/m3 (PM10)
8±4 µg/m3 (PM2.5)
PM10 - above 130 not healthy. Above 300 sport activity is not recommended
PM2.5 - above 38 not healthy. Above 100 sport activity is not recommended
PM2.5 is more dangerous
How do you feel now with the current temp?
what is your favorite season?
  • Cold meter
  • Best season


                   MONTHLY CLIMATOLOGICAL SUMMARY for JUN. 2018

NAME: Boaz Nechemia's Vantage Pro   CITY: Jerusalem   STATE: Israel 
ELEV:   745 m  LAT:  31 46' 09" N  LONG:  35 12' 07" E

                   TEMPERATURE (C), RAIN  (mm), WIND SPEED (kt)

                                      HEAT  COOL        AVG
    MEAN                              DEG   DEG         WIND                 DOM
DAY TEMP  HIGH   TIME   LOW    TIME   DAYS  DAYS  RAIN  SPEED HIGH   TIME    DIR
------------------------------------------------------------------------------------
 1  20.1  25.2   13:30  16.2    2:10   0.0   0.0   0.0   5.1  20.0   18:10    NW
 2  19.3  24.3   15:30  15.7    6:20   0.0   0.0   0.0   5.2  16.5   16:40    NW
 3  20.3  25.6   14:00  16.2    5:10   0.0   0.0   0.0   4.3  15.7   14:50    NW
 4  20.4  26.1   15:10  16.4    4:30   0.0   0.0   0.0   4.7  17.4   17:50    NW
 5  21.8  27.7   13:00  16.9    3:00   0.0   0.4   0.0   3.6  14.8   16:50   NNW
 6  24.1  30.7   13:10  18.5    3:40   0.0   1.5   0.0   3.4  17.4   18:40   NNW
 7  24.3  31.2   12:50  18.4    2:50   0.0   1.8   0.0   4.5  17.4   15:50    NW
 8  24.6  30.8   14:10  18.7    5:00   0.0   1.7   0.0   5.5  20.9   15:50    NW
 9  25.2  30.9   13:50  19.6    4:30   0.0   1.7   0.0   4.7  15.7   15:50   NNW
10  25.9  32.4   14:00  21.0    2:30   0.0   2.0   0.0   6.8  23.5   17:30    NW
11  22.6  27.1   14:10  19.1   23:40   0.0   0.3   0.0   7.3  25.2   17:00   WNW
12  20.6  24.2   12:50  17.9    4:10   0.0   0.0   0.0   5.7  20.0   18:00    NW
13  20.8  25.2   14:20  17.9    5:10   0.0   0.0   0.4   5.6  17.4   15:40    NW
14  23.6  29.3   14:30  18.3    6:20   0.0   1.1   0.0   4.9  17.4   17:30    NW
15  24.4  29.7   15:20  18.1    6:10   0.0   1.4   0.0   4.6  18.3   14:30   WNW
16  28.1  36.6   15:40  20.5    3:50   0.0   4.1   0.0   3.8  21.7   18:20    SE
17  24.3  28.3   12:10  19.3   23:50   0.0   1.0   0.0   7.2  21.7   14:50    NW
18  22.1  27.1   13:20  18.4    5:40   0.0   0.3   0.0   5.9  19.1   18:00    NW
19  23.6  28.9   15:10  17.6    6:10   0.0   1.1   0.0   3.4  18.3   13:30     N
20  23.8  27.8   11:50  19.1   00:00   0.0   0.7   0.0   5.0  17.4   12:10    NW
21  18.9  22.7    9:20  17.6    5:00   0.0   0.0   0.0   1.3   8.7    0:10   NNW
22
23
24
25
26
27
28
29
30
-------------------------------------------------------------------------------------
    22.8  36.6    16    15.7     2     0.0  19.0   0.4   4.9  25.2    11      NW

Max >=  32.0:  2
Max <=   0.0:  0
Min <=   0.0:  0
Min <= -18.0:  0
Max Rain: 0.41 ON 13/06/18
Days of Rain: 1 (> .2 mm) 0 (> 2 mm) 0 (> 20 mm)
Heat Base:  14.5  Cool Base:  25.0  Method: Integration
Email:
Password:
Icon:
 
 
 
 
 
 
 
 
 
 
 
 
 
 
 
 
 
 
 
 
 
 
 
Display name:
Nice name:
Get alarms by Email
Pesonal Cold Meter(?)The cold meter will be displayed based on your votes only



   Remember me

Reset password ››
Email: