Jerusalem Weather Station   Height 775 m   Mon 8:26 23/04/18
About












55°F
55°F  at hill
55
 Hi 08:26
52
 Lo 05:35
16 min: 0.0°F
24 hrs hour half hour
1.0
1.0
0.0
56°F  at valley
56
 Hi 08:24
53
 Lo 05:48
16 min: 0.0°F
24 hrs hour half hour
0.0
1.0
1.0
32°F  at road
51
 Hi 00:00
49
 Lo 00:21
24 hrs hour half hour
31.0
17.0
17.0
89 Hi 06:57     79 Lo 08:21
16 min:
2%
24 hrs hour half hour
14
9
6
10.9 Hi 35     8.8 Lo 02:11
16 min:
2
24 hrs hour half hour
47.3
44.3
44.3
1,012.7 Hi 08:25   1,010.8 Lo 02:56
24 hrs half hour quarter hour
0.4
0.3
0.2
8.7 Hi 00:49
10 min Average: 4.1 knots
hour half hour quarter hour
4.2
1.7
1.8
0.0 Hi 00:00
hour half hour quarter hour
0
0
0
338 Hi 08:26
24 hrs half hour quarter hour
19
92
29
1.3 Hi 08:23
24 hrs half hour quarter hour
0.1
0.4
0.2
dust
1±0 µg/m3 (PM10)
7±2 µg/m3 (PM2.5)
PM10 - above 130 not healthy. Above 300 sport activity is not recommended
PM2.5 - above 38 not healthy. Above 100 sport activity is not recommended
PM2.5 is more dangerous
How do you feel now with the current temp?
what is your favorite season?
  • Cold meter
  • Best season


                   MONTHLY CLIMATOLOGICAL SUMMARY for APR. 2018

NAME: Boaz Nechemia's Vantage Pro   CITY: Jerusalem   STATE: Israel 
ELEV:   745 m  LAT:  31 46' 09" N  LONG:  35 12' 07" E

                   TEMPERATURE (C), RAIN  (mm), WIND SPEED (kt)

                                      HEAT  COOL        AVG
    MEAN                              DEG   DEG         WIND                 DOM
DAY TEMP  HIGH   TIME   LOW    TIME   DAYS  DAYS  RAIN  SPEED HIGH   TIME    DIR
------------------------------------------------------------------------------------
 1  16.9  24.3   14:30  10.4    2:20   1.1   0.0   0.0   1.2  11.3   15:50     N
 2  18.5  25.9   12:40  12.7    4:50   0.3   0.0   0.0   2.3  13.9   13:50    NW
 3  15.8  21.3   13:20  11.8    4:50   0.8   0.0   0.0   3.0  15.7   19:00    NW
 4  17.9  25.4   17:00  10.0    5:40   1.1   0.0   0.0   2.2  14.8    9:00    SE
 5  21.2  26.2   15:30  17.7    5:50   0.0   0.1   0.0   3.0  15.7    9:20    SE
 6  21.4  27.3   14:40  16.7    5:10   0.0   0.2   0.0   2.4  11.3   17:30    SE
 7  20.8  27.6   14:10  14.4   00:00   0.0   0.3   0.0   2.7  12.2   17:30    NW
 8  15.9  21.7   14:30  12.2    6:10   0.7   0.0   0.0   4.2  16.5   17:00    NW
 9  13.7  18.3   14:10  10.4    6:50   1.5   0.0   0.0   4.7  17.4   15:30    NW
10  11.6  13.3   13:10   9.8   10:20   2.9   0.0  16.8   5.0  20.0   14:10    NW
11  13.7  18.2   15:30  11.2    6:20   1.5   0.0   0.2   4.2  14.8   16:30    NW
12  16.1  22.4   15:10   9.9    6:30   1.3   0.0   0.0   2.0  10.4   16:00   NNW
13  19.2  25.5   15:20  13.6    6:40   0.1   0.0   0.0   2.3  14.8   16:10     N
14  19.7  25.0   15:20  15.4    6:10   0.0   0.0   0.0   3.9  13.9   16:10   NNW
15  19.7  25.5   13:30  15.3    6:20   0.0   0.0   0.0   3.9  14.8   16:10    NW
16  20.2  25.2   14:10  15.4    5:50   0.0   0.0   0.0   3.7  17.4   11:40   NNE
17  21.8  29.1   15:50  15.8    5:00   0.0   0.5   0.0   2.6  13.9    9:50    SE
18  24.4  31.9   16:10  17.3    2:40   0.0   1.9   0.0   1.4  12.2   15:20   ESE
19  20.4  25.4   13:40  13.7   23:50   0.0   0.0   0.0   4.3  20.0   16:40    NW
20  17.7  22.5   14:40  12.8    5:00   0.1   0.0   0.0   7.2  25.2   17:30   WNW
21  16.3  20.2   15:10  12.8   23:50   0.2   0.0   0.8   8.3  27.0   17:40   WNW
22  14.8  19.0   14:20  11.4    7:00   0.8   0.0   8.6   6.6  20.0   17:10   NNW
23  11.9  13.4    8:20  11.4    5:50   0.9   0.0   0.0   3.7   7.8    0:50   NNW
24
25
26
27
28
29
30
-------------------------------------------------------------------------------------
    17.8  31.9    18     9.8    10    13.3   3.1  26.4   3.7  27.0    21      NW

Max >=  32.0:  0
Max <=   0.0:  0
Min <=   0.0:  0
Min <= -18.0:  0
Max Rain: 16.79 ON 10/04/18
Days of Rain: 4 (> .2 mm) 2 (> 2 mm) 0 (> 20 mm)
Heat Base:  14.5  Cool Base:  25.0  Method: Integration
Email:
Password:
Icon:
 
 
 
 
 
 
 
 
 
 
 
 
 
 
 
 
 
 
 
 
 
 
 
Display name:
Nice name:
Get alarms by Email
Pesonal Cold Meter(?)The cold meter will be displayed based on your votes only



   Remember me

Reset password ››
Email: