Jerusalem Weather Station   Height 775 m   Sun 21:47 25/02/18
About












50°F
50°F  at hill
65
 Hi 12:24
49
 Lo 02:05
17 min: 0.0°F
24 hrs hour half hour
0.0
1.0
0.0
52°F  at valley
66
 Hi 11:26
50
 Lo 02:11
17 min: 0.0°F
24 hrs hour half hour
1.0
1.0
0.0
51°F 
73
 Hi 11:16
44
 Lo 00:47
24 hrs hour half hour
5.0
0.0
1.0
90 Hi 21:07     34 Lo 11:00
17 min: 0%
24 hrs hour half hour
3
1
1
11.1 Hi 32     2.0 Lo 11:00
17 min:
0
24 hrs hour half hour
40.3
42.3
42.3
1,012.5 Hi 10:58   1,010.1 Lo 16:22
24 hrs half hour quarter hour
0.5
0.2
0.1
30.3 Hi 14:54
10 min Average: 5.1 knots
hour half hour quarter hour
1.8
2.5
0
0.0 Hi 00:00
hour half hour quarter hour
0
0
0
947 Hi 12:05
24 hrs half hour quarter hour
0
0
0
4.7 Hi 11:48
24 hrs half hour quarter hour
0
0
0
dust
21±6 µg/m3 (PM10)
8±5 µg/m3 (PM2.5)
PM10 - above 130 not healthy. Above 300 sport activity is not recommended
PM2.5 - above 38 not healthy. Above 100 sport activity is not recommended
PM2.5 is more dangerous
How do you feel now with the current temp?
what is your favorite season?
  • Cold meter
  • Best season


                   MONTHLY CLIMATOLOGICAL SUMMARY for FEB. 2018

NAME: Boaz Nechemia's Vantage Pro   CITY: Jerusalem   STATE: Israel 
ELEV:   745 m  LAT:  31 46' 09" N  LONG:  35 12' 07" E

                   TEMPERATURE (C), RAIN  (mm), WIND SPEED (kt)

                                      HEAT  COOL        AVG
    MEAN                              DEG   DEG         WIND                 DOM
DAY TEMP  HIGH   TIME   LOW    TIME   DAYS  DAYS  RAIN  SPEED HIGH   TIME    DIR
------------------------------------------------------------------------------------
 1  10.9  16.1   15:00   5.6    5:40   3.7   0.0   0.2   0.5   9.6    9:40    SE
 2  13.8  19.4   12:10   9.3    7:10   1.9   0.0   0.0   0.7   9.6    1:20    SE
 3  14.7  21.0   13:30   9.8    6:30   1.8   0.0   0.0   1.0  17.4   10:40   WNW
 4  15.8  23.3   15:10  11.1    6:40   1.1   0.0   0.0   0.4   9.6   14:30    SE
 5  16.9  22.6   11:40  11.2    4:50   0.7   0.0   0.0   0.8  13.0   23:50     W
 6  16.5  21.8   14:20  12.6   00:00   0.2   0.0   0.0   1.0  10.4   13:40    NW
 7  16.7  23.7   13:10  11.8    6:40   0.8   0.0   0.0   0.1   6.1   13:50    SE
 8  17.4  23.2   14:20  13.6    2:50   0.2   0.0   0.0   0.4   7.8   11:00    SE
 9  18.4  23.8   12:00  14.8   00:00   0.0   0.0   0.0   3.1  17.4   13:00   WNW
10  19.3  24.3   15:00  13.6    2:10   0.1   0.0   0.0   0.6   9.6   12:50    SE
11  18.9  24.1    8:50  13.4   00:00   0.1   0.0   0.0   4.1  23.5   12:50   WNW
12  13.9  17.7   15:10  11.3   23:50   1.2   0.0   1.4   3.6  17.4   21:50    NW
13  10.1  11.3    0:10   8.4   10:10   4.4   0.0  15.6   5.0  33.9    8:40     W
14  11.2  14.1   14:50   8.4    6:50   3.3   0.0   0.2   1.0   9.6   14:00   ESE
15  12.8  14.4   13:00  10.8    4:10   1.7   0.0   0.0   2.1  16.5    9:00   ESE
16  12.9  17.2   14:30   9.8    6:10   1.9   0.0   1.0   0.9   9.6    9:10    SE
17   9.2  12.1   13:00   5.6    7:50   5.3   0.0  23.0   9.3  31.3   18:40     W
18  10.6  12.0   14:00   8.8    0:10   3.9   0.0   9.2  10.5  33.9    9:00   WNW
19  11.5  16.2   13:30   9.1    4:20   3.1   0.0   0.0   3.0  22.6    0:10   WNW
20  12.3  18.2   11:50   7.4    6:30   2.7   0.0   0.0   1.0   8.7   15:10    SE
21  13.2  18.4   14:50   6.9    6:30   2.1   0.0   0.0   1.7  12.2   12:20     W
22  13.4  17.7   15:40   9.8    6:20   1.7   0.0   3.4   0.6  12.2   14:10   NNE
23  12.9  15.4   13:10  10.8   23:50   1.6   0.0   0.0   0.3   8.7   13:30     S
24  12.1  16.6   13:00   7.8    6:40   2.7   0.0   0.2   3.0  14.8   14:20     W
25  13.5  18.8   11:30  10.1    2:20   1.7   0.0   0.0   5.0  28.7   15:00     W
26
27
28
-------------------------------------------------------------------------------------
    13.9  24.3    10     5.6     1    48.1   0.0  54.2   2.4  33.9    13       W

Max >=  32.0:  0
Max <=   0.0:  0
Min <=   0.0:  0
Min <= -18.0:  0
Max Rain: 23.01 ON 17/02/18
Days of Rain: 9 (> .2 mm) 4 (> 2 mm) 1 (> 20 mm)
Heat Base:  14.5  Cool Base:  25.0  Method: Integration
Email:
Password:
Icon:
 
 
 
 
 
 
 
 
 
 
 
 
 
 
 
 
 
 
 
 
 
 
 
Display name:
Nice name:
Get alarms by Email
Pesonal Cold Meter(?)The cold meter will be displayed based on your votes only



   Remember me

Reset password ››
Email: