תחנת מזג-אוויר עדכנית בי-ם עם קור-טוב של הומור   גובה 775 מ'   ש 3:05 28/05/22
אודות















19.6
°
C  בהר
24.0
 גבוה 00:57
19.6
 נמוך 03:01
24 ש' hour half hour quarter hour
1
2.1
1.2
0.2
20.7
°
C  בעמק
 
בנקודה הנמוכה: 18.7 
23.4
 גבוה 00:00
20.6
 נמוך 03:04
24 ש' hour half hour quarter hour
0.1
1.7
1
0.2
18.7
°
C  בכביש
21.7
 גבוה 00:57
18.7
 נמוך 03:01
בלילה זו הטמפרטורה בעין כרם, עמק המצלבה או הצבאים
24 ש' hour half hour
1.3
1.6
1
68%   
בעמק:66% 
68
 גבוה
 03:03     
30
 נמוך
 00:53
24 ש' hour half hour quarter hour
22
22
13
3
13.5
 גבוה
 03:03     
5.1
 נמוך
 00:53
18 - סאונה רמה 1
20 - סאונה רמה 2
22 - סאונה רמה 3
24 ש' hour half hour quarter hour
4.9
3.9
2.1
0.5
1,008.3
 גבוה
 00:00   
1,007.3
 נמוך
 01:57
24 ש' half hour quarter hour
0.3
0.2
0.0
14.4
 גבוה
 02:35
10 דק' ממוצע: 3 קמש
hour half hour quarter hour
2
11
3
0.0
 גבוה
 00:00
גשם היום מחצות: 0.0  
עונתי: 514.8 מ''מ
hour half hour quarter hour
0
0
0
 גבוה
 00:00
0 שעות שמש עד עכשיו
זריחה: 05:36   שקיעה: 19:37
24 ש' half hour quarter hour
0
0
0
הירח
 זריחה:
 שקיעה:
אבק
    • לא בריא
    • לא לעשות ספורט
    • אבק גדול
    • 28 µg/m3
    • +130
    • +300
    • אבק קטן
    • 13 µg/m3
    • +38
    • +100
  • הקטן יותר מסוכן
24 ש' 24 ש' half hour
10
1
28
כדאי לפתוח חלון
בפנים: 26.6
בחוץ: 19.6
המטרה של הדף הזה היא למזג את הבית כך שייתקרב כמה שיותר לתחושה הנוחה ביותר לנו.
זה כמובן אינדיבידואלי, לכן צריך לעשות כמה הנחות. ההנחה היא שהטמפרטורה האידיאלית בבית היא: 22
הליכה וריצה
איך ההרגשה בחוץ עכשיו בַּצֵּל?
מהי העונה החביבה עליך?


                   MONTHLY CLIMATOLOGICAL SUMMARY for MAY. 2022

NAME: Boaz Nechemia's Vantage Pro   CITY: Jerusalem   STATE: Israel 
ELEV:   745 m  LAT:  31 46' 09" N  LONG:  35 12' 07" E

                   TEMPERATURE (C), RAIN  (mm), WIND SPEED (km/hr)

                                      HEAT  COOL        AVG
    MEAN                              DEG   DEG         WIND                 DOM
DAY TEMP  HIGH   TIME   LOW    TIME   DAYS  DAYS  RAIN  SPEED HIGH   TIME    DIR
------------------------------------------------------------------------------------
 1  16.6  20.8   15:20  13.3   00:00   0.1   0.0   0.0  15.6  40.2    1:50   WNW
 2  19.3  27.9   14:20  11.8    6:10   0.5   0.3   0.0   5.1  35.4   19:10    NW
 3  23.1  31.4   13:30  17.4   00:00   0.0   1.0   0.0  11.4  48.3   15:20   WNW
 4  16.1  19.7   13:10  12.9   00:00   0.1   0.0   0.0  17.9  46.7    5:20   WNW
 5  14.2  17.7   14:00  12.2   00:00   1.0   0.0   0.0  18.2  51.5   17:30   WNW
 6  13.8  17.9   16:10  11.7    3:10   1.3   0.0   0.0  14.0  41.8    1:00   WNW
 7  14.8  20.0   14:10  11.5    5:50   1.1   0.0   0.0   9.7  30.6   14:40   WNW
 8  17.2  23.0   15:20  10.6    6:10   0.7   0.0   0.0   5.3  25.7   17:00   NNW
 9  21.0  27.6   17:40  13.6    3:10   0.1   0.4   0.0   3.9  24.1   19:10     N
10  19.3  23.8   14:10  14.5    5:40   0.0   0.0   0.0   7.6  30.6   13:30     N
11  18.9  23.8   14:30  14.2    1:40   0.0   0.0   0.0   6.9  27.4   15:20   NNW
12  17.8  23.5   15:00  12.1    6:20   0.3   0.0   0.0   7.6  27.4    2:00    NW
13  21.9  29.4   14:40  14.6    5:50   0.0   0.7   0.0   2.6  20.9   15:50     N
14  27.4  35.9   16:10  21.6    2:50   0.0   3.1   0.0   5.6  24.1    9:20   ESE
15  19.8  25.3    2:00  13.6   00:00   0.0   0.0   0.0  10.6  38.6   14:20    NW
16  18.1  23.4   14:30  13.3    0:10   0.2   0.0   0.0   7.6  25.7   16:50    NW
17  19.7  25.6   14:30  15.2    5:20   0.0   0.0   0.0   7.4  27.4   16:20    NW
18  20.9  26.3   14:30  15.4    6:10   0.0   0.2   0.0   5.3  24.1   13:00   NNW
19  21.7  27.0   13:00  15.3    6:10   0.0   0.4   0.0   6.0  29.0   14:20   NNW
20  24.2  30.1   17:40  17.4    5:30   0.0   1.3   0.0   3.9  24.1   11:50    SE
21  24.4  30.7   15:40  21.5    2:20   0.0   0.9   0.0   7.7  41.8   10:00    SE
22  18.3  21.8    0:10  14.8   00:00   0.0   0.0   0.0  16.3  49.9   15:40   WNW
23  18.0  22.2   15:20  14.6    0:50   0.0   0.0   0.0  15.6  48.3   13:50   WNW
24  20.8  26.2   14:20  16.0    5:40   0.0   0.1   0.0   9.2  32.2   16:20    NW
25  22.3  27.9   14:40  16.6    5:00   0.0   0.4   0.0   5.8  27.4   17:40     N
26  24.2  30.7   14:20  18.6    6:40   0.0   1.1   0.0   7.1  30.6    2:10     N
27  25.6  32.8   13:50  19.0    6:10   0.0   2.1   0.0   5.5  25.7   17:50   NNW
28  22.6  23.4    0:10  21.1    2:50   0.0   0.0   0.0   4.0  14.5    2:40     N
29
30
31
-------------------------------------------------------------------------------------
    20.1  35.9    14    10.6     8     5.5  12.0   0.0   8.7  51.5     5     WNW

Max >=  32.0:  2
Max <=   0.0:  0
Min <=   0.0:  0
Min <= -18.0:  0
Max Rain: 0.00 ON 01/05/22
Days of Rain: 0 (> .2 mm) 0 (> 2 mm) 0 (> 20 mm)
Heat Base:  14.5  Cool Base:  25.0  Method: Integration
האימייל שלך:
סיסמה:
אייקון:
 
 
 
 
 
 
 
 
 
 
 
 
 
 
 
 
 
 
 
 
 
 
 
שם לתצוגה:
קבלו התראות באימייל
מדד קור מותאם אישית(?)מדד הקור יוצג בהתאם להצבעות שלך בלבד
 



   זכור אותי

שכחתי סיסמה ››
 
(?)שם משתמש באנגלית, אפשר עם מספרים - לשימוש עתידי
אייקון:
 
 
 
 
 
 
 
 
 
 
 
 
 
 
 
 
 
 
 
 
 
 
 
(?)השם שיוצג בהודעות
קבלו התראות באימייל
מדד קור מותאם אישית(?)מדד הקור יוצג בהתאם להצבעות שלך בלבד
האימייל שלך: