תחנת מזג-אוויר עדכנית בי-ם עם קור-טוב של הומור   גובה 775 מ'   ש 5:11 28/05/22
אודות















18.3
°
C  בהר
24.0
 גבוה 00:57
18.2
 נמוך 05:06
24 ש' hour half hour quarter hour
1.1
0.6
0.3
0.1
19.2
°
C  בעמק
 
בנקודה הנמוכה: 17.5 
23.4
 גבוה 00:00
19.2
 נמוך 04:42
24 ש' hour half hour quarter hour
0.1
0.5
0.1
0.0
17.5
°
C  בכביש
21.7
 גבוה 00:57
17.2
 נמוך 05:00
בלילה זו הטמפרטורה בעין כרם, עמק המצלבה או הצבאים
24 ש' hour half hour
2.4
0.6
0.4
73%   
בעמק:73% 
74
 גבוה
 04:04     
30
 נמוך
 00:53
24 ש' hour half hour quarter hour
21
0
0
1
14.1
 גבוה
 04:04     
5.1
 נמוך
 00:53
18 - סאונה רמה 1
20 - סאונה רמה 2
22 - סאונה רמה 3
24 ש' hour half hour quarter hour
4.2
0.6
0.3
0.1
1,008.3
 גבוה
 00:00   
1,007.3
 נמוך
 01:57
24 ש' half hour quarter hour
0.0
0.0
0.1
14.4
 גבוה
 02:35
10 דק' ממוצע: 0 קמש
hour half hour quarter hour
8
7
0
0.0
 גבוה
 00:00
גשם היום מחצות: 0.0  
עונתי: 514.8 מ''מ
hour half hour quarter hour
0
0
0
 גבוה
 00:00
0 שעות שמש עד עכשיו
זריחה: 05:36   שקיעה: 19:37
24 ש' half hour quarter hour
0
0
0
הירח
 זריחה:
 שקיעה:
אבק
    • לא בריא
    • לא לעשות ספורט
    • אבק גדול
    • 36 µg/m3
    • +130
    • +300
    • אבק קטן
    • 16 µg/m3
    • +38
    • +100
  • הקטן יותר מסוכן
24 ש' 24 ש' half hour
19
5
36
כדאי לפתוח חלון
בפנים: 26.3
בחוץ: 18.3
המטרה של הדף הזה היא למזג את הבית כך שייתקרב כמה שיותר לתחושה הנוחה ביותר לנו.
זה כמובן אינדיבידואלי, לכן צריך לעשות כמה הנחות. ההנחה היא שהטמפרטורה האידיאלית בבית היא: 22
הליכה וריצה
איך ההרגשה בחוץ עכשיו בַּצֵּל?
מהי העונה החביבה עליך?


                            ANNUAL CLIMATOLOGICAL SUMMARY

NAME: Boaz Nechemia's Vantage Pro  CITY: Jerusalem   STATE: Israel  
ELEV:   745 m  LAT:  31 46' 09" N  LONG:  35 12' 07" E

               TEMPERATURE (C), HEAT BASE 14.5, COOL BASE 25.0
                          DEP.  HEAT  COOL                                          
        MEAN  MEAN        FROM  DEG   DEG                        MAX  MAX  MIN  MIN 
 YR MO  MAX   MIN   MEAN  NORM  DAYS  DAYS  HI  DATE  LOW  DATE  >=32 <=0  <=0  <=-18 
------------------------------------------------------------------------------------
 22  1  11.9   5.5   8.5  -1.3   191     0  18.9   7   0.2   18    0    0    0    0
 22  2  14.3   7.2  10.2  -0.3   125     0  22.5  23   4.3   10    0    0    0    0
 22  3  14.2   6.4   9.9  -3.2   160     0  23.9  29   1.8   16    0    0    0    0
 22  4  26.3  13.9  19.7   2.9    15    13  33.7  18   8.5   14    1    0    0    0
 22  5  25.6  15.1  20.0  -1.0     5    12  35.9  14  10.6    8    2    0    0    0
 22  6
 22  7
 22  8
 22  9
 22 10
 22 11
 22 12
------------------------------------------------------------------------------------
        18.3   9.5  13.6  -0.6   497    25  35.9 MAY   0.2  JAN    3    0    0    0

                                PRECIPITATION (mm)

               DEP.   MAX        DAYS OF RAIN 
               FROM   OBS.          OVER
 YR MO  TOTAL  NORM   DAY  DATE  .2   2   20
---------------------------------------------
 22  1 207.6   75.6  43.2   27   16   13    3
 22  2  80.8  -50.2  24.4   10   11    8    2
 22  3  72.8   -2.2  18.6   11   14    7    0
 22  4   0.0  -19.0   0.0    1    0    0    0
 22  5   0.0   -6.5   0.0    1    0    0    0
 22  6
 22  7
 22  8
 22  9
 22 10
 22 11
 22 12
---------------------------------------------
       361.3  -2.2  43.2  JAN   41   28    5

                                WIND SPEED (km/hr)
                          DOM
 YR MO   AVG.  HI   DATE  DIR
---------------------------------
 22  1   7.0  69.2   19   WSW
 22  2   6.8  62.8   25   WNW
 22  3   8.3  74.0   11   WNW
 22  4   6.0  67.6    6    NW
 22  5   8.7  51.5    5   WNW
 22  6
 22  7
 22  8
 22  9
 22 10
 22 11
 22 12
---------------------------------
         7.4  74.0  MAR  WNW
האימייל שלך:
סיסמה:
אייקון:
 
 
 
 
 
 
 
 
 
 
 
 
 
 
 
 
 
 
 
 
 
 
 
שם לתצוגה:
קבלו התראות באימייל
מדד קור מותאם אישית(?)מדד הקור יוצג בהתאם להצבעות שלך בלבד
 



   זכור אותי

שכחתי סיסמה ››
 
(?)שם משתמש באנגלית, אפשר עם מספרים - לשימוש עתידי
אייקון:
 
 
 
 
 
 
 
 
 
 
 
 
 
 
 
 
 
 
 
 
 
 
 
(?)השם שיוצג בהודעות
קבלו התראות באימייל
מדד קור מותאם אישית(?)מדד הקור יוצג בהתאם להצבעות שלך בלבד
האימייל שלך: