תחנת מזג-אוויר עדכנית בי-ם עם קור-טוב של הומור   גובה 775 מ'   ב 18:52 30/11/20
אודות
















מרגיש כמו 13.4
12.4
°
C
10.4 - 12.4
°
C  בהר
17.9
 גבוה 12:28
11.4
 נמוך 05:02
12 דק':
0.1
24 ש' hour half hour
0.2
0.5
0.3
13.4
°
C  בעמק
18.8
 גבוה 12:25
10.4
 נמוך 05:32
12 דק': 0.0
24 ש' hour half hour
0.1
0.6
0.3
10.4
°
C  בכביש
33.5
 גבוה 12:35
4.2
 נמוך 06:07
24 ש' hour half hour
1.4
1.4
0.7
86% 
בעמק:85% 
86
 גבוה
 18:45     
52
 נמוך
 11:26
12 דק':
1%
24 ש' hour half hour
4
3
2
11.3
 גבוה
 08:08     
7.8
 נמוך
 05:32
24 ש' hour half hour
0.6
0.1
0
1,014.1
 גבוה
 08:35   
1,011.5
 נמוך
 14:03
24 ש' half hour quarter hour
0.1
0.0
0.0
20.9
 גבוה
 16:23
10 דק' ממוצע: 2 קמש
hour half hour quarter hour
5
0
3
0.0
 גבוה
 00:00
גשם היום מחצות: 0.0  
סה'כ עונתי: 74.8 מ''מ
hour half hour quarter hour
0
0
0
657
 גבוה
 12:08
5.2 שעות שמש עד עכשיו
זריחה: 06:21   שקיעה: 16:35
24 ש' half hour quarter hour
0
0
0
הירח
 זריחה:
 שקיעה:
3.1
 גבוה
 11:36
24 ש' half hour quarter hour
0
0
0
אבק
    • לא בריא
    • לא לעשות ספורט
    • אבק גדול
    • 61 µg/m3
    • +130
    • +300
    • אבק קטן
    • 26 µg/m3
    • +38
    • +100
  • הקטן יותר מסוכן
24 ש' 24 ש' half hour
31
3
0
כדאי לסגור חלון
בפנים: 21.2
בחוץ: 12.4
המטרה של הדף הזה היא למזג את הבית כך שייתקרב כמה שיותר לתחושה הנוחה ביותר לנו.
זה כמובן אינדיבידואלי, לכן צריך לעשות כמה הנחות. ההנחה היא שהטמפרטורה האידיאלית בבית היא: 22
איך ההרגשה בחוץ עכשיו עם הטמפרטורה הנוכחית בַּצֵּל?
מהי העונה החביבה עליך?


                            ANNUAL CLIMATOLOGICAL SUMMARY

NAME: Boaz Nechemia's Vantage Pro  CITY: Jerusalem   STATE: Israel  
ELEV:   745 m  LAT:  31 46' 09" N  LONG:  35 12' 07" E

               TEMPERATURE (C), HEAT BASE 14.5, COOL BASE 25.0
                          DEP.  HEAT  COOL                                          
        MEAN  MEAN        FROM  DEG   DEG                        MAX  MAX  MIN  MIN 
 YR MO  MAX   MIN   MEAN  NORM  DAYS  DAYS  HI  DATE  LOW  DATE  >=32 <=0  <=0  <=-18 
------------------------------------------------------------------------------------
 20  1  11.6   6.4   8.7  -1.1   180     0  15.5  16   2.7   26    0    0    0    0
 20  2  13.7   7.4  10.2  -0.3   129     0  19.9  28   2.4   10    0    0    0    0
 20  3  17.8   9.4  13.3   0.2    81     0  25.1  31   3.9   21    0    0    0    0
 20  4  21.3  11.7  16.0  -0.8    36     2  29.4  20   7.9   12    0    0    0    0
 20  5  27.6  16.8  21.8   0.8     7    55  37.3  20  11.2    7    9    0    0    0
 20  6  28.4  17.3  22.6  -0.7     0    25  32.4   7  14.1    1    1    0    0    0
 20  7  31.4  20.2  25.1   0.0     0    57  35.7  26  17.2    1   12    0    0    0
 20  8  30.9  20.3  24.8  -0.2     0    48  39.9  30  17.9   28    6    0    0    0
 20  9  33.5  21.8  26.8   3.2     0    85  41.7   4  17.4   27   22    0    0    0
 20 10  29.1  18.2  22.8   1.7     0    27  34.7   9  14.3   17    4    0    0    0
 20 11  19.6  12.8  15.8  -0.5    18     0  24.3   1   9.3   29    0    0    0    0
 20 12
------------------------------------------------------------------------------------
        24.1  14.8  18.9   0.2   451   300  41.7 SEP   2.4  FEB   54    0    0    0

                                PRECIPITATION (mm)

               DEP.   MAX        DAYS OF RAIN 
               FROM   OBS.          OVER
 YR MO  TOTAL  NORM   DAY  DATE  .2   2   20
---------------------------------------------
 20  1 185.6   53.6  25.2   24   19   16    2
 20  2 110.9  -20.1  30.2    8   21   12    2
 20  3 116.4   41.4  22.0    6   15   10    2
 20  4  20.8    1.8  15.4   11    5    2    0
 20  5   9.6    3.1   4.8    5    3    2    0
 20  6   0.2    0.2   0.2   16    1    0    0
 20  7   0.0    0.0   0.0    1    0    0    0
 20  8   0.0    0.0   0.0    1    0    0    0
 20  9   0.0   -0.6   0.0    1    0    0    0
 20 10   3.8  -10.2   3.6   20    2    1    0
 20 11  64.8    9.8  15.4    5   15    6    0
 20 12
---------------------------------------------
       512.2  79.1  30.2  FEB   81   49    6

                                WIND SPEED (km/hr)
                          DOM
 YR MO   AVG.  HI   DATE  DIR
---------------------------------
 20  1   8.4  70.8   31   WSW
 20  2   7.7  69.2    8   WNW
 20  3   8.5  64.4   18   WNW
 20  4   7.6  57.9    1   WNW
 20  5   7.6  59.5   24    NW
 20  6   9.0  53.1    2    NW
 20  7   8.3  40.2    7    NW
 20  8   8.9  41.8    5    NW
 20  9   5.9  35.4   28     N
 20 10   4.7  37.0   24   NNW
 20 11   4.7  48.3    5   ESE
 20 12
---------------------------------
         7.4  70.8  JAN   NW
אימייל:
סיסמה:
אייקון:
 
 
 
 
 
 
 
 
 
 
 
 
 
 
 
 
 
 
 
 
 
 
 
שם לתצוגה:
שם רשמי:
קבלו התראות באימייל
מדד קור מותאם אישית(?)מדד הקור יוצג בהתאם להצבעות שלך בלבד



   זכור אותי

שכחתי סיסמה ››
אימייל: