תחנת מזג-אוויר עדכנית בי-ם עם קור-טוב של הומור   גובה 775 מ'   ב 7:56 8/03/21
אודות
















מרגיש כמו 13.6 בַּצֵּל/שמש 9.9
9.3
°
C
9.3
°
C  בהר
9.3
 גבוה 07:48
8.0
 נמוך 00:35
16 דק':
0.1
24 ש' hour half hour
3.3
0.5
0.2
10.5
°
C  בעמק
 
10.5
 גבוה 07:51
8.9
 נמוך 00:11
16 דק':
0.1
24 ש' hour half hour
3.7
0.6
0.3
12.3
°
C  בכביש
12.9
 גבוה 07:51
5.7
 נמוך 03:15
24 ש' hour half hour
2.9
2.6
1.7
93% 
בעמק:94% 
94
 גבוה
 06:07     
89
 נמוך
 00:00
16 דק':
1%
24 ש' hour half hour
37
1
1
8.3
 גבוה
 07:38     
6.3
 נמוך
 00:35
24 ש' hour half hour
2.7
0.3
0
1,013.1
 גבוה
 07:54   
1,011.1
 נמוך
 03:12
24 ש' half hour quarter hour
0.5
0.3
0.2
22.7
 גבוה
 00:40
10 דק' ממוצע: 6 קמש
hour half hour quarter hour
7
7
3
0.2
 גבוה
 00:00
גשם היום מחצות: 0.2  
סה'כ עונתי: 369.2 מ''מ
hour half hour quarter hour
0
0
0
420
 גבוה
 07:46
0.1 שעות שמש עד עכשיו
זריחה: 05:58   שקיעה: 17:42
24 ש' half hour quarter hour
213
32
290
הירח
 זריחה:
 שקיעה:
1.0
 גבוה
 07:43
24 ש' half hour quarter hour
0.8
0
0.5
אבק
    • לא בריא
    • לא לעשות ספורט
    • אבק גדול
    • 13 µg/m3
    • +130
    • +300
    • אבק קטן
    • 7 µg/m3
    • +38
    • +100
  • הקטן יותר מסוכן
24 ש' 24 ש' half hour
15
2
0
כדאי לסגור חלון
בפנים: 19.7
בחוץ: 9.3
המטרה של הדף הזה היא למזג את הבית כך שייתקרב כמה שיותר לתחושה הנוחה ביותר לנו.
זה כמובן אינדיבידואלי, לכן צריך לעשות כמה הנחות. ההנחה היא שהטמפרטורה האידיאלית בבית היא: 22
איך ההרגשה בחוץ עכשיו עם הטמפרטורה הנוכחית בַּצֵּל?
מהי העונה החביבה עליך?


                   MONTHLY CLIMATOLOGICAL SUMMARY for MAR. 2021

NAME: Boaz Nechemia's Vantage Pro   CITY: Jerusalem   STATE: Israel 
ELEV:   745 m  LAT:  31 46' 09" N  LONG:  35 12' 07" E

                   TEMPERATURE (C), RAIN  (mm), WIND SPEED (km/hr)

                                      HEAT  COOL        AVG
    MEAN                              DEG   DEG         WIND                 DOM
DAY TEMP  HIGH   TIME   LOW    TIME   DAYS  DAYS  RAIN  SPEED HIGH   TIME    DIR
------------------------------------------------------------------------------------
 1  10.3  12.2   16:20   8.6    5:40   4.2   0.0   0.2   7.9  29.0   17:20   WNW
 2  11.1  15.6   13:30   8.8   22:30   3.4   0.0   0.0   8.7  25.7   13:50   WNW
 3   9.6  13.7   13:00   7.2   23:10   4.9   0.0   0.2   9.0  25.7    0:10   WNW
 4   7.6   9.6   11:40   5.1    6:50   7.0   0.0   3.0  14.0  41.8   16:00   WNW
 5  10.8  15.2   14:30   7.6   00:00   3.8   0.0   0.0   6.6  27.4   14:10   WNW
 6  12.7  20.3   15:50   5.8    6:30   3.2   0.0   0.2   1.3  14.5   14:20    SE
 7  12.6  18.6   12:20   8.7    6:20   2.8   0.0   0.0   6.4  27.4   21:50   NNW
 8   9.4  10.4    7:50   8.9    0:20   1.7   0.0   0.0   7.1  20.9    0:50    NW
 9
10
11
12
13
14
15
16
17
18
19
20
21
22
23
24
25
26
27
28
29
30
31
-------------------------------------------------------------------------------------
    10.5  20.3     6     5.1     4    30.9   0.0   3.6   7.6  41.8     4     WNW

Max >=  32.0:  0
Max <=   0.0:  0
Min <=   0.0:  0
Min <= -18.0:  0
Max Rain: 3.00 ON 04/03/21
Days of Rain: 4 (> .2 mm) 1 (> 2 mm) 0 (> 20 mm)
Heat Base:  14.5  Cool Base:  25.0  Method: Integration
אימייל:
סיסמה:
אייקון:
 
 
 
 
 
 
 
 
 
 
 
 
 
 
 
 
 
 
 
 
 
 
 
שם לתצוגה:
שם רשמי:
קבלו התראות באימייל
מדד קור מותאם אישית(?)מדד הקור יוצג בהתאם להצבעות שלך בלבד



   זכור אותי

שכחתי סיסמה ››
אימייל: