תחנת מזג-אוויר עדכנית בי-ם   גובה 775 מ'   ג 11:50 19/11/19
אודות














מרגיש כמו 11.1
15.2
°
C
15.2
°
C  בהר
15.4
 גבוה 11:23
9.9
 נמוך 06:12
10 דק': 0.0C
24 שע' hour half hour
0.5
0.2
0.1
15.5
°
C  בעמק
15.5
 גבוה 11:18
10.4
 נמוך 06:13
10 דק':
0.4
C
24 שע' hour half hour
0.7
0.7
0.0
25.8
°
C  בכביש
28.0
 גבוה 11:48
6.4
 נמוך 06:05
24 שע' hour half hour
0.3
12.5
12.1
34 גבוה 06:50     25 נמוך 11:29
10 דק': 0%
24 שע' hour half hour
5
1
1
-3.1 גבוה 09:20     -8.0 נמוך 00:01
24 שע' hour half hour
3.7
0.2
0.4
1,017.6 גבוה 09:19   1,016.0 נמוך 00:00
24 שע' half hour quarter hour
0.4
0.3
0.1
38.5 גבוה 11:30
10 דק' ממוצע: 12 קמש
hour half hour quarter hour
7
9
1
664 גבוה 11:26
3.5 שעות שמש עד עכשיו
זריחה: 06:11   שקיעה: 16:38
24 שע' half hour quarter hour
11
4
4
 זריחה:
 שקיעה:
3.3 גבוה 11:09
24 שע' half hour quarter hour
0
0.1
0.1
אבק
55
±16 µg/m3 (PM10)

14
±4 µg/m3 (PM2.5)
PM10 - מעל 130 לא בריא. מעל 300 לא מומלץ לעשות פעילות גופנית
PM2.5 - מעל 38 לא בריא. מעל 100 לא מומלץ לעשות פעילות גופנית
24 שע' 24 שע' half hour
23
2
0
כדאי לסגור חלון
בפנים: 19.0
בחוץ: 15.2
המטרה של הדף הזה היא למזג את הבית כך שייתקרב כמה שיותר לתחושה הנוחה ביותר לנו.
זה כמובן אינדיבידואלי, לכן צריך לעשות כמה הנחות. ההנחה היא שהטמפרטורה האידיאלית בבית היא: 22
איך ההרגשה עכשיו עם הטמפרטורה הנוכחית?
מהי העונה החביבה עליך?


                   MONTHLY CLIMATOLOGICAL SUMMARY for NOV. 2019

NAME: Boaz Nechemia's Vantage Pro   CITY: Jerusalem   STATE: Israel 
ELEV:   745 m  LAT:  31 46' 09" N  LONG:  35 12' 07" E

                   TEMPERATURE (C), RAIN  (mm), WIND SPEED (km/hr)

                                      HEAT  COOL        AVG
    MEAN                              DEG   DEG         WIND                 DOM
DAY TEMP  HIGH   TIME   LOW    TIME   DAYS  DAYS  RAIN  SPEED HIGH   TIME    DIR
------------------------------------------------------------------------------------
 1  17.2  22.6   13:00  14.7    5:50   0.0   0.0   0.0   7.1  32.2   17:50   NNW
 2  17.6  22.1   12:50  14.6   00:00   0.0   0.0   0.0   5.8  24.1   15:20    NW
 3  18.1  24.4   14:00  13.2    5:50   0.2   0.0   0.0   2.4  20.9   16:50    SE
 4  19.1  25.0   14:40  13.3    5:10   0.1   0.0   0.0   2.3  19.3   12:20   ESE
 5  22.2  26.8   15:30  18.8    5:40   0.0   0.2   0.0   4.8  20.9   20:30   ESE
 6  22.1  25.0   15:10  19.6    4:10   0.0   0.0   0.0   5.5  33.8    8:50   ESE
 7  21.1  24.4   14:30  17.9    6:20   0.0   0.0   0.0   4.0  27.4   12:00   ESE
 8  21.1  25.9   15:50  18.2   23:40   0.0   0.0   0.0   2.9  17.7    5:30   ESE
 9  21.2  26.2   14:20  17.4    6:20   0.0   0.1   0.0   2.1  20.9   23:10   ESE
10  22.5  25.8   14:00  19.6    4:50   0.0   0.1   0.0   6.6  35.4   11:30   ESE
11  21.7  25.1   14:30  19.3    6:10   0.0   0.0   0.0   6.3  35.4   11:30   ESE
12  20.6  23.6   14:20  17.4    6:00   0.0   0.0   0.0   5.5  30.6   10:10   ESE
13  20.8  24.8   15:30  17.6    6:30   0.0   0.0   0.0   4.8  29.0    9:40   ESE
14  21.7  25.7   14:50  18.8    5:50   0.0   0.0   0.0   2.1  16.1   11:40   ESE
15  18.4  21.6   13:10  15.6   00:00   0.0   0.0   0.2   7.2  33.8   16:00    NW
16  16.4  19.1   15:40  13.7    6:00   0.0   0.0   0.0   2.3  20.9   23:30   ESE
17  15.9  19.2   14:30  13.4   00:00   0.1   0.0   0.0  11.9  53.1    8:10    SE
18  13.2  16.1   14:30  10.4    5:00   1.5   0.0   0.0   8.2  37.0   10:30    SE
19  12.3  15.5   11:20  10.4    6:20   1.1   0.0   0.0   7.4  33.8   10:00    SE
20
21
22
23
24
25
26
27
28
29
30
-------------------------------------------------------------------------------------
    19.1  26.8     5    10.4    18     3.1   0.4   0.2   5.2  53.1    17     ESE

Max >=  32.0:  0
Max <=   0.0:  0
Min <=   0.0:  0
Min <= -18.0:  0
Max Rain: 0.20 ON 15/11/19
Days of Rain: 1 (> .2 mm) 0 (> 2 mm) 0 (> 20 mm)
Heat Base:  14.5  Cool Base:  25.0  Method: Integration
אימייל:
סיסמה:
אייקון:
 
 
 
 
 
 
 
 
 
 
 
 
 
 
 
 
 
 
 
 
 
 
 
שם לתצוגה:
שם רשמי:
קבלו התראות באימייל
מדד קור מותאם אישית(?)מדד הקור יוצג בהתאם להצבעות שלך בלבד



   זכור אותי

שכחתי סיסמה ››
אימייל: