Jerusalem Weather Station   Height 775 m   Wed 7:26 14/04/21
About
















feels like 9
11.2
°
C
11.2
°
C  at hill
11.2
 Hi 07:23
8.2
 Lo 04:16
16 min:
0.3
24 hrs hour half hour
3.5
1.6
1.2
9.9
°
C  at valley
 
10.1
 Hi 00:00
8.1
 Lo 06:12
16 min:
0.7
24 hrs hour half hour
1.6
1.6
1.2
5.6
°
C  at road
7.3
 Hi 00:00
2.5
 Lo 06:10
24 hrs hour half hour
0.5
1.7
2.3
48% 
at valley:62% 
75
 Hi
 00:08     
47
 Lo
 06:05
16 min: 0%
24 hrs hour half hour
41
1
1
4.9
 Hi
 00:00     
-1.2
 Lo
 05:58
24 hrs hour half hour
6
1.8
1.4
1,015.8
 Hi
 07:25   
1,014.3
 Lo
 04:35
24 hrs half hour quarter hour
0.6
0.3
0.3
6.5
 Hi
 01:21
10 min Average: 0 km/hr
hour half hour quarter hour
1
0
0
0.0
 Hi
 00:00
Daily rain: 0.0  
Total: 395.0 mm
hour half hour quarter hour
0
0
0
206
 Hi
 07:25
0 sunshine hours till now
Rise: 06:11   Set: 19:07
24 hrs half hour quarter hour
27
173
48
Moon
 Rise:
 Set:
0.5
 Hi
 07:20
24 hrs half hour quarter hour
0
0.5
0.5
dust
    • Not healthy
    • Sport activity is not recommended
    • large
    • 13 µg/m3
    • +130
    • +300
    • small
    • 4 µg/m3
    • +38
    • +100
  • small is more dangerous
24 hrs 24 hrs half hour
4
4
13
You had better close the window
inside: 19.8
outside: 11.2
Assuming idealistic inside temperature of: 22
How do you feel outside now with the current temp in the shade?
what is your favorite season?


                   MONTHLY CLIMATOLOGICAL SUMMARY for APR. 2021

NAME: Boaz Nechemia's Vantage Pro   CITY: Jerusalem   STATE: Israel 
ELEV:   745 m  LAT:  31 46' 09" N  LONG:  35 12' 07" E

                   TEMPERATURE (C), RAIN  (mm), WIND SPEED (km/hr)

                                      HEAT  COOL        AVG
    MEAN                              DEG   DEG         WIND                 DOM
DAY TEMP  HIGH   TIME   LOW    TIME   DAYS  DAYS  RAIN  SPEED HIGH   TIME    DIR
------------------------------------------------------------------------------------
 1  11.5  16.1   14:00   8.6    6:40   3.1   0.0   0.0  10.1  29.0   14:20   WNW
 2   9.9  12.2   12:20   8.7    5:20   4.6   0.0   0.6  13.7  49.9   10:20   WNW
 3  11.4  15.4   16:00   8.0    6:20   3.2   0.0   0.0   7.7  25.7    2:00   WNW
 4  13.3  20.1   15:50   6.0    7:00   2.7   0.0   0.0   3.1  25.7   14:50   NNW
 5  18.6  26.0   16:40  10.1    3:10   1.1   0.1   0.0   3.4  25.7   12:50    SE
 6  23.0  29.4   16:30  17.4    6:40   0.0   0.9   0.0   5.5  27.4   11:50    SE
 7  22.4  28.7   13:10  18.4    5:20   0.0   0.6   0.0   6.8  25.7   15:40    NW
 8  18.4  23.9   11:20  12.6   23:10   0.2   0.0   0.0   7.4  30.6   15:40   WNW
 9  13.1  17.6   13:40   9.9   00:00   1.9   0.0   0.0  15.3  54.7   20:40    NW
10   9.4  11.3   11:50   8.1   00:00   5.1   0.0   0.0  19.0  53.1   12:50   WNW
11   9.9  13.3   16:20   7.4    6:50   4.5   0.0   0.0  13.4  38.6   14:10   WNW
12  10.6  14.7   14:50   8.0    1:50   3.9   0.0   0.0  10.1  32.2   11:50   WNW
13  11.9  18.2   15:40   6.6    6:20   3.3   0.0   0.0   4.2  24.1   20:00     N
14   8.8  10.1    0:10   8.1    6:20   1.7   0.0   0.0   0.2   6.4    1:30     N
15
16
17
18
19
20
21
22
23
24
25
26
27
28
29
30
-------------------------------------------------------------------------------------
    13.7  29.4     6     6.0     4    35.3   1.6   0.6   8.6  54.7     9     WNW

Max >=  32.0:  0
Max <=   0.0:  0
Min <=   0.0:  0
Min <= -18.0:  0
Max Rain: 0.61 ON 02/04/21
Days of Rain: 1 (> .2 mm) 0 (> 2 mm) 0 (> 20 mm)
Heat Base:  14.5  Cool Base:  25.0  Method: Integration
Email:
Password:
Icon:
 
 
 
 
 
 
 
 
 
 
 
 
 
 
 
 
 
 
 
 
 
 
 
Display name:
Nice name:
Get alarms by Email
Pesonal Cold Meter(?)The cold meter will be displayed based on your votes only



   Remember me

Reset password ››
Email: