תחנת מזג-אוויר עדכנית בי-ם   גובה 775 מ'   ש 7:34 31/10/20
אודות
















מרגיש כמו 23.3 בַּצֵּל/שמש 20.5
18.4
°
C
18.4
°
C  בהר
18.7
 גבוה 00:00
17.7
 נמוך 02:30
14 דק':
0.2
24 ש' hour half hour
1.8
0.5
0.3
19.4
°
C  בעמק
19.4
 גבוה 07:33
18.5
 נמוך 02:28
14 דק':
0.2
24 ש' hour half hour
0.2
0.7
0.5
18.7
°
C  בכביש
18.8
 גבוה 07:22
16.4
 נמוך 00:26
24 ש' hour half hour
0.8
1.4
0.5
91% 
בעמק:93% 
94
 גבוה
 01:26     
91
 נמוך
 07:32
14 דק':
1%
24 ש' hour half hour
3
1
2
18.2
 גבוה
 07:33     
17.5
 נמוך
 01:22
24 ש' hour half hour
0.4
0.5
0.3
1,012.3
 גבוה
 01:41   
1,011.6
 נמוך
 03:21
24 ש' half hour quarter hour
0.0
0.0
0.0
20.9
 גבוה
 03:05
10 דק' ממוצע: 0 קמש
hour half hour quarter hour
3
3
3
0.0
 גבוה
 00:00
גשם היום מחצות: 0.2  
סה'כ עונתי: 4.8 מ''מ
hour half hour quarter hour
0
0
0
227
 גבוה
 07:29
0 שעות שמש עד עכשיו
זריחה: 05:55   שקיעה: 16:51
24 ש' half hour quarter hour
100
26
81
 זריחה:
 שקיעה:
0.7
 גבוה
 07:25
24 ש' half hour quarter hour
0.1
0.7
0.1
אבק
    • לא בריא
    • לא לעשות ספורט
    • אבק גדול
    • 40 µg/m3
    • +130
    • +300
    • אבק קטן
    • 21 µg/m3
    • +38
    • +100
  • הקטן יותר מסוכן
24 ש' 24 ש' half hour
4
1
0
כדאי לפתוח חלון
בפנים: 24.0
בחוץ: 18.4
המטרה של הדף הזה היא למזג את הבית כך שייתקרב כמה שיותר לתחושה הנוחה ביותר לנו.
זה כמובן אינדיבידואלי, לכן צריך לעשות כמה הנחות. ההנחה היא שהטמפרטורה האידיאלית בבית היא: 22
איך ההרגשה בחוץ עכשיו עם הטמפרטורה הנוכחית בַּצֵּל?
מהי העונה החביבה עליך?


                   MONTHLY CLIMATOLOGICAL SUMMARY for OCT. 2020

NAME: Boaz Nechemia's Vantage Pro   CITY: Jerusalem   STATE: Israel 
ELEV:   745 m  LAT:  31 46' 09" N  LONG:  35 12' 07" E

                   TEMPERATURE (C), RAIN  (mm), WIND SPEED (km/hr)

                                      HEAT  COOL        AVG
    MEAN                              DEG   DEG         WIND                 DOM
DAY TEMP  HIGH   TIME   LOW    TIME   DAYS  DAYS  RAIN  SPEED HIGH   TIME    DIR
------------------------------------------------------------------------------------
 1  23.8  29.4   14:10  20.1   23:20   0.0   0.9   0.0   8.5  32.2   19:30    NW
 2  21.9  27.7   15:00  18.4    5:20   0.0   0.5   0.0   6.1  27.4    0:10   NNW
 3  21.2  26.3   14:00  18.0    5:00   0.0   0.1   0.0   7.9  29.0   17:00    NW
 4  20.4  25.3   14:40  17.7    5:40   0.0   0.0   0.0   7.4  27.4   14:40    NW
 5  22.3  29.7   15:00  17.3    6:20   0.0   0.7   0.0   2.9  25.7   16:10     N
 6  24.6  32.0   14:10  18.7    5:10   0.0   1.7   0.0   2.9  20.9   15:50     N
 7  25.9  32.5   16:00  19.9    4:50   0.0   2.5   0.0   2.4  17.7   11:30     N
 8  27.8  33.8   14:50  21.3    1:40   0.0   3.4   0.0   3.2  20.9   15:00   ESE
 9  28.6  34.7   15:40  23.8   00:00   0.0   3.7   0.0   3.9  19.3   13:40   ESE
10  23.7  29.4   13:30  19.5   23:50   0.0   0.7   0.0   5.5  25.7   15:40   WNW
11  22.2  28.8   15:50  18.5    6:40   0.0   0.6   0.0   6.0  19.3   16:00   NNW
12  21.7  27.9   15:00  18.2    6:10   0.0   0.5   0.0   5.0  19.3   18:00    NW
13  21.1  28.1   15:40  16.7    7:00   0.0   0.4   0.0   6.0  20.9   17:20   NNW
14  20.8  25.9   14:50  17.5    5:00   0.0   0.1   0.0   9.0  32.2   14:40     N
15  21.7  27.4   15:00  18.0    5:20   0.0   0.4   0.0   6.8  25.7   15:00     N
16  20.7  26.5   14:40  17.4    6:10   0.0   0.2   0.0   6.1  20.9   16:20   NNW
17  20.9  28.7   14:20  14.3    7:10   0.0   0.5   0.0   2.9  22.5   15:00     N
18  22.3  30.3   14:40  15.9    5:00   0.0   0.9   0.0   2.7  20.9   14:40    SE
19  23.1  30.4   16:00  16.8    7:00   0.0   1.2   0.0   3.1  20.9   16:40   NNW
20  21.9  27.3   14:50  17.9    5:40   0.0   0.2   3.6   3.2  19.3    9:20    SE
21  21.6  26.7   13:50  18.0    7:10   0.0   0.2   0.2   4.2  25.7   15:20     N
22  22.8  31.3   16:20  17.7    6:50   0.0   1.0   0.0   2.9  20.9   11:10    SE
23  23.5  30.3   14:30  17.0    7:20   0.0   1.3   0.0   2.4  25.7   13:10    SE
24  25.4  30.6   15:50  20.8   22:20   0.0   1.5   0.0   7.1  37.0   21:50    SE
25  23.4  27.9   14:10  19.4   00:00   0.0   0.5   0.0   5.0  29.0   11:30    SE
26  22.8  30.2   15:10  15.4    3:00   0.0   0.7   0.0   3.9  25.7    9:50    SE
27  22.8  31.5   14:50  17.2    6:00   0.0   1.0   0.0   3.5  22.5   16:00    NW
28  22.3  28.9   13:40  18.1    5:00   0.0   0.6   0.0   4.0  17.7   14:10    NW
29  22.7  29.4   13:50  17.8    6:20   0.0   0.8   0.0   1.4  16.1   14:30    SE
30  22.1  28.7   13:00  17.4    6:30   0.0   0.6   0.0   3.7  19.3   13:30    NW
31  18.8  19.3    0:10  18.5    2:30   0.0   0.0   0.0   4.8  19.3    3:10   NNW
-------------------------------------------------------------------------------------
    22.7  34.7     9    14.3    17     0.0  27.3   3.8   4.7  37.0    24     NNW

Max >=  32.0:  4
Max <=   0.0:  0
Min <=   0.0:  0
Min <= -18.0:  0
Max Rain: 3.61 ON 20/10/20
Days of Rain: 2 (> .2 mm) 1 (> 2 mm) 0 (> 20 mm)
Heat Base:  14.5  Cool Base:  25.0  Method: Integration
אימייל:
סיסמה:
אייקון:
 
 
 
 
 
 
 
 
 
 
 
 
 
 
 
 
 
 
 
 
 
 
 
שם לתצוגה:
שם רשמי:
קבלו התראות באימייל
מדד קור מותאם אישית(?)מדד הקור יוצג בהתאם להצבעות שלך בלבד



   זכור אותי

שכחתי סיסמה ››
אימייל: