תחנת מזג-אוויר עדכנית בי-ם עם קור-טוב של הומור   גובה 775 מ'   ג 23:55 28/09/21
אודות
















מרגיש כמו 18.3
17.5
°
C
17.5
°
C  בהר
23.4
 גבוה 13:18
17.3
 נמוך 06:44
15 דק':
0.1
24 ש' hour half hour
0.7
0.2
0.2
18.3
°
C  בעמק
בנקודה הנמוכה: 16.2 
24.9
 גבוה 12:59
18.1
 נמוך 05:58
15 דק':
0.1
24 ש' hour half hour
0.6
0.1
0.0
16.2
°
C  בכביש
44.4
 גבוה 11:56
16.1
 נמוך 05:12
24 ש' hour half hour
0.7
0.2
0.2
91% 
בעמק:91% 
94
 גבוה
 06:50     
56
 נמוך
 12:21
15 דק': 0%
24 ש' hour half hour
0
1
1
16.9
 גבוה
 00:44     
13.6
 נמוך
 12:05
24 ש' hour half hour
1.4
0
0
1,011.1
 גבוה
 21:22   
1,009.4
 נמוך
 03:19
24 ש' half hour quarter hour
0.3
0.2
0.0
28.8
 גבוה
 14:42
10 דק' ממוצע: 8 קמש
hour half hour quarter hour
6
4
6
0.0
 גבוה
 00:00
גשם היום מחצות: 0.0  
סה'כ עונתי: 0.4 מ''מ
hour half hour quarter hour
0
0
0
1013
 גבוה
 12:23
5.3 שעות שמש עד עכשיו
זריחה: 06:31   שקיעה: 18:28
24 ש' half hour quarter hour
0
0
0
הירח
 זריחה:
 שקיעה:
6.2
 גבוה
 12:20
24 ש' half hour quarter hour
0
0
0
אבק
    • לא בריא
    • לא לעשות ספורט
    • אבק גדול
    • 37 µg/m3
    • +130
    • +300
    • אבק קטן
    • 23 µg/m3
    • +38
    • +100
  • הקטן יותר מסוכן
24 ש' 24 ש' half hour
17
4
1
כדאי לפתוח חלון
בפנים: 23.9
בחוץ: 17.5
המטרה של הדף הזה היא למזג את הבית כך שייתקרב כמה שיותר לתחושה הנוחה ביותר לנו.
זה כמובן אינדיבידואלי, לכן צריך לעשות כמה הנחות. ההנחה היא שהטמפרטורה האידיאלית בבית היא: 22
איך ההרגשה בחוץ עכשיו עם הטמפרטורה הנוכחית בַּצֵּל?
מהי העונה החביבה עליך?


                   MONTHLY CLIMATOLOGICAL SUMMARY for SEP. 2021

NAME: Boaz Nechemia's Vantage Pro   CITY: Jerusalem   STATE: Israel 
ELEV:   745 m  LAT:  31 46' 09" N  LONG:  35 12' 07" E

                   TEMPERATURE (C), RAIN  (mm), WIND SPEED (km/hr)

                                      HEAT  COOL        AVG
    MEAN                              DEG   DEG         WIND                 DOM
DAY TEMP  HIGH   TIME   LOW    TIME   DAYS  DAYS  RAIN  SPEED HIGH   TIME    DIR
------------------------------------------------------------------------------------
 1  24.8  31.9   14:40  20.4    6:20   0.0   1.7   0.0   7.7  27.4   19:00    NW
 2  24.1  31.1   15:20  20.0    7:10   0.0   1.4   0.0   9.0  25.7   22:20    NW
 3  23.9  30.4   14:30  19.6    5:10   0.0   1.3   0.0   7.7  25.7   20:10    NW
 4  24.3  30.7   15:10  19.8    5:40   0.0   1.4   0.0   7.1  27.4   19:30     N
 5  23.7  29.8   15:10  20.3    6:40   0.0   1.0   0.0   8.4  30.6   17:40    NW
 6  22.6  28.3   14:10  19.4    7:00   0.0   0.5   0.0   8.5  29.0   16:50    NW
 7  22.8  28.8   15:10  19.1    6:10   0.0   0.6   0.0   6.9  25.7   13:20   WNW
 8  24.1  29.9   15:00  18.6    6:50   0.0   1.4   0.0   6.0  24.1   13:50   NNW
 9  26.6  32.3   14:40  20.1    6:00   0.0   2.7   0.0   5.1  29.0   15:00     N
10  22.9  26.8   10:10  19.7   00:00   0.0   0.2   0.0  12.4  40.2   16:40    NW
11  21.2  25.4   12:00  18.8    5:20   0.0   0.0   0.0  12.4  33.8   16:00    NW
12  21.3  26.5   12:20  18.2    5:10   0.0   0.1   0.0   8.2  30.6   15:20    NW
13  24.3  31.1   13:40  15.6    3:20   0.0   1.8   0.0   4.8  32.2   14:40    NW
14  23.6  28.2   15:10  19.8   22:50   0.0   0.6   0.0  11.7  35.4   20:10   WNW
15  22.6  27.7   13:50  18.2    6:10   0.0   0.4   0.0   7.6  33.8   17:10    NW
16  21.2  25.8   14:00  18.6    6:20   0.0   0.0   0.0  10.5  32.2   15:50    NW
17  21.6  28.1   14:50  17.6    6:50   0.0   0.4   0.0   5.8  27.4   18:50   NNW
18  22.3  28.7   15:50  18.2    6:40   0.0   0.6   0.0   6.1  22.5   15:30     N
19  23.2  29.6   15:00  18.1    5:20   0.0   1.0   0.0   6.1  25.7   15:30     N
20  25.1  30.5   14:20  21.1    1:10   0.0   1.7   0.0   6.9  25.7   17:40     N
21  25.5  31.3   13:40  20.8    1:30   0.0   1.8   0.0   7.1  29.0   16:30     N
22  23.7  28.7   13:20  19.6    5:00   0.0   0.9   0.0  10.8  41.8   20:20   WNW
23  21.3  24.9   12:00  19.4    4:50   0.0   0.0   0.0  14.5  49.9   15:30   WNW
24  19.3  22.3   13:20  16.8   00:00   0.0   0.0   0.4  10.9  40.2   12:00   WNW
25  20.3  25.6   17:40  15.9    4:30   0.0   0.0   0.0   2.3  19.3   18:00   ESE
26  24.1  31.4   16:00  17.9    4:50   0.0   1.5   0.0   3.5  27.4   10:00    SE
27  21.6  25.4   11:20  18.9   23:50   0.0   0.0   0.0   8.9  33.8   16:40    NW
28  20.4  24.9   13:10  18.1    6:50   0.0   0.0   0.0   9.0  27.4   14:50    NW
29
30
-------------------------------------------------------------------------------------
    22.9  32.3     9    15.6    13     0.0  23.2   0.4   8.1  49.9    23      NW

Max >=  32.0:  1
Max <=   0.0:  0
Min <=   0.0:  0
Min <= -18.0:  0
Max Rain: 0.41 ON 24/09/21
Days of Rain: 1 (> .2 mm) 0 (> 2 mm) 0 (> 20 mm)
Heat Base:  14.5  Cool Base:  25.0  Method: Integration
אימייל:
סיסמה:
אייקון:
 
 
 
 
 
 
 
 
 
 
 
 
 
 
 
 
 
 
 
 
 
 
 
שם לתצוגה:
שם רשמי:
קבלו התראות באימייל
מדד קור מותאם אישית(?)מדד הקור יוצג בהתאם להצבעות שלך בלבד
 



   זכור אותי

שכחתי סיסמה ››
אימייל: