Jerusalem Weather Station   Height 775 m   Sun 6:56 20/06/21
About
















feels like 17.4 (shade)/sun 17.2
15
°
C
15
°
C  at hill
16.9
 Hi 00:00
14.9
 Lo 06:43
16 min:
0.1
24 hrs hour half hour
0.9
0.1
0.1
16.3
°
C  at valley
 
17.8
 Hi 00:00
15.8
 Lo 05:51
16 min:
0.3
24 hrs hour half hour
0.5
0.5
0.5
13.8
°
C  at road
16.2
 Hi 00:00
12.0
 Lo 06:17
24 hrs hour half hour
2.6
0.9
0.9
92% 
at valley:93% 
93
 Hi
 06:04     
89
 Lo
 00:00
16 min: 0%
24 hrs hour half hour
1
0
0
15.2
 Hi
 00:03     
13.6
 Lo
 06:43
24 hrs hour half hour
2
0.1
0.1
1,009.3
 Hi
 00:00   
1,008.3
 Lo
 04:29
24 hrs half hour quarter hour
0.3
0.3
0.2
24.1
 Hi
 02:25
10 min Average: 0 km/hr
hour half hour quarter hour
3
0
0
0.2
 Hi
 00:00
Daily rain: 0.2  
Total: 395.6 mm
hour half hour quarter hour
0
0
0
192
 Hi
 06:54
0 sunshine hours till now
Rise: 05:34   Set: 19:48
24 hrs half hour quarter hour
33
167
23
Moon
 Rise:
 Set:
0.6
 Hi
 06:54
24 hrs half hour quarter hour
0
0.6
0.1
dust
    • Not healthy
    • Sport activity is not recommended
    • large
    • 11 µg/m3
    • +130
    • +300
    • small
    • 6 µg/m3
    • +38
    • +100
  • small is more dangerous
24 hrs 24 hrs half hour
6
3
0
You had better open the window
inside: 22.8
outside: 15
Assuming idealistic inside temperature of: 22
How do you feel outside now with the current temp in the shade?
what is your favorite season?


                   MONTHLY CLIMATOLOGICAL SUMMARY for JUN. 2021

NAME: Boaz Nechemia's Vantage Pro   CITY: Jerusalem   STATE: Israel 
ELEV:   745 m  LAT:  31 46' 09" N  LONG:  35 12' 07" E

                   TEMPERATURE (C), RAIN  (mm), WIND SPEED (km/hr)

                                      HEAT  COOL        AVG
    MEAN                              DEG   DEG         WIND                 DOM
DAY TEMP  HIGH   TIME   LOW    TIME   DAYS  DAYS  RAIN  SPEED HIGH   TIME    DIR
------------------------------------------------------------------------------------
 1  22.5  29.3   12:40  15.5    5:50   0.0   0.8   0.0   8.4  33.8   16:50    NW
 2  19.8  24.8   13:40  15.8   00:00   0.0   0.0   0.0  10.9  33.8   17:20    NW
 3  19.2  25.3   15:20  14.7    5:30   0.0   0.0   0.0   9.7  40.2   18:20    NW
 4  18.9  24.4   13:30  14.9    5:40   0.0   0.0   0.0   9.3  33.8   16:30    NW
 5  19.2  24.9   13:40  14.3    5:50   0.0   0.0   0.0   9.8  29.0   15:20     N
 6  20.2  25.9   14:50  15.1    6:20   0.0   0.1   0.0   6.6  25.7   18:10   WNW
 7  21.2  28.9   14:50  14.9    6:20   0.0   0.6   0.0   5.5  29.0   16:40    NW
 8  20.6  26.6   15:10  14.7    6:00   0.0   0.1   0.0   8.4  29.0   18:00   NNW
 9  24.4  30.4   15:20  17.5    0:30   0.0   1.5   0.0   8.0  29.0   16:20   NNW
10  24.1  29.8   14:10  18.7   00:00   0.0   1.1   0.0   9.7  38.6   15:20   WNW
11  21.7  27.6   13:50  16.2    4:40   0.0   0.4   0.0   8.4  27.4   14:30    NW
12  25.4  31.4   13:00  18.8    5:40   0.0   2.1   0.0   6.3  30.6   17:10     N
13  25.3  31.6   13:00  19.1   00:00   0.0   1.8   0.0   6.4  29.0   15:10     N
14  20.5  25.2   13:50  17.2    5:40   0.0   0.0   0.0  11.9  38.6   17:50    NW
15  20.5  26.4   14:20  16.4    5:20   0.0   0.1   0.0  10.0  30.6    0:30    NW
16  19.8  24.8   13:50  16.3    5:00   0.0   0.0   0.0  11.7  38.6   16:00    NW
17  19.8  24.7   15:30  16.5    6:20   0.0   0.0   0.0   9.5  33.8   16:50   WNW
18  20.2  25.9   13:50  15.7    5:20   0.0   0.1   0.0   9.7  33.8   17:40    NW
19  20.4  26.3   14:30  16.2    5:50   0.0   0.1   0.0  10.5  30.6   15:00    NW
20  16.6  17.8    0:10  15.8    6:00   0.0   0.0   0.0   6.3  22.5    2:30    NW
21
22
23
24
25
26
27
28
29
30
-------------------------------------------------------------------------------------
    21.0  31.6    13    14.3     5     0.0   8.7   0.0   8.8  40.2     3      NW

Max >=  32.0:  0
Max <=   0.0:  0
Min <=   0.0:  0
Min <= -18.0:  0
Max Rain: 0.00 ON 01/06/21
Days of Rain: 0 (> .2 mm) 0 (> 2 mm) 0 (> 20 mm)
Heat Base:  14.5  Cool Base:  25.0  Method: Integration
Email:
Password:
Icon:
 
 
 
 
 
 
 
 
 
 
 
 
 
 
 
 
 
 
 
 
 
 
 
Display name:
Nice name:
Get alarms by Email
Pesonal Cold Meter(?)The cold meter will be displayed based on your votes only



   Remember me

Reset password ››
Email: