Jerusalem Weather Station   Height 775 m   Fri 9:51 12/08/22
About















74
°
F  at hill
74
 Hi 09:47
68
 Lo 06:09
24 hrs hour half hour quarter hour
0.0
2
1
0.0
78
°
F  at valley
 
 
78
 Hi 09:47
69
 Lo 03:51
24 hrs hour half hour quarter hour
1
4
3
1
80
°
F  at road
80
 Hi 09:49
60
 Lo 06:06
The thermometer is on stone. Asphalt could be hotter in the sun.
24 hrs hour half hour
0.0
5
2
72%   
at valley:68% 
79
 Hi
 08:31     
52
 Lo
 04:09
24 hrs hour half hour quarter hour
0
5
4
1
18.4
 Hi
 09:10     
11.4
 Lo
 04:09
18 - sauna level 1, 20 - sauna level 2, 22 - sauna level 3
24 hrs hour half hour quarter hour
2
1
0
0
1,007.4
 Hi
 09:18   
1,006.1
 Lo
 05:10
24 hrs half hour quarter hour
0.2
0.1
0.0
17.6
 Hi
 04:34
10 min average: 5 km/h
hour half hour quarter hour
3
8
5
0.0
 Hi
 00:00
Daily rain: 0.0  
Total: 517.0 mm
hour half hour quarter hour
0
0
0
696
 Hi
 09:50
1.9 sunshine hours till now
Rise: 06:02   Set: 19:26
24 hrs half hour quarter hour
0
102
28
Moon
 Rise:
 Set:
4.8
 Hi
 09:50
24 hrs half hour quarter hour
0
1.2
0.5
dust
    • Not healthy
    • Sport activity is not recommended
    • large
    • 32 µg/m3
    • +130
    • +300
    • small
    • 16 µg/m3
    • +38
    • +100
  • small is more dangerous
24 hrs 24 hrs half hour
9
9
0
You had better open the window
inside: 80
outside: 74
Assuming idealistic inside temperature of: 22
Run and walk
How do you feel outside now in the shade?
what is your favorite season?


                   MONTHLY CLIMATOLOGICAL SUMMARY for AUG. 2022

NAME: Boaz Nechemia's Vantage Pro   CITY: Jerusalem   STATE: Israel 
ELEV:   745 m  LAT:  31 46' 09" N  LONG:  35 12' 07" E

                   TEMPERATURE (C), RAIN  (mm), WIND SPEED (km/hr)

                                      HEAT  COOL        AVG
    MEAN                              DEG   DEG         WIND                 DOM
DAY TEMP  HIGH   TIME   LOW    TIME   DAYS  DAYS  RAIN  SPEED HIGH   TIME    DIR
------------------------------------------------------------------------------------
 1  24.7  30.8   14:30  18.9    6:50   0.0   1.6   0.0   7.7  30.6   15:20    NW
 2  26.0  32.3   14:40  20.0    5:30   0.0   2.2   0.0   7.1  25.7   15:40    NW
 3  26.9  33.6   14:00  20.9    7:00   0.0   2.7   0.0   6.3  24.1   17:20    NW
 4  27.8  35.4   15:10  22.1    6:50   0.0   3.4   0.0   6.3  24.1   17:20    NW
 5  26.7  32.9   14:40  21.9    7:10   0.0   2.4   0.0   6.9  27.4   17:30   WNW
 6  26.1  32.6   14:30  21.7    7:00   0.0   2.2   0.0   7.7  30.6   17:10    NW
 7  25.1  31.7   14:40  21.2    6:30   0.0   1.7   0.0   9.3  30.6   18:50    NW
 8  24.3  30.0   14:20  20.2    3:50   0.0   1.1   0.0  10.6  32.2   17:50   WNW
 9  24.0  29.9   14:00  19.4    6:30   0.0   1.1   0.0   7.9  33.8   17:10    NW
10  23.8  29.2   14:20  20.2    4:30   0.0   0.9   0.0   9.7  32.2   18:40    NW
11  24.2  29.6   14:00  20.6    6:50   0.0   1.1   0.0  10.3  33.8    0:40    NW
12  21.8  25.3    9:50  20.4    6:20   0.0   0.0   0.0   3.1  16.1    4:40    NW
13
14
15
16
17
18
19
20
21
22
23
24
25
26
27
28
29
30
31
-------------------------------------------------------------------------------------
    25.1  35.4     4    18.9     1     0.0  20.4   0.0   7.7  33.8     9      NW

Max >=  32.0:  5
Max <=   0.0:  0
Min <=   0.0:  0
Min <= -18.0:  0
Max Rain: 0.00 ON 01/08/22
Days of Rain: 0 (> .2 mm) 0 (> 2 mm) 0 (> 20 mm)
Heat Base:  14.5  Cool Base:  25.0  Method: Integration
Email:
Password:
Icon:
 
 
 
 
 
 
 
 
 
 
 
 
 
 
 
 
 
 
 
 
 
 
 
Display name:
Get alarms by Email
Pesonal Cold Meter(?)The cold meter will be displayed based on your votes only
 



   Remember me

Reset password ››
 
(?)User ID (optionally with numbers in it)
Icon:
 
 
 
 
 
 
 
 
 
 
 
 
 
 
 
 
 
 
 
 
 
 
 
(?)The name in the forum
Get alarms by Email
Pesonal Cold Meter(?)The cold meter will be displayed based on your votes only
Email: