תחנת מזג-אוויר עדכנית בי-ם   גובה 775 מ'   א 10:17 7/06/20
אודות
















מרגיש כמו 34.9 בַּצֵּל/שמש 29.2
28.8
°
C
28.8
°
C  בהר
28.8
 גבוה 10:15
20.1
 נמוך 06:14
17 דק':
0.4
24 שע' hour half hour
0.4
1.9
0.9
30.7
°
C  בעמק
30.7
 גבוה 10:16
19.5
 נמוך 06:04
17 דק':
0.5
24 שע' hour half hour
1.8
2.5
1.3
30.1
°
C  בכביש
30.1
 גבוה 10:14
14.7
 נמוך 05:43
24 שע' hour half hour
0.5
3.3
1.8
61
 גבוה
 00:53     
29
 נמוך
 10:14
17 דק':
3%
24 שע' hour half hour
2
6
3
12.9
 גבוה
 00:45     
7.3
 נמוך
 05:18
24 שע' hour half hour
2.2
1.1
0.6
1,008.5
 גבוה
 00:00   
1,007.3
 נמוך
 04:18
24 שע' half hour quarter hour
0.0
0.0
0.1
14.4
 גבוה
 00:23
10 דק' ממוצע: 3 קמש
hour half hour quarter hour
5
4
6
0.0
 גבוה
 00:00
גשם היום מחצות: 0.0  
סה'כ עונתי: 660.8 מ''מ
hour half hour quarter hour
0
0
0
715
 גבוה
 10:17
2.6 שעות שמש עד עכשיו
זריחה: 05:33   שקיעה: 19:43
24 שע' half hour quarter hour
7
114
47
 זריחה:
 שקיעה:
7.2
 גבוה
 10:15
24 שע' half hour quarter hour
0.1
1.3
0.4
אבק
    • לא בריא
    • לא לעשות ספורט
    • אבק גדול
    • 70 µg/m3
    • +130
    • +300
    • אבק קטן
    • 28 µg/m3
    • +38
    • +100
  • הקטן יותר מסוכן
24 שע' 24 שע' half hour
27
5
70
כדאי לסגור חלון
בפנים: 26.8
בחוץ: 28.8
המטרה של הדף הזה היא למזג את הבית כך שייתקרב כמה שיותר לתחושה הנוחה ביותר לנו.
זה כמובן אינדיבידואלי, לכן צריך לעשות כמה הנחות. ההנחה היא שהטמפרטורה האידיאלית בבית היא: 22
איך ההרגשה עכשיו עם הטמפרטורה הנוכחית?
מהי העונה החביבה עליך?


                   MONTHLY CLIMATOLOGICAL SUMMARY for JUN. 2020

NAME: Boaz Nechemia's Vantage Pro   CITY: Jerusalem   STATE: Israel 
ELEV:   745 m  LAT:  31 46' 09" N  LONG:  35 12' 07" E

                   TEMPERATURE (C), RAIN  (mm), WIND SPEED (km/hr)

                                      HEAT  COOL        AVG
    MEAN                              DEG   DEG         WIND                 DOM
DAY TEMP  HIGH   TIME   LOW    TIME   DAYS  DAYS  RAIN  SPEED HIGH   TIME    DIR
------------------------------------------------------------------------------------
 1  20.9  28.0   16:10  14.1    0:30   0.1   0.6   0.0   5.3  32.2   13:00    NW
 2  21.8  28.1    9:30  15.6   23:50   0.0   0.4   0.0  11.6  53.1   16:20    NW
 3  18.8  24.2   14:00  14.8    5:30   0.0   0.0   0.0  11.6  45.1   17:50   WNW
 4  21.7  27.9   14:10  15.9    3:50   0.0   0.4   0.0   5.3  24.1   15:10     N
 5  22.9  28.8   14:30  17.8    5:40   0.0   0.8   0.0   6.6  27.4   15:10     N
 6  24.7  30.4   11:20  18.2    5:10   0.0   1.6   0.0   4.7  27.4   15:50   WNW
 7  22.8  30.3   10:10  19.5    6:10   0.0   0.3   0.0   2.3  12.9    0:30   WNW
 8
 9
10
11
12
13
14
15
16
17
18
19
20
21
22
23
24
25
26
27
28
29
30
-------------------------------------------------------------------------------------
    21.9  30.4     6    14.1     1     0.1   4.1   0.0   6.8  53.1     2     WNW

Max >=  32.0:  0
Max <=   0.0:  0
Min <=   0.0:  0
Min <= -18.0:  0
Max Rain: 0.00 ON 01/06/20
Days of Rain: 0 (> .2 mm) 0 (> 2 mm) 0 (> 20 mm)
Heat Base:  14.5  Cool Base:  25.0  Method: Integration
אימייל:
סיסמה:
אייקון:
 
 
 
 
 
 
 
 
 
 
 
 
 
 
 
 
 
 
 
 
 
 
 
שם לתצוגה:
שם רשמי:
קבלו התראות באימייל
מדד קור מותאם אישית(?)מדד הקור יוצג בהתאם להצבעות שלך בלבד



   זכור אותי

שכחתי סיסמה ››
אימייל: