תחנת מזג-אוויר עדכנית בי-ם עם קור-טוב של הומור   גובה 775 מ'   ג 12:59 28/06/22
אודות















26.9
°
C  בהר
27.7
 גבוה 12:36
18.4
 נמוך 03:47
24 ש' hour half hour quarter hour
0.2
0.6
0.4
0.3
28.4
°
C  בעמק
 
 
28.8
 גבוה 12:36
18.2
 נמוך 04:12
24 ש' hour half hour quarter hour
0.3
0.8
0.2
0.0
51.5
°
C  בכביש
51.7
 גבוה 12:58
13.7
 נמוך 04:51
המד מונח על אבן. אספלט עשוי להיות חם יותר בשמש
24 ש' hour half hour
3.8
6.9
4.4
49%   
בעמק:48% 
72
 גבוה
 00:00     
39
 נמוך
 11:45
24 ש' hour half hour quarter hour
7
9
7
3
15.3
 גבוה
 12:58     
10.2
 נמוך
 04:11
18 - סאונה רמה 1
20 - סאונה רמה 2
22 - סאונה רמה 3
24 ש' hour half hour quarter hour
1.3
3.7
2
0.7
1,006.8
 גבוה
 00:09   
1,005.3
 נמוך
 12:36
24 ש' half hour quarter hour
0.3
0.0
0.1
20.9
 גבוה
 12:49
10 דק' ממוצע: 9 קמש
hour half hour quarter hour
5
3
6
0.0
 גבוה
 00:00
גשם היום מחצות: 0.0  
עונתי: 515.6 מ''מ
hour half hour quarter hour
0
0
0
1085
 גבוה
 12:35
5.3 שעות שמש עד עכשיו
זריחה: 05:36   שקיעה: 19:49
24 ש' half hour quarter hour
81
56
26
הירח
 זריחה:
 שקיעה:
10.3
 גבוה
 12:49
24 ש' half hour quarter hour
0.2
0.1
0.2
אבק
    • לא בריא
    • לא לעשות ספורט
    • אבק גדול
    • 38 µg/m3
    • +130
    • +300
    • אבק קטן
    • 16 µg/m3
    • +38
    • +100
  • הקטן יותר מסוכן
24 ש' 24 ש' half hour
1
1
2
כדאי לסגור חלון
בפנים: 26.2
בחוץ: 26.9
המטרה של הדף הזה היא למזג את הבית כך שייתקרב כמה שיותר לתחושה הנוחה ביותר לנו.
זה כמובן אינדיבידואלי, לכן צריך לעשות כמה הנחות. ההנחה היא שהטמפרטורה האידיאלית בבית היא: 22
איך ההרגשה בחוץ עכשיו בַּצֵּל?
מהי העונה החביבה עליך?


                   MONTHLY CLIMATOLOGICAL SUMMARY for JUN. 2022

NAME: Boaz Nechemia's Vantage Pro   CITY: Jerusalem   STATE: Israel 
ELEV:   745 m  LAT:  31 46' 09" N  LONG:  35 12' 07" E

                   TEMPERATURE (C), RAIN  (mm), WIND SPEED (km/hr)

                                      HEAT  COOL        AVG
    MEAN                              DEG   DEG         WIND                 DOM
DAY TEMP  HIGH   TIME   LOW    TIME   DAYS  DAYS  RAIN  SPEED HIGH   TIME    DIR
------------------------------------------------------------------------------------
 1  21.7  29.6   12:50  16.4    5:50   0.0   0.6   0.0   7.2  30.6   19:10    NW
 2  21.9  27.1   16:10  17.7    4:40   0.0   0.4   0.0   6.3  25.7   14:00    NW
 3  23.4  29.4   14:20  17.9    6:00   0.0   0.9   0.0   6.4  29.0   15:30   NNW
 4  24.7  30.3   14:50  19.7    6:20   0.0   1.5   0.0   7.7  27.4   16:10    NW
 5  25.1  30.6   14:40  19.4    6:30   0.0   1.7   0.0   6.4  25.7   14:20    NW
 6  23.4  28.6   13:50  17.9    6:40   0.0   0.8   0.0   7.4  27.4   16:20    NW
 7  23.0  27.7   14:50  18.4    1:10   0.0   0.6   0.0   9.0  32.2   17:30    NW
 8  23.5  28.8   13:50  17.9    6:00   0.0   0.9   0.0   7.9  29.0   15:00   WNW
 9  25.9  31.1   14:50  18.7    5:40   0.0   2.4   0.0   5.1  27.4   13:50    NW
10  26.6  31.7   14:30  21.9    5:50   0.0   2.4   0.0   7.2  27.4   14:50    NW
11  27.7  35.3   14:30  20.1    5:20   0.0   3.9   0.0   3.5  19.3   12:30    NW
12  24.1  28.1    3:10  18.3   23:20   0.0   0.7   0.0  13.4  45.1   18:20    NW
13  20.6  25.1   13:00  17.7    4:40   0.0   0.0   0.0  14.3  37.0    1:00   WNW
14  21.4  27.2   14:20  16.3    6:00   0.0   0.3   0.0   6.4  32.2   16:00    NW
15  21.9  27.3   14:00  16.9    5:20   0.0   0.4   0.0   7.1  27.4   18:10     N
16  23.4  31.1   14:50  16.9    6:00   0.0   1.4   0.0   6.4  29.0   16:50     N
17  23.4  29.7   13:40  18.4    6:10   0.0   1.1   0.0   9.8  30.6   16:50    NW
18  23.0  28.7   13:40  18.7    5:50   0.0   0.8   0.0  10.1  33.8   16:50    NW
19  22.3  28.7   14:30  17.7    6:20   0.0   0.7   0.0   8.7  29.0   16:40    NW
20  21.2  27.7   14:20  16.7    5:10   0.0   0.4   0.0   9.3  29.0   17:20    NW
21  20.2  24.6   13:00  17.3    6:00   0.0   0.0   0.0  14.8  49.9   19:50    NW
22  20.8  25.7   15:40  17.4    5:20   0.0   0.0   0.0  12.9  38.6   14:50   WNW
23  23.6  30.2   13:40  17.8    6:40   0.0   1.1   0.0   8.5  30.6   14:50   NNW
24  25.6  31.7   15:30  19.1    6:30   0.0   2.0   0.0   6.8  30.6   17:00    NW
25  23.2  26.3   13:00  18.6   00:00   0.0   0.2   0.0  13.2  43.5   17:20    NW
26  22.0  27.4   14:00  18.1    6:10   0.0   0.3   0.0  11.1  32.2   17:50   WNW
27  23.8  28.8   14:20  19.3    5:40   0.0   0.9   0.0   7.4  33.8   14:20    NW
28  21.8  28.8   12:40  18.2    4:30   0.0   0.2   0.0   1.9  16.1   12:50     W
29
30
-------------------------------------------------------------------------------------
    23.2  35.3    11    16.3    14     0.0  26.6   0.0   8.4  49.9    21      NW

Max >=  32.0:  1
Max <=   0.0:  0
Min <=   0.0:  0
Min <= -18.0:  0
Max Rain: 0.00 ON 01/06/22
Days of Rain: 0 (> .2 mm) 0 (> 2 mm) 0 (> 20 mm)
Heat Base:  14.5  Cool Base:  25.0  Method: Integration
האימייל שלך:
סיסמה:
אייקון:
 
 
 
 
 
 
 
 
 
 
 
 
 
 
 
 
 
 
 
 
 
 
 
שם לתצוגה:
קבלו התראות באימייל
מדד קור מותאם אישית(?)מדד הקור יוצג בהתאם להצבעות שלך בלבד
 



   זכור אותי

שכחתי סיסמה ››
 
(?)שם משתמש באנגלית, אפשר עם מספרים - לשימוש עתידי
אייקון:
 
 
 
 
 
 
 
 
 
 
 
 
 
 
 
 
 
 
 
 
 
 
 
(?)השם שיוצג בהודעות
קבלו התראות באימייל
מדד קור מותאם אישית(?)מדד הקור יוצג בהתאם להצבעות שלך בלבד
האימייל שלך: