תחנת מזג-אוויר עדכנית בי-ם   גובה 775 מ'   ו 4:53 14/08/20
אודות
















מרגיש כמו 19.3
19.9
°
C
19.9
°
C  בהר
21.6
 גבוה 00:05
19.8
 נמוך 04:14
13 דק':
0.1
24 שע' hour half hour
0.2
0.0
0.1
20.7
°
C  בעמק
22.1
 גבוה 00:07
20.6
 נמוך 04:23
13 דק': 0.0
24 שע' hour half hour
0.1
0.1
0.0
19.1
°
C  בכביש
20.2
 גבוה 00:02
18.8
 נמוך 04:21
24 שע' hour half hour
0.0
0.0
0.2
94
 גבוה
 03:39     
89
 נמוך
 00:00
13 דק': 0%
24 שע' hour half hour
0
0
0
19.5
 גבוה
 00:07     
18.7
 נמוך
 00:44
24 שע' hour half hour
0
0
0.1
1,006.0
 גבוה
 00:00   
1,004.8
 נמוך
 03:09
24 שע' half hour quarter hour
0.0
0.0
0.1
27.4
 גבוה
 03:11
10 דק' ממוצע: 14 קמש
hour half hour quarter hour
8
8
4
0.0
 גבוה
 00:00
גשם היום מחצות: 0.0  
סה'כ עונתי: 662.2 מ''מ
hour half hour quarter hour
0
0
0
 גבוה
 00:00
0 שעות שמש עד עכשיו
זריחה: 06:04   שקיעה: 19:24
24 שע' half hour quarter hour
0
0
0
 זריחה:
 שקיעה:
0.0
 גבוה
 00:00
24 שע' half hour quarter hour
0
0
0
אבק
    • לא בריא
    • לא לעשות ספורט
    • אבק גדול
    • 39 µg/m3
    • +130
    • +300
    • אבק קטן
    • 12 µg/m3
    • +38
    • +100
  • הקטן יותר מסוכן
24 שע' 24 שע' half hour
5
1
0
כדאי לפתוח חלון
בפנים: 24.4
בחוץ: 19.9
המטרה של הדף הזה היא למזג את הבית כך שייתקרב כמה שיותר לתחושה הנוחה ביותר לנו.
זה כמובן אינדיבידואלי, לכן צריך לעשות כמה הנחות. ההנחה היא שהטמפרטורה האידיאלית בבית היא: 22
איך ההרגשה עכשיו עם הטמפרטורה הנוכחית?
מהי העונה החביבה עליך?


                   MONTHLY CLIMATOLOGICAL SUMMARY for AUG. 2020

NAME: Boaz Nechemia's Vantage Pro   CITY: Jerusalem   STATE: Israel 
ELEV:   745 m  LAT:  31 46' 09" N  LONG:  35 12' 07" E

                   TEMPERATURE (C), RAIN  (mm), WIND SPEED (km/hr)

                                      HEAT  COOL        AVG
    MEAN                              DEG   DEG         WIND                 DOM
DAY TEMP  HIGH   TIME   LOW    TIME   DAYS  DAYS  RAIN  SPEED HIGH   TIME    DIR
------------------------------------------------------------------------------------
 1  27.3  32.3   13:30  23.9   22:40   0.0   2.5   0.0  11.1  35.4   15:30    NW
 2  25.8  32.8   14:50  19.1    6:40   0.0   2.2   0.0   6.3  30.6   15:00   NNW
 3  26.1  31.3   14:00  21.6    6:50   0.0   1.9   0.0   7.9  30.6   19:10    NW
 4  24.2  29.7   15:00  20.3    6:50   0.0   1.1   0.0  11.1  33.8   12:30   WNW
 5  23.6  29.0   14:00  20.4    5:10   0.0   0.9   0.0  13.7  41.8   17:50   WNW
 6  24.5  30.0   14:20  20.6    5:20   0.0   1.2   0.0  10.8  35.4   15:00    NW
 7  25.9  32.0   15:20  21.5    6:00   0.0   1.9   0.0   9.3  33.8   16:00    NW
 8  24.6  30.0   13:50  21.3    2:00   0.0   1.3   0.0  12.6  37.0   15:20   WNW
 9  23.0  27.4   15:20  20.3    4:00   0.0   0.4   0.0  15.3  40.2   12:40   WNW
10  22.8  27.4   14:00  20.2    4:10   0.0   0.4   0.0  12.6  40.2   17:10    NW
11  22.7  27.2   14:50  19.4    6:30   0.0   0.3   0.0   8.7  33.8   17:50    NW
12  23.3  27.8   14:50  20.1    1:40   0.0   0.5   0.0   8.5  30.6   18:20   WNW
13  24.6  30.2   14:30  20.6    6:40   0.0   1.4   0.0  10.3  32.2   15:40    NW
14  21.2  22.1    0:20  20.6    4:30   0.0   0.0   0.0  10.9  29.0    3:20    NW
15
16
17
18
19
20
21
22
23
24
25
26
27
28
29
30
31
-------------------------------------------------------------------------------------
    24.2  32.8     2    19.1     2     0.0  15.8   0.0  10.6  41.8     5      NW

Max >=  32.0:  3
Max <=   0.0:  0
Min <=   0.0:  0
Min <= -18.0:  0
Max Rain: 0.00 ON 01/08/20
Days of Rain: 0 (> .2 mm) 0 (> 2 mm) 0 (> 20 mm)
Heat Base:  14.5  Cool Base:  25.0  Method: Integration
אימייל:
סיסמה:
אייקון:
 
 
 
 
 
 
 
 
 
 
 
 
 
 
 
 
 
 
 
 
 
 
 
שם לתצוגה:
שם רשמי:
קבלו התראות באימייל
מדד קור מותאם אישית(?)מדד הקור יוצג בהתאם להצבעות שלך בלבד



   זכור אותי

שכחתי סיסמה ››
אימייל: