תחנת מזג-אוויר עדכנית בי-ם עם קור-טוב של הומור   גובה 775 מ'   ש 18:58 23/01/21
אודות
















מרגיש כמו 8
9.7
°
C
9.7
°
C  בהר
12.2
 גבוה 14:45
4.7
 נמוך 05:59
18 דק': 0.0
24 ש' hour half hour
1.6
0.0
0.0
10.1
°
C  בעמק
בנקודה הנמוכה: 6.2 
12.9
 גבוה 14:38
5.4
 נמוך 06:05
18 דק': 0.0
24 ש' hour half hour
1
0.2
0.2
6.2
°
C  בכביש
29.9
 גבוה 13:48
0.8
 נמוך 06:25
24 ש' hour half hour
0.6
0.2
0.2
33% 
בעמק:37% 
44
 גבוה
 01:58     
30
 נמוך
 11:25
18 דק':
1%
24 ש' hour half hour
11
2
1
-4.0
 גבוה
 15:26     
-8.1
 נמוך
 06:46
24 ש' hour half hour
3.3
0.8
0.4
1,017.4
 גבוה
 00:02   
1,013.8
 נמוך
 15:29
24 ש' half hour quarter hour
0.5
0.2
0.1
24.1
 גבוה
 09:09
10 דק' ממוצע: 3 קמש
hour half hour quarter hour
4
6
1
0.0
 גבוה
 00:00
גשם היום מחצות: 0.0  
סה'כ עונתי: 224.6 מ''מ
hour half hour quarter hour
0
0
0
689
 גבוה
 11:48
6.6 שעות שמש עד עכשיו
זריחה: 06:37   שקיעה: 17:05
24 ש' half hour quarter hour
0
0
0
הירח
 זריחה:
 שקיעה:
3.5
 גבוה
 11:30
24 ש' half hour quarter hour
0
0
0
אבק
    • לא בריא
    • לא לעשות ספורט
    • אבק גדול
    • 37 µg/m3
    • +130
    • +300
    • אבק קטן
    • 10 µg/m3
    • +38
    • +100
  • הקטן יותר מסוכן
24 ש' 24 ש' half hour
13
3
1
כדאי לסגור חלון
בפנים: 20.1
בחוץ: 9.7
המטרה של הדף הזה היא למזג את הבית כך שייתקרב כמה שיותר לתחושה הנוחה ביותר לנו.
זה כמובן אינדיבידואלי, לכן צריך לעשות כמה הנחות. ההנחה היא שהטמפרטורה האידיאלית בבית היא: 22
איך ההרגשה בחוץ עכשיו עם הטמפרטורה הנוכחית בַּצֵּל?
מהי העונה החביבה עליך?


                   MONTHLY CLIMATOLOGICAL SUMMARY for JAN. 2021

NAME: Boaz Nechemia's Vantage Pro   CITY: Jerusalem   STATE: Israel 
ELEV:   745 m  LAT:  31 46' 09" N  LONG:  35 12' 07" E

                   TEMPERATURE (C), RAIN  (mm), WIND SPEED (km/hr)

                                      HEAT  COOL        AVG
    MEAN                              DEG   DEG         WIND                 DOM
DAY TEMP  HIGH   TIME   LOW    TIME   DAYS  DAYS  RAIN  SPEED HIGH   TIME    DIR
------------------------------------------------------------------------------------
 1  13.2  16.1   14:30  10.7    6:30   1.5   0.0   0.0   3.1  22.5    9:20   ESE
 2  13.9  17.9   15:00  10.4    6:40   1.3   0.0   0.0   1.6  16.1    3:40   ESE
 3  15.0  18.3   13:40  11.7    6:20   0.6   0.0   0.0   2.4  20.9   12:40    SE
 4  15.1  18.7   15:10  12.0    3:50   0.6   0.0   0.0   4.3  29.0   12:20   ESE
 5  15.4  18.4   15:40  12.2    6:40   0.5   0.0   0.0   2.7  19.3   14:50   ESE
 6  15.5  18.6   14:10  12.2    7:10   0.4   0.0   0.0   3.2  22.5   10:50   ESE
 7  15.3  18.9   14:30  12.4    6:30   0.4   0.0   0.0   2.9  22.5   10:30   ESE
 8  14.2  17.4   14:20  11.4    7:00   0.9   0.0   0.0   4.7  27.4   10:20   ESE
 9  14.8  18.3   14:50  11.8    6:40   0.7   0.0   0.0   3.2  24.1   11:30   ESE
10  15.2  18.9   14:10  11.4    6:50   0.7   0.0   0.0   1.6  20.9   11:40   ESE
11  15.8  19.4   13:50  11.9    7:00   0.5   0.0   0.0   3.7  24.1   13:40    SE
12  16.2  20.6   14:00  12.3    7:00   0.3   0.0   0.0   3.2  24.1   12:40    SE
13  16.6  19.8   14:20  12.9   00:00   0.1   0.0   2.0   5.8  35.4   19:20   ESE
14  10.9  13.5   12:00   8.6   18:40   3.6   0.0  14.2  16.7  54.7   16:50     W
15   9.5  11.0   16:00   8.0   00:00   5.0   0.0   4.6   6.9  43.5    0:20   WSW
16   9.7  12.4   14:50   6.7    5:20   4.8   0.0   0.2   5.5  32.2   22:50     W
17  10.3  12.9   13:00   6.7   23:30   4.2   0.0  22.2  18.2  67.6   20:20   WSW
18   7.9   8.9   16:00   7.1    6:50   6.5   0.0  22.4  11.1  45.1    0:20   WSW
19   9.2  12.7   13:50   7.3   22:10   5.3   0.0   8.2  18.2  61.2   15:50     W
20   6.3   8.4   14:50   4.6   11:10   8.2   0.0  25.8  15.1  57.9   14:30   WNW
21   7.4  11.3   13:50   3.9    7:00   7.1   0.0   0.0   2.4  20.9   14:30     N
22   7.7  11.1   15:20   4.9    6:40   6.8   0.0   0.0   7.2  35.4   11:00    SE
23   9.1  12.9   14:40   5.4    6:10   4.3   0.0   0.0   5.5  24.1    9:10    SE
24
25
26
27
28
29
30
31
-------------------------------------------------------------------------------------
    12.4  20.6    12     3.9    21    64.3   0.0  99.6   6.5  67.6    17     ESE

Max >=  32.0:  0
Max <=   0.0:  0
Min <=   0.0:  0
Min <= -18.0:  0
Max Rain: 25.81 ON 20/01/21
Days of Rain: 8 (> .2 mm) 7 (> 2 mm) 3 (> 20 mm)
Heat Base:  14.5  Cool Base:  25.0  Method: Integration
אימייל:
סיסמה:
אייקון:
 
 
 
 
 
 
 
 
 
 
 
 
 
 
 
 
 
 
 
 
 
 
 
שם לתצוגה:
שם רשמי:
קבלו התראות באימייל
מדד קור מותאם אישית(?)מדד הקור יוצג בהתאם להצבעות שלך בלבד



   זכור אותי

שכחתי סיסמה ››
אימייל: