תחנת מזג-אוויר עדכנית בי-ם עם קור-טוב של הומור   גובה 775 מ'   ש 14:03 22/01/22
אודות















10.4
°
C  בהר
10.9
 גבוה 13:44
3.2
 נמוך 06:13
24 ש' hour half hour quarter hour
1.8
0.0
0.4
0.3
12.4
°
C  בעמק
 
 
12.8
 גבוה 13:28
2.6
 נמוך 06:10
24 ש' hour half hour quarter hour
3.3
0.3
0.3
0.0
25.2
°
C  בכביש
28.6
 גבוה 13:39
-3.0
 נמוך 06:11
המד מונח על אבן. אספלט עשוי להיות חם יותר בשמש
24 ש' hour half hour
3.1
0.7
0.2
55%   
בעמק:53% 
74
 גבוה
 06:15     
39
 נמוך
 11:38
24 ש' hour half hour quarter hour
6
1
3
1
2.0
 גבוה
 13:54     
-3.4
 נמוך
 11:38
18 - סאונה רמה 1
20 - סאונה רמה 2
22 - סאונה רמה 3
24 ש' hour half hour quarter hour
0.3
0.2
0.4
0.1
1,017.2
 גבוה
 00:01   
1,012.4
 נמוך
 13:41
24 ש' half hour quarter hour
0.5
0.2
0.1
19.4
 גבוה
 13:02
10 דק' ממוצע: 8 קמש
hour half hour quarter hour
3
3
7
0.0
 גבוה
 00:00
גשם היום מחצות: 0.0  
סה'כ עונתי: 234.6 מ''מ
hour half hour quarter hour
0
0
0
701
 גבוה
 11:38
5.3 שעות שמש עד עכשיו
זריחה: 06:37   שקיעה: 17:04
24 ש' half hour quarter hour
0
49
10
הירח
 זריחה:
 שקיעה:
3.4
 גבוה
 11:34
24 ש' half hour quarter hour
0
0.1
0.1
אבק
    • לא בריא
    • לא לעשות ספורט
    • אבק גדול
    • 26 µg/m3
    • +130
    • +300
    • אבק קטן
    • 6 µg/m3
    • +38
    • +100
  • הקטן יותר מסוכן
24 ש' 24 ש' half hour
14
6
26
כדאי לסגור חלון
בפנים: 18.6
בחוץ: 10.4
המטרה של הדף הזה היא למזג את הבית כך שייתקרב כמה שיותר לתחושה הנוחה ביותר לנו.
זה כמובן אינדיבידואלי, לכן צריך לעשות כמה הנחות. ההנחה היא שהטמפרטורה האידיאלית בבית היא: 22
הליכה וריצה
איך ההרגשה בחוץ עכשיו בַּצֵּל?
מהי העונה החביבה עליך?


                   MONTHLY CLIMATOLOGICAL SUMMARY for JAN. 2022

NAME: Boaz Nechemia's Vantage Pro   CITY: Jerusalem   STATE: Israel 
ELEV:   745 m  LAT:  31 46' 09" N  LONG:  35 12' 07" E

                   TEMPERATURE (C), RAIN  (mm), WIND SPEED (km/hr)

                                      HEAT  COOL        AVG
    MEAN                              DEG   DEG         WIND                 DOM
DAY TEMP  HIGH   TIME   LOW    TIME   DAYS  DAYS  RAIN  SPEED HIGH   TIME    DIR
------------------------------------------------------------------------------------
 1  10.6  11.3    1:50   9.7   23:50   4.0   0.0   0.8   2.6  24.1   12:00    SE
 2  10.9  15.3   13:40   8.7    6:50   3.6   0.0   2.8   3.5  20.9   15:50   ESE
 3  10.4  13.7   14:40   8.3   23:50   4.0   0.0   6.6   5.5  20.9   14:50    NW
 4  10.1  13.4   12:20   7.1    6:50   4.4   0.0   0.0   7.1  32.2   13:00     W
 5  11.7  15.0   14:30   9.9    0:20   2.8   0.0   0.0   3.4  20.9    8:20   WSW
 6  12.7  16.8   14:00   8.5    7:10   2.1   0.0   0.0   2.7  16.1    9:50    SE
 7  13.1  18.9   11:10   8.7   23:00   2.5   0.0   0.0   1.1  12.9   11:20    SE
 8  14.1  18.4   14:30   8.9    3:40   1.7   0.0   0.0   2.7  16.1   13:00    SE
 9  13.5  18.7   12:30  10.0   00:00   1.7   0.0   0.0   7.4  35.4   11:50   WNW
10  10.2  14.0   13:20   7.3   23:50   4.3   0.0   0.0   5.5  27.4   13:30   WSW
11  10.6  15.8   14:50   5.8    5:30   4.1   0.0   0.0   1.1  19.3   11:50   SSE
12  12.1  17.4   13:00   7.7    5:50   2.9   0.0   0.0   2.4  24.1   10:40   WNW
13  11.8  15.1   12:50   9.1   22:30   2.8   0.0   4.4   9.7  40.2   22:10   WNW
14   7.9   9.6    0:20   6.0   23:50   6.6   0.0  38.2  14.5  45.1    1:50     W
15   6.6   7.7   14:20   5.2    5:40   7.9   0.0   9.6  14.6  41.8   16:40   WSW
16   5.9   7.8   13:10   4.3   00:00   8.5   0.0  35.6  11.9  54.7    4:50   WSW
17   4.6   7.7   13:20   1.9   23:20   9.9   0.0   0.0   1.8  17.7   11:10   ESE
18   4.9  10.5   14:20   0.2    4:30   9.6   0.0   0.0   3.4  27.4   23:20    SE
19   5.1   7.3   14:10   2.2   21:20   9.4   0.0  19.8  19.5  69.2   12:50   WSW
20   4.6   8.0   13:10   1.7    6:40   9.9   0.0   0.2   7.2  29.0    2:40   NNW
21   6.4   9.2   13:40   2.6    6:40   8.1   0.0   0.0   3.2  27.4   12:40    SE
22   7.2  12.8   13:30   2.6    6:20   4.3   0.0   0.0   2.3  17.7   13:00   ESE
23
24
25
26
27
28
29
30
31
-------------------------------------------------------------------------------------
     9.3  18.9     7     0.2    18   115.2   0.0 118.0   6.0  69.2    19     WSW

Max >=  32.0:  0
Max <=   0.0:  0
Min <=   0.0:  0
Min <= -18.0:  0
Max Rain: 38.20 ON 14/01/22
Days of Rain: 9 (> .2 mm) 7 (> 2 mm) 2 (> 20 mm)
Heat Base:  14.5  Cool Base:  25.0  Method: Integration
האימייל שלך:
סיסמה:
אייקון:
 
 
 
 
 
 
 
 
 
 
 
 
 
 
 
 
 
 
 
 
 
 
 
שם לתצוגה:
קבלו התראות באימייל
מדד קור מותאם אישית(?)מדד הקור יוצג בהתאם להצבעות שלך בלבד
 



   זכור אותי

שכחתי סיסמה ››
 
(?)שם משתמש באנגלית, אפשר עם מספרים - לשימוש עתידי
אייקון:
 
 
 
 
 
 
 
 
 
 
 
 
 
 
 
 
 
 
 
 
 
 
 
(?)השם שיוצג בהודעות
קבלו התראות באימייל
מדד קור מותאם אישית(?)מדד הקור יוצג בהתאם להצבעות שלך בלבד
האימייל שלך: