Jerusalem Weather Station   Height 775 m   Sun 20:47 24/10/21
About
















feels like 62
60
°
F
60
°
F  at hill
75
 Hi 14:33
57
 Lo 05:44
17 min:
1
24 hrs hour half hour
1
2
1
62
°
F  at valley
at lowest places: 59 
75
 Hi 14:33
58
 Lo 03:14
17 min: 0.0
24 hrs hour half hour
1
1
1
59
°
F  at road
110
 Hi 13:38
50
 Lo 04:22
24 hrs hour half hour
0.0
1
1
86% 
at valley:86% 
90
 Hi
 07:29     
34
 Lo
 13:16
17 min: 0%
24 hrs hour half hour
6
2
1
14.7
 Hi
 16:27     
6.4
 Lo
 13:16
24 hrs hour half hour
0
1
0
1,017.0
 Hi
 00:00   
1,013.6
 Lo
 15:59
24 hrs half hour quarter hour
0.0
0.0
0.1
25.9
 Hi
 15:31
10 min average: 6 km/h
hour half hour quarter hour
6
4
4
0.0
 Hi
 00:00
Daily rain: 0.0  
Total: 2.4 mm
hour half hour quarter hour
0
0
0
851
 Hi
 12:30
6.6 sunshine hours till now
Rise: 06:49   Set: 17:58
24 hrs half hour quarter hour
0
0
0
Moon
 Rise:
 Set:
4.5
 Hi
 12:30
24 hrs half hour quarter hour
0
0
0
dust
    • Not healthy
    • Sport activity is not recommended
    • large
    • 29 µg/m3
    • +130
    • +300
    • small
    • 12 µg/m3
    • +38
    • +100
  • small is more dangerous
24 hrs 24 hrs half hour
5
5
0
You had better open the window
inside: 70
outside: 60
Assuming idealistic inside temperature of: 22
How do you feel outside now in the shade?
what is your favorite season?


                   MONTHLY CLIMATOLOGICAL SUMMARY for OCT. 2021

NAME: Boaz Nechemia's Vantage Pro   CITY: Jerusalem   STATE: Israel 
ELEV:   745 m  LAT:  31 46' 09" N  LONG:  35 12' 07" E

                   TEMPERATURE (C), RAIN  (mm), WIND SPEED (km/hr)

                                      HEAT  COOL        AVG
    MEAN                              DEG   DEG         WIND                 DOM
DAY TEMP  HIGH   TIME   LOW    TIME   DAYS  DAYS  RAIN  SPEED HIGH   TIME    DIR
------------------------------------------------------------------------------------
 1  21.8  28.9   13:50  16.9    7:00   0.0   0.6   0.0   5.6  25.7   18:20   NNW
 2  20.6  25.3   15:40  18.4   00:00   0.0   0.0   0.0   8.9  27.4   14:10    NW
 3  20.1  24.3   14:20  17.4    4:30   0.0   0.0   0.0   8.7  30.6   12:10    NW
 4  20.7  26.8   14:10  17.2    5:30   0.0   0.1   0.0   6.8  24.1   16:20   NNW
 5  20.3  26.1   15:20  16.7    7:00   0.0   0.1   0.0   7.2  27.4   17:30     N
 6  20.0  26.1   15:40  15.8    6:40   0.0   0.1   0.0   6.0  20.9   14:40     N
 7  21.4  29.2   15:50  14.1    7:10   0.0   0.6   0.0   2.6  17.7   13:00   NNW
 8  22.6  30.2   15:40  16.6    6:20   0.0   1.0   0.0   3.9  22.5    9:40   WNW
 9  21.8  29.1   13:20  17.9    7:00   0.0   0.6   0.0   5.6  24.1   15:50   NNW
10  22.1  28.9   14:00  16.8    6:10   0.0   0.8   0.0   4.7  22.5   14:20     N
11  22.6  29.4   14:10  16.2    6:10   0.0   1.0   0.0   2.4  19.3   14:50   NNW
12  24.7  30.8   13:40  19.4    5:30   0.0   1.3   0.0   4.5  38.6    4:40     N
13  23.7  28.2   14:40  21.2    4:40   0.0   0.5   0.0   8.9  30.6   17:20     N
14  23.6  28.8   14:40  19.6    6:40   0.0   0.8   0.0   6.1  27.4    1:40     N
15  23.1  30.1   12:40  18.7    6:00   0.0   1.0   0.0   4.3  25.7   15:50   NNW
16  21.4  28.1   13:30  17.5    6:50   0.0   0.4   0.0   5.3  24.1   14:10   NNW
17  19.9  23.7   12:50  17.7   22:20   0.0   0.0   0.0   8.9  37.0   12:50   WNW
18  18.7  22.6   13:40  16.0    6:00   0.0   0.0   0.0   6.6  25.7   15:20   WNW
19  18.1  22.2   14:20  15.7    3:30   0.0   0.0   0.0   7.6  33.8   18:10    NW
20  17.9  21.8   13:20  15.6    6:20   0.0   0.0   0.0   5.6  33.8   17:20    NW
21  18.4  23.7   16:00  15.0    7:10   0.0   0.0   0.0   4.5  25.7   18:30   NNW
22  18.9  24.4   14:40  15.4    3:50   0.0   0.0   0.0   7.2  29.0   17:40     N
23  18.1  22.4   13:40  15.7    6:40   0.0   0.0   0.0   9.5  32.2   14:40     N
24  18.4  23.9   14:40  14.3    3:30   0.0   0.0   0.0   4.7  24.1   15:40     N
25
26
27
28
29
30
31
-------------------------------------------------------------------------------------
    20.8  30.8    12    14.1     7     0.0   8.8   0.0   6.1  38.6    12     NNW

Max >=  32.0:  0
Max <=   0.0:  0
Min <=   0.0:  0
Min <= -18.0:  0
Max Rain: 0.00 ON 01/10/21
Days of Rain: 0 (> .2 mm) 0 (> 2 mm) 0 (> 20 mm)
Heat Base:  14.5  Cool Base:  25.0  Method: Integration
Email:
Password:
Icon:
 
 
 
 
 
 
 
 
 
 
 
 
 
 
 
 
 
 
 
 
 
 
 
Display name:
Nice name:
Get alarms by Email
Pesonal Cold Meter(?)The cold meter will be displayed based on your votes only
 



   Remember me

Reset password ››
Email:

New Minimum Record at 10/2021  ››