Jerusalem Weather Station   Height 775 m   Sun 13:23 1/08/21
About
















feels like 99 (shade)/sun 92
89
°
°F
89
°
°F  at hill
89
 Hi 13:09
75
 Lo 04:44
13 min: 0.0
24 hrs hour half hour
0.0
1
0.0
92
°
°F  at valley
 
92
 Hi 13:21
74
 Lo 04:47
13 min:
1
24 hrs hour half hour
2
2
1
126
°
°F  at road
129
 Hi 13:06
63
 Lo 04:39
24 hrs hour half hour
1
6
1
30% 
at valley:30% 
39
 Hi
 00:00     
22
 Lo
 09:49
13 min:
2%
24 hrs hour half hour
3
1
0
12.4
 Hi
 12:52     
3.9
 Lo
 06:48
24 hrs hour half hour
2
2
0
1,005.2
 Hi
 09:27   
1,003.9
 Lo
 03:00
24 hrs half hour quarter hour
0.2
0.1
0.0
30.6
 Hi
 13:12
10 min average: 12 km/h
hour half hour quarter hour
10
1
0
0.0
 Hi
 00:00
Daily rain: 0.0  
Total: 396.0 mm
hour half hour quarter hour
0
0
0
960
 Hi
 13:13
5.4 sunshine hours till now
Rise: 05:55   Set: 19:36
24 hrs half hour quarter hour
9
9
14
Moon
 Rise:
 Set:
8.4
 Hi
 12:24
24 hrs half hour quarter hour
0.1
0.4
0.3
dust
    • Not healthy
    • Sport activity is not recommended
    • large
    • 60 µg/m3
    • +130
    • +300
    • small
    • 15 µg/m3
    • +38
    • +100
  • small is more dangerous
24 hrs 24 hrs half hour
8
9
9
You had better close the window
inside: 85
outside: 89
Assuming idealistic inside temperature of: 22
How do you feel outside now with the current temp in the shade?
what is your favorite season?


                            ANNUAL CLIMATOLOGICAL SUMMARY

NAME: Boaz Nechemia's Vantage Pro  CITY: Jerusalem   STATE: Israel  
ELEV:   745 m  LAT:  31 46' 09" N  LONG:  35 12' 07" E

               TEMPERATURE (C), HEAT BASE 14.5, COOL BASE 25.0
                          DEP.  HEAT  COOL                                          
        MEAN  MEAN        FROM  DEG   DEG                        MAX  MAX  MIN  MIN 
 YR MO  MAX   MIN   MEAN  NORM  DAYS  DAYS  HI  DATE  LOW  DATE  >=32 <=0  <=0  <=-18 
------------------------------------------------------------------------------------
 21  1  15.2   8.8  11.8   2.0   100     0  20.6  12   3.9   21    0    0    0    0
 21  2  16.5   8.3  12.0   1.5    90     0  22.4  14   1.1   17    0    0    0    0
 21  3  17.6   9.1  13.0  -0.1    90     1  28.8  10   5.1    4    0    0    0    0
 21  4  24.6  13.1  18.5   1.7    37    21  34.9  19   6.0    4    4    0    0    0
 21  5  28.8  17.5  22.8   1.8     0    31  35.6   9  12.7   15    4    0    0    0
 21  6  28.3  17.3  22.5  -0.8     0    26  33.2  30  14.3    5    4    0    0    0
 21  7  31.1  20.8  25.7   0.6     0    59  35.8  18  18.4    6   10    0    0    0
 21  8  33.1  23.2  27.1   2.1     0     1  33.1   1  23.2    1    1    0    0    0
 21  9
 21 10
 21 11
 21 12
------------------------------------------------------------------------------------
        23.3  13.7  18.2   1.1   316   140  35.8 JUL   1.1  FEB   23    0    0    0

                                PRECIPITATION (mm)

               DEP.   MAX        DAYS OF RAIN 
               FROM   OBS.          OVER
 YR MO  TOTAL  NORM   DAY  DATE  .2   2   20
---------------------------------------------
 21  1 124.4   -7.6  25.8   20   10   10    3
 21  2 111.8  -19.2  35.8   18    8    6    1
 21  3  27.4  -47.6  15.8   12   10    3    0
 21  4   0.6  -18.4   0.6    2    1    0    0
 21  5   0.0   -6.5   0.0    1    0    0    0
 21  6   0.0    0.0   0.0    1    0    0    0
 21  7   0.0    0.0   0.0    1    0    0    0
 21  8   0.0    0.0   0.0    1    0    0    0
 21  9
 21 10
 21 11
 21 12
---------------------------------------------
       264.2 -99.3  35.8  FEB   29   19    4

                                WIND SPEED (km/hr)
                          DOM
 YR MO   AVG.  HI   DATE  DIR
---------------------------------
 21  1   6.7  67.6   17   ESE
 21  2   5.5  64.4   17    SE
 21  3   8.1  75.6   12   WNW
 21  4   7.1  54.7    9   WNW
 21  5   7.9  48.3   22    NW
 21  6   8.4  40.2    3    NW
 21  7   9.0  46.7    4    NW
 21  8   6.8  29.0    1   NNW
 21  9
 21 10
 21 11
 21 12
---------------------------------
         7.6  75.6  MAR   NW
Email:
Password:
Icon:
 
 
 
 
 
 
 
 
 
 
 
 
 
 
 
 
 
 
 
 
 
 
 
Display name:
Nice name:
Get alarms by Email
Pesonal Cold Meter(?)The cold meter will be displayed based on your votes only
 



   Remember me

Reset password ››
Email: